000
CDUS43 KFSD 080632
CLIMHE


CLIMATE REPORT
NATIONAL WEATHER SERVICE SIOUX FALLS SD
131 AM CDT SUN APR 8 2018


...................................

...THE MITCHELL SD CLIMATE SUMMARY FOR APRIL 7 2018...

CLIMATE NORMAL PERIOD 1981 TO 2010
CLIMATE RECORD PERIOD 1893 TO 2018


WEATHER ITEM   OBSERVED TIME   RECORD YEAR NORMAL DEPARTURE LAST
                VALUE   (LST)  VALUE       VALUE  FROM      YEAR
                                                  NORMAL
..................................................................
TEMPERATURE (F)
 YESTERDAY
  MAXIMUM         40    435 PM  87    1991  56    -16       71
  MINIMUM         12    613 AM  10    1936  32    -20       34
  AVERAGE         26                        44    -18       53

PRECIPITATION (IN)
  YESTERDAY        0.00          1.40 1908   0.05  -0.05     0.00
  MONTH TO DATE    0.10                      0.22  -0.12     0.30
  SINCE MAR 1      1.61                      1.28   0.33     0.64
  SINCE JAN 1      2.65                      1.84   0.81     1.80

SNOWFALL (IN)
  YESTERDAY        0.0          11.0  1982  MM     MM        0.0
  MONTH TO DATE    1.3                      MM     MM        0.0
  SINCE MAR 1     12.3                      MM     MM        3.6
  SINCE JUL 1     39.3                      MM     MM       29.0
  SNOW DEPTH       0

DEGREE DAYS
 HEATING
  YESTERDAY       39                        21     18       12
  MONTH TO DATE  268                       159    109      113
  SINCE MAR 1   1250                      1117    133      982
  SINCE JUL 1   6805                      6639    166     5716

 COOLING
  YESTERDAY        0                         0      0        0
  MONTH TO DATE    0                         0      0        0
  SINCE MAR 1      0                         0      0        0
  SINCE JAN 1      0                         0      0        0
..................................................................


WIND (MPH)
  HIGHEST WIND SPEED    16   HIGHEST WIND DIRECTION    SW (210)
  HIGHEST GUST SPEED    21   HIGHEST GUST DIRECTION    SE (150)
  AVERAGE WIND SPEED     6.4


SKY COVER
  POSSIBLE SUNSHINE  MM
  AVERAGE SKY COVER 0.1


WEATHER CONDITIONS
 THE FOLLOWING WEATHER WAS RECORDED YESTERDAY.
  NO SIGNIFICANT WEATHER WAS OBSERVED.


RELATIVE HUMIDITY (PERCENT)
 HIGHEST    92           300 AM
 LOWEST     35           200 PM
 AVERAGE    64

..........................................................


THE MITCHELL SD CLIMATE NORMALS FOR TODAY
                         NORMAL    RECORD    YEAR
 MAXIMUM TEMPERATURE (F)   56        84      1988
                                             1934
 MINIMUM TEMPERATURE (F)   32        10      1997


SUNRISE AND SUNSET
APRIL  8 2018.........SUNRISE   701 AM CDT   SUNSET   808 PM CDT
APRIL  9 2018.........SUNRISE   659 AM CDT   SUNSET   809 PM CDT


-  INDICATES NEGATIVE NUMBERS.
R  INDICATES RECORD WAS SET OR TIED.
MM INDICATES DATA IS MISSING.
T  INDICATES TRACE AMOUNT.




$$
