000
CDUS43 KFSD 070702
CLIMHE


CLIMATE REPORT
NATIONAL WEATHER SERVICE SIOUX FALLS SD
159 AM CDT SAT APR 7 2018


...................................

...THE MITCHELL SD CLIMATE SUMMARY FOR APRIL 6 2018...

CLIMATE NORMAL PERIOD 1981 TO 2010
CLIMATE RECORD PERIOD 1893 TO 2018


WEATHER ITEM   OBSERVED TIME   RECORD YEAR NORMAL DEPARTURE LAST
                VALUE   (LST)  VALUE       VALUE  FROM      YEAR
                                                  NORMAL
..................................................................
TEMPERATURE (F)
 YESTERDAY
  MAXIMUM         28   1234 AM  85    1992  55    -27       57
  MINIMUM         13    937 AM  10    1982  31    -18       28
  AVERAGE         21                        43    -22       43

PRECIPITATION (IN)
  YESTERDAY        0.00          1.50 2006   0.04  -0.04     0.00
  MONTH TO DATE    0.10                      0.17  -0.07     0.30
  SINCE MAR 1      1.61                      1.23   0.38     0.64
  SINCE JAN 1      2.65                      1.79   0.86     1.80

SNOWFALL (IN)
  YESTERDAY        0.0           6.0  1938  MM     MM        0.0
  MONTH TO DATE    1.3                      MM     MM        0.0
  SINCE MAR 1     12.3                      MM     MM        3.6
  SINCE JUL 1     39.3                      MM     MM       29.0
  SNOW DEPTH       T

DEGREE DAYS
 HEATING
  YESTERDAY       44                        22     22       22
  MONTH TO DATE  229                       138     91      101
  SINCE MAR 1   1211                      1096    115      970
  SINCE JUL 1   6766                      6618    148     5704

 COOLING
  YESTERDAY        0                         0      0        0
  MONTH TO DATE    0                         0      0        0
  SINCE MAR 1      0                         0      0        0
  SINCE JAN 1      0                         0      0        0
..................................................................


WIND (MPH)
  HIGHEST WIND SPEED    32   HIGHEST WIND DIRECTION     N (350)
  HIGHEST GUST SPEED    43   HIGHEST GUST DIRECTION     N (350)
  AVERAGE WIND SPEED    17.3


SKY COVER
  POSSIBLE SUNSHINE  MM
  AVERAGE SKY COVER 0.5


WEATHER CONDITIONS
 THE FOLLOWING WEATHER WAS RECORDED YESTERDAY.
  NO SIGNIFICANT WEATHER WAS OBSERVED.


RELATIVE HUMIDITY (PERCENT)
 HIGHEST    75          1200 AM
 LOWEST     45           300 PM
 AVERAGE    60

..........................................................


THE MITCHELL SD CLIMATE NORMALS FOR TODAY
                         NORMAL    RECORD    YEAR
 MAXIMUM TEMPERATURE (F)   56        87      1991
 MINIMUM TEMPERATURE (F)   32        10      1936


SUNRISE AND SUNSET
APRIL  7 2018.........SUNRISE   703 AM CDT   SUNSET   806 PM CDT
APRIL  8 2018.........SUNRISE   701 AM CDT   SUNSET   808 PM CDT


-  INDICATES NEGATIVE NUMBERS.
R  INDICATES RECORD WAS SET OR TIED.
MM INDICATES DATA IS MISSING.
T  INDICATES TRACE AMOUNT.




$$
