000
CDUS43 KFSD 132226
CLIMHE


CLIMATE REPORT
NATIONAL WEATHER SERVICE SIOUX FALLS SD
525 PM CDT FRI APR 13 2018


...................................

...THE MITCHELL SD CLIMATE SUMMARY FOR APRIL 13 2018...
VALID TODAY AS OF 0500 PM LOCAL TIME.

CLIMATE NORMAL PERIOD 1981 TO 2010
CLIMATE RECORD PERIOD 1893 TO 2018


WEATHER ITEM   OBSERVED TIME   RECORD YEAR NORMAL DEPARTURE LAST
                VALUE   (LST)  VALUE       VALUE  FROM      YEAR
                                                  NORMAL
..................................................................
TEMPERATURE (F)
 TODAY
  MAXIMUM         43   1238 AM  91    1908  59    -16       68
  MINIMUM         30    359 PM  15    1950  34     -4       35
                                      1909
                                      1907
  AVERAGE         37                        47    -10       52

PRECIPITATION (IN)
  TODAY            0.40          1.70 1927   0.08   0.32     0.00
  MONTH TO DATE    0.68                      0.64   0.04     1.87
  SINCE MAR 1      2.19                      1.70   0.49     2.21
  SINCE JAN 1      3.23                      2.26   0.97     3.37

SNOWFALL (IN)
  TODAY           MM             2.0  1970  MM     MM        0.0
                                      1905
  MONTH TO DATE    3.3                      MM     MM        1.6
  SINCE MAR 1     14.3                      MM     MM        5.2
  SINCE JUL 1     41.3                      MM     MM       30.6
  SNOW DEPTH       0

DEGREE DAYS
 HEATING
  TODAY           28                        18     10       13
  MONTH TO DATE  420                       276    144      204
  SINCE MAR 1   1402                      1234    168     1073
  SINCE JUL 1   6957                      6756    201     5807

 COOLING
  TODAY            0                         0      0        0
  MONTH TO DATE    0                         0      0        0
  SINCE MAR 1      0                         0      0        0
  SINCE JAN 1      0                         0      0        0
..................................................................


WIND (MPH)
  HIGHEST WIND SPEED    44   HIGHEST WIND DIRECTION     N (20)
  HIGHEST GUST SPEED    60   HIGHEST GUST DIRECTION     N (10)
  AVERAGE WIND SPEED    20.8


SKY COVER
  POSSIBLE SUNSHINE  MM
  AVERAGE SKY COVER 1.0


WEATHER CONDITIONS
 THE FOLLOWING WEATHER WAS RECORDED TODAY.
  THUNDERSTORM
  HEAVY RAIN
  RAIN
  LIGHT RAIN
  LIGHT SNOW
  FOG
  FOG W/VISIBILITY <= 1/4 MILE


RELATIVE HUMIDITY (PERCENT)
 HIGHEST    96          1000 AM
 LOWEST     73           300 AM
 AVERAGE    85

..........................................................


THE MITCHELL SD CLIMATE NORMALS FOR TOMORROW
                         NORMAL    RECORD    YEAR
 MAXIMUM TEMPERATURE (F)   60        91      2003
                                             1908
 MINIMUM TEMPERATURE (F)   35         9      1928


SUNRISE AND SUNSET
APRIL 13 2018.........SUNRISE   653 AM CDT   SUNSET   813 PM CDT
APRIL 14 2018.........SUNRISE   651 AM CDT   SUNSET   815 PM CDT


-  INDICATES NEGATIVE NUMBERS.
R  INDICATES RECORD WAS SET OR TIED.
MM INDICATES DATA IS MISSING.
T  INDICATES TRACE AMOUNT.




$$
