000
CDUS43 KFSD 010649
CLIMHE


CLIMATE REPORT
NATIONAL WEATHER SERVICE SIOUX FALLS SD
147 AM CDT SUN APR 1 2018


...................................

...THE MITCHELL SD CLIMATE SUMMARY FOR MARCH 31 2018...

CLIMATE NORMAL PERIOD 1981 TO 2010
CLIMATE RECORD PERIOD 1893 TO 2018


WEATHER ITEM   OBSERVED TIME   RECORD YEAR NORMAL DEPARTURE LAST
                VALUE   (LST)  VALUE       VALUE  FROM      YEAR
                                                  NORMAL
..................................................................
TEMPERATURE (F)
 YESTERDAY
  MAXIMUM         41   1209 AM  90    1946  52    -11       62
  MINIMUM         19   1159 PM   2    1936  29    -10       38
                                      1924
  AVERAGE         30                        40    -10       50

PRECIPITATION (IN)
  YESTERDAY        T             1.29 1897   0.06  -0.06     0.00
  MONTH TO DATE    1.51                      1.06   0.45     0.34
  SINCE MAR 1      1.51                      1.06   0.45     0.34
  SINCE JAN 1      2.55                      1.62   0.93     1.50

SNOWFALL (IN)
  YESTERDAY        T            12.8  2009  MM     MM        0.0
  MONTH TO DATE   11.0                      MM     MM        3.6
  SINCE MAR 1     11.0                      MM     MM        3.6
  SINCE JUL 1     38.0                      MM     MM       29.0
  SNOW DEPTH       0

DEGREE DAYS
 HEATING
  YESTERDAY       35                        25     10       15
  MONTH TO DATE  982                       958     24      869
  SINCE MAR 1    982                       958     24      869
  SINCE JUL 1   6537                      6480     57     5603

 COOLING
  YESTERDAY        0                         0      0        0
  MONTH TO DATE    0                         0      0        0
  SINCE MAR 1      0                         0      0        0
  SINCE JAN 1      0                         0      0        0
..................................................................


WIND (MPH)
  HIGHEST WIND SPEED    35   HIGHEST WIND DIRECTION     N (340)
  HIGHEST GUST SPEED    47   HIGHEST GUST DIRECTION     N (340)
  AVERAGE WIND SPEED    18.6


SKY COVER
  POSSIBLE SUNSHINE  MM
  AVERAGE SKY COVER 0.4


WEATHER CONDITIONS
 THE FOLLOWING WEATHER WAS RECORDED YESTERDAY.
  LIGHT RAIN
  LIGHT SNOW


RELATIVE HUMIDITY (PERCENT)
 HIGHEST    85           300 AM
 LOWEST     42           300 PM
 AVERAGE    64

..........................................................


THE MITCHELL SD CLIMATE NORMALS FOR TODAY
                         NORMAL    RECORD    YEAR
 MAXIMUM TEMPERATURE (F)   53        92      2012
 MINIMUM TEMPERATURE (F)   29         1      1924


SUNRISE AND SUNSET
APRIL  1 2018.........SUNRISE   714 AM CDT   SUNSET   759 PM CDT
APRIL  2 2018.........SUNRISE   712 AM CDT   SUNSET   800 PM CDT


-  INDICATES NEGATIVE NUMBERS.
R  INDICATES RECORD WAS SET OR TIED.
MM INDICATES DATA IS MISSING.
T  INDICATES TRACE AMOUNT.




$$
