000
CXUS53 KFSD 020108
CLMMHE

CLIMATE REPORT
NATIONAL WEATHER SERVICE SIOUX FALLS SD
708 PM CST THU MAR 1 2018

...................................

...THE MITCHELL SD CLIMATE SUMMARY FOR THE MONTH OF FEBRUARY 2018...

CLIMATE NORMAL PERIOD 1981 TO 2010
CLIMATE RECORD PERIOD 1893 TO 2018

WEATHER         OBSERVED          NORMAL  DEPART  LAST YEAR`S
                 VALUE   DATE(S)  VALUE   FROM    VALUE  DATE(S)
                                          NORMAL
................................................................
TEMPERATURE (F)
RECORD
 HIGH              72   02/21/2000
 LOW              -40   02/10/1994
                        02/09/1994
HIGHEST            48   02/14        MM      MM       71  02/21
LOWEST            -10   02/11        MM      MM        5  02/08
                        02/10
AVG. MAXIMUM     24.1              33.6    -9.5     43.4
AVG. MINIMUM      2.9              13.9   -11.0     22.9
MEAN             13.5              23.7   -10.2     33.2
DAYS MAX >= 90      0               0.0     0.0        0
DAYS MAX <= 32     19              12.7     6.3        7
DAYS MIN <= 32     28              26.4     1.6       22
DAYS MIN <= 0      12               4.5     7.5        0

PRECIPITATION (INCHES)
RECORD
 MAXIMUM           MM   MM
 MINIMUM           MM   MM
TOTALS           0.88              0.34    0.54     0.40
DAILY AVG.       0.03              0.01    0.02     0.01
DAYS >= .01         7                MM      MM        2
DAYS >= .10         3                MM      MM        2
DAYS >= .50         0                MM      MM        0
DAYS >= 1.00        0                MM      MM        0
GREATEST
 24 HR. TOTAL    0.28   02/08 TO 02/08

SNOWFALL (INCHES)
RECORDS
 TOTAL             MM   MM
TOTALS           13.3                MM      MM      2.4
SINCE 7/1        27.0                MM      MM     25.4
SNOWDEPTH AVG.      4                MM      MM        0
DAYS >= 1.0         4                MM      MM        1
GREATEST
 SNOW DEPTH         9   02/25                          2  02/25
                                                          02/24
                                                          02/02
 24 HR TOTAL      4.2   02/08 TO 02/08

DEGREE_DAYS
HEATING TOTAL    1435              1155     280      885
 SINCE 7/1       5555              5522      33     4734
COOLING TOTAL       0                 0       0        0
 SINCE 1/1          0                 0       0        0
.................................................................

WIND (MPH)
AVERAGE WIND SPEED              10.6
HIGHEST WIND SPEED/DIRECTION    36/350    DATE  02/18
HIGHEST GUST SPEED/DIRECTION    43/350    DATE  02/18

SKY COVER
POSSIBLE SUNSHINE (PERCENT)   MM
AVERAGE SKY COVER           0.40
NUMBER OF DAYS FAIR           13
NUMBER OF DAYS PC              9
NUMBER OF DAYS CLOUDY          6

AVERAGE RH (PERCENT)     77

WEATHER CONDITIONS. NUMBER OF DAYS WITH
THUNDERSTORM              0     MIXED PRECIP               0
HEAVY RAIN                0     RAIN                       0
LIGHT RAIN                0     FREEZING RAIN              0
LT FREEZING RAIN          0     HAIL                       0
HEAVY SNOW                1     SNOW                       6
LIGHT SNOW               14     SLEET                      0
FOG                      19     FOG W/VIS <= 1/4 MILE      5
HAZE                      0

-  INDICATES NEGATIVE NUMBERS.
R  INDICATES RECORD WAS SET OR TIED.
MM INDICATES DATA IS MISSING.
T  INDICATES TRACE AMOUNT.

$$
