000
CXUS56 KMFR 010930
CF6MHS
PRELIMINARY LOCAL CLIMATOLOGICAL DATA (WS FORM: F-6)
STATION: MT SHASTA CITY CA
MONTH: APRIL
YEAR: 2022
LATITUDE: 41 19 N
LONGITUDE: 122 19 W
TEMPERATURE IN F: :PCPN: SNOW: WIND :SUNSHINE: SKY :PK WND
================================================================================
1 2 3 4 5 6A 6B 7 8 9 10 11 12 13 14 15 16 17 18
12Z AVG MX 2MIN
DY MAX MIN AVG DEP HDD CDD WTR SNW DPTH SPD SPD DIR MIN PSBL S-S WX SPD DR
================================================================================
1 68 30 49 5 16 0 0.00 M M 4.0 12 300 M M 0 22 320
2 64 32 48 4 17 0 0.00 M M 4.3 13 290 M M 0 29 290
3 63 30 47 3 18 0 0.00 M M 3.1 10 300 M M 1 23 300
4 51 37 44 -1 21 0 T M M 2.8 10 350 M M 8 24 360
5 55 32 44 -1 21 0 0.00 M M 3.4 12 320 M M 0 23 320
6 70 28 49 4 16 0 0.00 M M 3.2 10 300 M M 0 18 300
7 82 36 59 14 6 0 0.00 M M 0.4 6 200 M M 0 17 210
8 72 38 55 10 10 0 0.00 M M 4.5 14 350 M M 0 30 350
9 55 32 44 -1 21 0 0.00 M M 7.2 16 330 M M 1 41 360
10 53 30 42 -4 23 0 0.00 M M 3.7 13 290 M M 4 27 300
11 44 30 37 -9 28 0 0.04 M M 5.1 15 290 M M 8 12 35 330
12 49 25 37 -9 28 0 0.00 M M 0.9 10 270 M M 5 8 21 290
13 45 28 37 -9 28 0 0.16 M M 4.1 10 90 M M 10 18 26 80
14 51 32 42 -4 23 0 0.03 M M 3.7 13 90 M M 6 1 22 90
15 51 24 38 -9 27 0 0.20 M M 1.1 9 110 M M 4 1 20 120
16 56 33 45 -2 20 0 0.44 M M 1.5 9 300 M M 6 1 17 300
17 60 31 46 -1 19 0 0.00 M M 0.9 6 110 M M 0 15 90
18 51 37 44 -3 21 0 0.45 M M 3.2 12 100 M M 5 1 25 130
19 45 32 39 -9 26 0 0.05 M M 0.9 8 100 M M 6 12 22 150
20 43 35 39 -9 26 0 0.94 M M 3.9 12 90 M M 10 1 21 90
21 49 34 42 -6 23 0 0.11 M M 1.2 8 210 M M 8 1 15 240
22 56 33 45 -3 20 0 T M M 0.5 7 310 M M 6 1 14 310
23 63 30 47 -2 18 0 0.00 M M 1.8 8 280 M M 0 14 290
24 72 30 51 2 14 0 0.00 M M 0.7 7 90 M M 0 13 220
25 70 38 54 5 11 0 T M M 1.3 5 99 M M 4 M M
26 64 40 52 3 13 0 0.00 M M 3.5 10 310 M M 1 22 310
27 63 38 51 1 14 0 0.00 M M 2.8 8 270 M M 1 18 310
28 56 35 46 -4 19 0 0.04 M M 3.5 10 330 M M 6 26 360
29 67 29 48 -2 17 0 0.00 M M 1.7 9 280 M M 3 19 280
30 67 41 54 3 11 0 0.01 M M 2.5 10 340 M M 5 24 330
================================================================================
SM 1755 980 575 0 2.47 M 81.4 M 108
================================================================================
AV 58.5 32.7 2.7 FASTST M M 4 MAX(MPH)
MISC ----> 16 330 41 360
================================================================================
NOTES:
# LAST OF SEVERAL OCCURRENCES
COLUMN 17 PEAK WIND IN M.P.H.
PRELIMINARY LOCAL CLIMATOLOGICAL DATA (WS FORM: F-6) , PAGE 2
STATION: MT SHASTA CITY CA
MONTH: APRIL
YEAR: 2022
LATITUDE: 41 19 N
LONGITUDE: 122 19 W
[TEMPERATURE DATA] [PRECIPITATION DATA] SYMBOLS USED IN COLUMN 16
AVERAGE MONTHLY: 45.6 TOTAL FOR MONTH: 2.47 1 = FOG OR MIST
DPTR FM NORMAL: -1.3 DPTR FM NORMAL: -0.40 2 = FOG REDUCING VISIBILITY
HIGHEST: 82 ON 7 GRTST 24HR 0.96 ON 20-21 TO 1/4 MILE OR LESS
LOWEST: 24 ON 15 3 = THUNDER
SNOW, ICE PELLETS, HAIL 4 = ICE PELLETS
TOTAL MONTH: M 5 = HAIL
GRTST 24HR M ON M 6 = FREEZING RAIN OR DRIZZLE
GRTST DEPTH: M ON M 7 = DUSTSTORM OR SANDSTORM:
VSBY 1/2 MILE OR LESS
8 = SMOKE OR HAZE
[NO. OF DAYS WITH] [WEATHER - DAYS WITH] 9 = BLOWING SNOW
X = TORNADO
MAX 32 OR BELOW: 0 0.01 INCH OR MORE: 11
MAX 90 OR ABOVE: 0 0.10 INCH OR MORE: 6
MIN 32 OR BELOW: 17 0.50 INCH OR MORE: 1
MIN 0 OR BELOW: 0 1.00 INCH OR MORE: 0
[HDD (BASE 65) ]
TOTAL THIS MO. 575 CLEAR (SCALE 0-3) 14
DPTR FM NORMAL 34 PTCLDY (SCALE 4-7) 13
TOTAL FM JUL 1 4528 CLOUDY (SCALE 8-10) 3
DPTR FM NORMAL -637
[CDD (BASE 65) ]
TOTAL THIS MO. 0
DPTR FM NORMAL 0 [PRESSURE DATA]
TOTAL FM JAN 1 0 HIGHEST SLP M ON M
DPTR FM NORMAL 0 LOWEST SLP 29.59 ON 11
[REMARKS]
#FINAL-04-22#