000
CXUS56 KMFR 010930
CF6MHS
PRELIMINARY LOCAL CLIMATOLOGICAL DATA (WS FORM: F-6)
STATION: MT SHASTA CITY CA
MONTH: APRIL
YEAR: 2021
LATITUDE: 41 19 N
LONGITUDE: 122 19 W
TEMPERATURE IN F: :PCPN: SNOW: WIND :SUNSHINE: SKY :PK WND
================================================================================
1 2 3 4 5 6A 6B 7 8 9 10 11 12 13 14 15 16 17 18
12Z AVG MX 2MIN
DY MAX MIN AVG DEP HDD CDD WTR SNW DPTH SPD SPD DIR MIN PSBL S-S WX SPD DR
================================================================================
1 70 32 51 6 14 0 0.00 M M 1.7 9 130 M M 0 17 130
2 68 33 51 6 14 0 0.00 M M 1.1 6 200 M M 0 14 210
3 68 32 50 5 15 0 0.00 M M 0.7 8 100 M M 0 13 90
4 69 32 51 6 14 0 0.00 M M 1.8 7 90 M M 0 14 140
5 62 34 48 3 17 0 0.00 M M 5.0 13 320 M M 0 26 10
6 70 29 50 5 15 0 0.00 M M 1.1 6 100 M M 1 11 220
7 68 35 52 6 13 0 0.00 M M 1.0 10 90 M M 1 16 80
8 63 32 48 2 17 0 0.00 M M 4.9 12 290 M M 0 20 300
9 69 29 49 3 16 0 0.00 M M 1.9 7 210 M M 0 14 210
10 65 37 51 5 14 0 0.00 M M 5.8 15 300 M M 0 25 310
11 65 31 48 2 17 0 0.00 M M 4.6 12 290 M M 0 20 300
12 66 31 49 3 16 0 0.00 M M 5.0 13 300 M M 0 21 320
13 63 34 49 3 16 0 0.00 M M 5.8 14 290 M M 2 28 330
14 61 33 47 0 18 0 0.00 M M 4.6 10 300 M M 0 18 300
15 66 27 47 0 18 0 0.00 M M 1.6 9 300 M M 0 16 300
16 70 32 51 4 14 0 0.00 M M 1.9 9 60 M M 1 17 290
17 74 31 53 6 12 0 0.00 M M 0.8 10 190 M M 0 16 10
18 79 33 56 8 9 0 0.00 M M 3.4 9 330 M M 0 17 290
19 76 44 60 12 5 0 0.00 M M 3.4 10 320 M M 2 19 310
20 59 47 53 5 12 0 T M M 5.9 14 290 M M 4 26 300
21 68 40 54 6 11 0 0.00 M M 4.7 12 300 M M 0 21 300
22 72 38 55 7 10 0 0.00 M M 4.4 13 300 M M 0 23 300
23 71 33 52 3 13 0 0.01 M M 2.1 7 210 M M 2 16 140
24 55 40 48 -1 17 0 0.08 M M 2.6 8 90 M M 9 1 17 90
25 43 33 38 -11 27 0 0.37 M M 1.3 7 80 M M 9 12 12 90
26 54 33 44 -5 21 0 0.00 M M 3.0 12 300 M M 7 1 20 310
27 64 31 48 -2 17 0 0.00 M M 3.1 9 300 M M 0 17 300
28 77 32 55 5 10 0 0.00 M M 0.6 7 210 M M 0 10 210
29 86 38 62 12 3 0 0.00 M M 0.8 7 90 M M 0 14 140
30 81 42 62 12 3 0 0.00 M M 0.8 6 330 M M 0 11 80
================================================================================
SM 2022 1028 418 0 0.46 M 85.4 M 38
================================================================================
AV 67.4 34.3 2.8 FASTST M M 1 MAX(MPH)
MISC ----> 15 300 28 330
================================================================================
NOTES:
# LAST OF SEVERAL OCCURRENCES
COLUMN 17 PEAK WIND IN M.P.H.
PRELIMINARY LOCAL CLIMATOLOGICAL DATA (WS FORM: F-6) , PAGE 2
STATION: MT SHASTA CITY CA
MONTH: APRIL
YEAR: 2021
LATITUDE: 41 19 N
LONGITUDE: 122 19 W
[TEMPERATURE DATA] [PRECIPITATION DATA] SYMBOLS USED IN COLUMN 16
AVERAGE MONTHLY: 50.8 TOTAL FOR MONTH: 0.46 1 = FOG OR MIST
DPTR FM NORMAL: 3.6 DPTR FM NORMAL: -2.47 2 = FOG REDUCING VISIBILITY
HIGHEST: 86 ON 29 GRTST 24HR 0.37 ON 24-25 TO 1/4 MILE OR LESS
LOWEST: 27 ON 15 3 = THUNDER
SNOW, ICE PELLETS, HAIL 4 = ICE PELLETS
TOTAL MONTH: M 5 = HAIL
GRTST 24HR M ON M 6 = FREEZING RAIN OR DRIZZLE
GRTST DEPTH: M ON M 7 = DUSTSTORM OR SANDSTORM:
VSBY 1/2 MILE OR LESS
8 = SMOKE OR HAZE
[NO. OF DAYS WITH] [WEATHER - DAYS WITH] 9 = BLOWING SNOW
X = TORNADO
MAX 32 OR BELOW: 0 0.01 INCH OR MORE: 3
MAX 90 OR ABOVE: 0 0.10 INCH OR MORE: 1
MIN 32 OR BELOW: 13 0.50 INCH OR MORE: 0
MIN 0 OR BELOW: 0 1.00 INCH OR MORE: 0
[HDD (BASE 65) ]
TOTAL THIS MO. 418 CLEAR (SCALE 0-3) 26
DPTR FM NORMAL -118 PTCLDY (SCALE 4-7) 2
TOTAL FM JUL 1 4675 CLOUDY (SCALE 8-10) 2
DPTR FM NORMAL -540
[CDD (BASE 65) ]
TOTAL THIS MO. 0
DPTR FM NORMAL 0 [PRESSURE DATA]
TOTAL FM JAN 1 0 HIGHEST SLP M ON M
DPTR FM NORMAL 0 LOWEST SLP 29.79 ON 25
[REMARKS]
#FINAL-04-21#