000
CXUS52 KMFL 011030
CF6MIA
PRELIMINARY LOCAL CLIMATOLOGICAL DATA (WS FORM: F-6)
STATION: MIAMI
MONTH: JUNE
YEAR: 2021
LATITUDE: 25 49 N
LONGITUDE: 80 17 W
TEMPERATURE IN F: :PCPN: SNOW: WIND :SUNSHINE: SKY :PK WND
================================================================================
1 2 3 4 5 6A 6B 7 8 9 10 11 12 13 14 15 16 17 18
12Z AVG MX 2MIN
DY MAX MIN AVG DEP HDD CDD WTR SNW DPTH SPD SPD DIR MIN PSBL S-S WX SPD DR
================================================================================
1 86 76 81 -1 0 16 T 0.0 0 10.3 21 100 M M 7 25 100
2 86 75 81 -1 0 16 0.72 0.0 0 9.7 23 130 M M 7 1 27 150
3 85 75 80 -2 0 15 0.61 0.0 0 9.6 22 130 M M 8 13 27 120
4 88 75 82 0 0 17 0.06 0.0 0 9.1 18 120 M M 7 1 24 140
5 88 79 84 2 0 19 0.02 0.0 0 11.5 20 120 M M 8 3 26 150
6 88 80 84 2 0 19 0.01 0.0 0 14.2 21 110 M M 8 27 120
7 89 80 85 3 0 20 0.00 0.0 0 13.7 21 110 M M 6 26 110
8 88 78 83 1 0 18 0.02 0.0 0 12.4 21 100 M M 7 25 90
9 89 78 84 2 0 19 0.00 0.0 0 11.7 16 100 M M 6 20 120
10 89 80 85 3 0 20 0.00 0.0 0 10.1 16 110 M M 4 23 130
11 90 79 85 2 0 20 0.00 0.0 0 9.1 16 120 M M 6 24 150
12 90 80 85 2 0 20 0.09 0.0 0 6.3 16 140 M M 8 3 25 190
13 94 78 86 3 0 21 T 0.0 0 8.6 18 240 M M 6 3 26 230
14 86 74 80 -3 0 15 0.79 M M 5.2 20 230 M M 9 13 26 250
15 89 74 82 -1 0 17 0.72 M M 4.4 16 160 M M 9 138 26 130
16 88 73 81 -2 0 16 0.61 0.0 0 4.0 18 90 M M 10 13 23 90
17 89 73 81 -2 0 16 T 0.0 0 6.7 14 80 M M 10 17 90
18 90 76 83 0 0 18 0.03 0.0 0 10.1 18 100 M M 10 1 24 100
19 90 82 86 3 0 21 0.00 0.0 0 10.1 16 120 M M 9 21 140
20 92 74 83 0 0 18 1.10 0.0 0 6.3 18 40 M M 8 13 24 330
21 92 81 87 4 0 22 0.00 0.0 0 7.7 17 130 M M 9 22 130
22 92 75 84 1 0 19 0.19 0.0 0 10.8 21 180 M M 7 13 29 130
23 92 75 84 1 0 19 0.59 0.0 0 5.5 14 70 M M 8 13 21 120
24 85 75 80 -3 0 15 0.22 0.0 0 6.7 22 120 M M 9 13 27 130
25 87 76 82 -1 0 17 0.36 0.0 0 9.6 29 100 M M 9 38 35 110
26 88 76 82 -2 0 17 0.51 0.0 0 8.6 29 100 M M 8 13 34 90
27 90 78 84 0 0 19 0.14 M M 10.4 25 90 M M 8 1 29 100
28 86 76 81 -3 0 16 0.79 M M 5.8 24 120 M M 8 13 28 130
29 89 73 81 -3 0 16 3.86 0.0 0 7.2 24 80 M M 9 13 35 90
30 86 75 81 -3 0 16 1.00 0.0 0 4.2 24 140 M M 10 13 29 140
================================================================================
SM 2661 2299 0 537 12.44 0.0 259.6 M 238
================================================================================
AV 88.7 76.6 8.7 FASTST M M 8 MAX(MPH)
MISC ----> # 29 100 # 35 110
================================================================================
NOTES:
# LAST OF SEVERAL OCCURRENCES
COLUMN 17 PEAK WIND IN M.P.H.
PRELIMINARY LOCAL CLIMATOLOGICAL DATA (WS FORM: F-6) , PAGE 2
STATION: MIAMI
MONTH: JUNE
YEAR: 2021
LATITUDE: 25 49 N
LONGITUDE: 80 17 W
[TEMPERATURE DATA] [PRECIPITATION DATA] SYMBOLS USED IN COLUMN 16
AVERAGE MONTHLY: 82.7 TOTAL FOR MONTH: 12.44 1 = FOG OR MIST
DPTR FM NORMAL: -0.1 DPTR FM NORMAL: 1.93 2 = FOG REDUCING VISIBILITY
HIGHEST: 94 ON 13 GRTST 24HR 4.31 ON 29-30 TO 1/4 MILE OR LESS
LOWEST: 73 ON 29,17 3 = THUNDER
SNOW, ICE PELLETS, HAIL 4 = ICE PELLETS
TOTAL MONTH: 0.0 INCH 5 = HAIL
GRTST 24HR 0.0 6 = FREEZING RAIN OR DRIZZLE
GRTST DEPTH: 0 7 = DUSTSTORM OR SANDSTORM:
VSBY 1/2 MILE OR LESS
8 = SMOKE OR HAZE
[NO. OF DAYS WITH] [WEATHER - DAYS WITH] 9 = BLOWING SNOW
X = TORNADO
MAX 32 OR BELOW: 0 0.01 INCH OR MORE: 21
MAX 90 OR ABOVE: 10 0.10 INCH OR MORE: 15
MIN 32 OR BELOW: 0 0.50 INCH OR MORE: 11
MIN 0 OR BELOW: 0 1.00 INCH OR MORE: 3
[HDD (BASE 65) ]
TOTAL THIS MO. 0 CLEAR (SCALE 0-3) 0
DPTR FM NORMAL 0 PTCLDY (SCALE 4-7) 18
TOTAL FM JUL 1 64 CLOUDY (SCALE 8-10) 12
DPTR FM NORMAL -39
[CDD (BASE 65) ]
TOTAL THIS MO. 537
DPTR FM NORMAL 3 [PRESSURE DATA]
TOTAL FM JAN 1 2154 HIGHEST SLP 30.17 ON 8
DPTR FM NORMAL 204 LOWEST SLP 29.85 ON 13
[REMARKS]
#FINAL-06-21#