000
CXUS53 KMKX 010910
CF6MKE
PRELIMINARY LOCAL CLIMATOLOGICAL DATA (WS FORM: F-6)
STATION: MILWAUKEE WI
MONTH: MAY
YEAR: 2020
LATITUDE: 42 57 N
LONGITUDE: 87 54 W
TEMPERATURE IN F: :PCPN: SNOW: WIND :SUNSHINE: SKY :PK WND
================================================================================
1 2 3 4 5 6A 6B 7 8 9 10 11 12 13 14 15 16 17 18
12Z AVG MX 2MIN
DY MAX MIN AVG DEP HDD CDD WTR SNW DPTH SPD SPD DIR MIN PSBL S-S WX SPD DR
================================================================================
1 63 34 49 -2 16 0 0.00 0.0 0 7.0 18 130 M M 5 8 22 140
2 77 52 65 14 0 0 0.00 0.0 0 9.7 21 310 M M 8 31 290
3 74 42 58 6 7 0 0.00 0.0 0 12.4 30 10 M M 2 43 10
4 43 39 41 -11 24 0 0.00 0.0 0 16.5 24 40 M M 7 30 40
5 45 40 43 -9 22 0 T 0.0 0 10.6 17 20 M M 9 26 30
6 58 39 49 -3 16 0 0.00 0.0 0 8.5 18 130 M M 6 22 140
7 58 39 49 -4 16 0 0.00 0.0 0 11.6 17 60 M M 4 26 40
8 41 32 37 -16 28 0 T T 0 12.2 26 40 M M 5 38 40
9 60 31 46 -8 19 0 0.00 0.0 0 11.3 23 290 M M 4 35 260
10 55 37 46 -8 19 0 0.27 T 0 11.9 24 360 M M 10 1 38 10
11 48 37 43 -11 22 0 0.00 0.0 0 8.3 16 140 M M 6 20 130
12 53 37 45 -9 20 0 0.00 0.0 0 7.0 15 80 M M 1 20 100
13 59 37 48 -7 17 0 0.15 0.0 0 10.3 23 150 M M 4 29 140
14 68 51 60 5 5 0 0.35 0.0 0 8.0 17 220 M M 10 18 24 230
15 77 47 62 7 3 0 0.22 0.0 0 8.6 22 50 M M 7 18 35 50
16 54 45 50 -6 15 0 T 0.0 0 11.6 17 20 M M 7 24 20
17 54 49 52 -4 13 0 2.99 0.0 0 15.3 29 60 M M 10 12 40 120
18 51 47 49 -7 16 0 0.40 0.0 0 13.8 21 10 M M 10 1 30 60
19 54 47 51 -6 14 0 0.31 0.0 0 14.7 22 10 M M 10 18 34 20
20 63 48 56 -1 9 0 0.00 0.0 0 9.3 16 80 M M 3 22 90
21 68 49 59 2 6 0 0.00 0.0 0 5.9 12 40 M M 7 16 40
22 65 51 58 0 7 0 T 0.0 0 4.5 13 100 M M 8 128 16 110
23 67 50 59 1 6 0 0.01 0.0 0 5.8 17 120 M M 9 12 22 130
24 79 55 67 9 0 2 0.00 0.0 0 7.4 17 130 M M 7 18 21 150
25 84 59 72 13 0 7 T 0.0 0 8.9 21 220 M M 8 27 210
26 84 64 74 15 0 9 0.00 0.0 0 9.1 18 160 M M 4 26 160
27 83 69 76 17 0 11 0.00 0.0 0 7.7 17 140 M M 7 23 160
28 79 63 71 11 0 6 0.43 0.0 0 7.1 22 220 M M 9 18 27 230
29 71 59 65 5 0 0 0.04 0.0 0 9.6 21 300 M M 6 28 290
30 69 50 60 0 5 0 0.00 0.0 0 9.2 17 40 M M 5 23 50
31 60 45 53 -8 12 0 0.00 0.0 0 9.2 20 130 M M 3 23 140
================================================================================
SM 1964 1444 337 35 5.17 T 303.0 M 201
================================================================================
AV 63.4 46.6 9.8 FASTST M M 6 MAX(MPH)
MISC ----> # 30 10 # 43 10
================================================================================
NOTES:
# LAST OF SEVERAL OCCURRENCES
COLUMN 17 PEAK WIND IN M.P.H.
PRELIMINARY LOCAL CLIMATOLOGICAL DATA (WS FORM: F-6) , PAGE 2
STATION: MILWAUKEE WI
MONTH: MAY
YEAR: 2020
LATITUDE: 42 57 N
LONGITUDE: 87 54 W
[TEMPERATURE DATA] [PRECIPITATION DATA] SYMBOLS USED IN COLUMN 16
AVERAGE MONTHLY: 55.0 TOTAL FOR MONTH: 5.17 1 = FOG OR MIST
DPTR FM NORMAL: -0.7 DPTR FM NORMAL: 1.77 2 = FOG REDUCING VISIBILITY
HIGHEST: 84 ON 26,25 GRTST 24HR 2.99 ON 17-17 TO 1/4 MILE OR LESS
LOWEST: 31 ON 9 3 = THUNDER
SNOW, ICE PELLETS, HAIL 4 = ICE PELLETS
TOTAL MONTH: T 5 = HAIL
GRTST 24HR T ON 10-10 6 = FREEZING RAIN OR DRIZZLE
GRTST DEPTH: 0 7 = DUSTSTORM OR SANDSTORM:
VSBY 1/2 MILE OR LESS
8 = SMOKE OR HAZE
[NO. OF DAYS WITH] [WEATHER - DAYS WITH] 9 = BLOWING SNOW
X = TORNADO
MAX 32 OR BELOW: 0 0.01 INCH OR MORE: 10
MAX 90 OR ABOVE: 0 0.10 INCH OR MORE: 8
MIN 32 OR BELOW: 2 0.50 INCH OR MORE: 1
MIN 0 OR BELOW: 0 1.00 INCH OR MORE: 1
[HDD (BASE 65) ]
TOTAL THIS MO. 337 CLEAR (SCALE 0-3) 4
DPTR FM NORMAL 24 PTCLDY (SCALE 4-7) 18
TOTAL FM JUL 1 6263 CLOUDY (SCALE 8-10) 9
DPTR FM NORMAL -547
[CDD (BASE 65) ]
TOTAL THIS MO. 35
DPTR FM NORMAL 10 [PRESSURE DATA]
TOTAL FM JAN 1 35 HIGHEST SLP 30.39 ON 31
DPTR FM NORMAL 5 LOWEST SLP 29.70 ON 18
[REMARKS]
#FINAL-05-20#