000
CXUS54 KMEG 050537
CF6MKL
PRELIMINARY LOCAL CLIMATOLOGICAL DATA (WS FORM: F-6)
STATION: JACKSON
MONTH: FEBRUARY
YEAR: 2022
LATITUDE: 35 35 N
LONGITUDE: 88 55 W
TEMPERATURE IN F: :PCPN: SNOW: WIND :SUNSHINE: SKY :PK WND
================================================================================
1 2 3 4 5 6A 6B 7 8 9 10 11 12 13 14 15 16 17 18
12Z AVG MX 2MIN
DY MAX MIN AVG DEP HDD CDD WTR SNW DPTH SPD SPD DIR MIN PSBL S-S WX SPD DR
================================================================================
1 66 39 53 13 12 0 0.05 M M 7.8 23 200 M M 5 29 190
2 56 34 45 5 20 0 0.50 M M 10.4 17 170 M M 10 1 27 160
3 35 26 31 -9 34 0 1.60 M M 13.3 21 10 M M 10 16 26 10
4 27 18 23 -17 42 0 T M M 9.4 16 20 M M 8 1 20 20
5 37 15 26 -14 39 0 0.00 M M 3.0 12 30 M M 0 14 360
6 48 17 33 -8 32 0 0.00 M M 1.5 9 260 M M 0 12 200
7 47 19 33 -8 32 0 0.00 M M 3.8 15 340 M M 0 19 300
8 58 21 40 -1 25 0 0.00 M M 7.4 17 230 M M 0 21 230
9 63 41 52 11 13 0 0.00 M M 10.6 23 260 M M 0 29 250
10 61 28 45 3 20 0 0.00 M M 2.7 12 340 M M 1 16 340
11 71 29 50 8 15 0 0.00 M M 12.1 28 240 M M 2 36 240
12 49 20 35 -7 30 0 0.00 M M 10.9 20 10 M M 7 23 360
13 44 14 29 -13 36 0 0.00 M M 4.8 17 270 M M 0 23 260
14 58 19 39 -3 26 0 0.00 M M 3.5 10 250 M M 0 14 250
15 69 26 48 5 17 0 0.00 M M 8.4 24 200 M M 0 29 200
16 71 50 61 18 4 0 0.00 M M 13.9 28 200 M M 4 34 160
17 66 32 49 6 16 0 0.90 M M 14.5 30 300 M M 10 13 37 310
18 42 25 34 -10 31 0 0.00 M M 8.1 17 340 M M 4 23 340
19 51 22 37 -7 28 0 0.00 M M 5.2 15 30 M M 0 19 10
20 66 26 46 2 19 0 0.00 M M 8.8 22 190 M M 0 31 200
21 63 52 58 14 7 0 0.09 M M 11.6 20 160 M M 9 13 28 190
22 67 45 56 12 9 0 2.22 M M 12.0 33 290 M M 10 13 46 270
23 45 32 39 -6 26 0 1.04 M M 12.5 21 30 M M 10 136 25 40
24 39 32 36 -9 29 0 0.99 M M 7.0 17 290 M M 10 136 21 290
25 34 29 32 -13 33 0 0.00 M M 11.0 18 310 M M 10 21 320
26 39 29 34 -12 31 0 0.12 M M 6.7 15 20 M M 8 1 18 30
27 51 31 41 -5 24 0 0.08 M M 6.6 15 340 M M 5 1 24 350
28 58 24 41 -5 24 0 0.00 M M 1.7 12 250 M M 0 14 250
================================================================================
SM 1481 795 674 0 7.59 M 229.2 M 123
================================================================================
AV 52.9 28.4 8.2 FASTST M M 4 MAX(MPH)
MISC ----> 33 290 46 270
================================================================================
NOTES:
# LAST OF SEVERAL OCCURRENCES
COLUMN 17 PEAK WIND IN M.P.H.
PRELIMINARY LOCAL CLIMATOLOGICAL DATA (WS FORM: F-6) , PAGE 2
STATION: JACKSON
MONTH: FEBRUARY
YEAR: 2022
LATITUDE: 35 35 N
LONGITUDE: 88 55 W
[TEMPERATURE DATA] [PRECIPITATION DATA] SYMBOLS USED IN COLUMN 16
AVERAGE MONTHLY: 40.6 TOTAL FOR MONTH: 7.59 1 = FOG OR MIST
DPTR FM NORMAL: -2.1 DPTR FM NORMAL: 3.19 2 = FOG REDUCING VISIBILITY
HIGHEST: 71 ON 16,11 GRTST 24HR 2.22 ON 22-22 TO 1/4 MILE OR LESS
LOWEST: 14 ON 13 3 = THUNDER
SNOW, ICE PELLETS, HAIL 4 = ICE PELLETS
TOTAL MONTH: M 5 = HAIL
GRTST 24HR M ON M 6 = FREEZING RAIN OR DRIZZLE
GRTST DEPTH: M ON M 7 = DUSTSTORM OR SANDSTORM:
VSBY 1/2 MILE OR LESS
8 = SMOKE OR HAZE
[NO. OF DAYS WITH] [WEATHER - DAYS WITH] 9 = BLOWING SNOW
X = TORNADO
MAX 32 OR BELOW: 1 0.01 INCH OR MORE: 10
MAX 90 OR ABOVE: 0 0.10 INCH OR MORE: 7
MIN 32 OR BELOW: 22 0.50 INCH OR MORE: 6
MIN 0 OR BELOW: 0 1.00 INCH OR MORE: 3
[HDD (BASE 65) ]
TOTAL THIS MO. 674 CLEAR (SCALE 0-3) 13
DPTR FM NORMAL 50 PTCLDY (SCALE 4-7) 6
TOTAL FM JUL 1 2606 CLOUDY (SCALE 8-10) 9
DPTR FM NORMAL -229
[CDD (BASE 65) ]
TOTAL THIS MO. 0
DPTR FM NORMAL -1 [PRESSURE DATA]
TOTAL FM JAN 1 2 HIGHEST SLP 30.59 ON 25
DPTR FM NORMAL 2 LOWEST SLP 29.57 ON 17
[REMARKS]
#FINAL-02-22#