000
CXUS54 KFWD 010730
CF6MKN
PRELIMINARY LOCAL CLIMATOLOGICAL DATA (WS FORM: F-6)
STATION: COMANCHE
MONTH: MARCH
YEAR: 2024
LATITUDE: 31 55 N
LONGITUDE: 98 36 W
TEMPERATURE IN F: :PCPN: SNOW: WIND :SUNSHINE: SKY :PK WND
================================================================================
1 2 3 4 5 6A 6B 7 8 9 10 11 12 13 14 15 16 17 18
12Z AVG MX 2MIN
DY MAX MIN AVG DEP HDD CDD WTR SNW DPTH SPD SPD DIR MIN PSBL S-S WX SPD DR
================================================================================
1 76 56 66 M 0 1 0.00 M M 8.4 10 190 M M 0 M M
2 84 54 69 M 0 4 0.00 M M 11.4 17 230 M M 0 25 220
3 84 56 70 M 0 5 0.00 M M 12.7 21 190 M M 0 26 200
4 82 62 72 M 0 7 0.00 M M 10.6 20 200 M M 3 26 200
5 79 57 68 M 0 3 0.00 M M 8.6 13 310 M M 0 8 18 360
6 83 48 66 M 0 1 0.09 M M 5.2 21 320 M M 3 138 26 320
7 69 57 63 M 2 0 1.40 M M 6.3 15 150 M M 7 13 18 150
8 71 42 57 M 8 0 0.29 M M 11.6 22 340 M M 7 18 45 0
9 57 39 48 M 17 0 0.00 M M 13.4 25 340 M M 8 18 30 340
10 68 38 53 M 12 0 0.00 M M 4.1 9 110 M M 2 8 M M
11 72 47 60 M 5 0 0.02 M M 6.6 12 170 M M 4 8 17 190
12 79 54 67 M 0 2 0.00 M M 11.7 17 210 M M 4 26 190
13 83 62 73 M 0 8 0.00 M M 11.6 20 200 M M 2 18 25 200
14 82 67 75 M 0 10 0.00 M M 8.4 18 170 M M 8 18 23 170
15 67 50 59 M 6 0 0.57 M M 10.2 16 350 M M 8 138 26 40
16 58 53 56 M 9 0 0.11 M M 5.0 10 330 M M 10 13 M M
17 62 51 57 M 8 0 0.11 M M 7.5 15 10 M M 10 138 23 10
18 64 44 54 M 11 0 0.00 M M 4.7 13 30 M M 2 8 18 30
19 69 39 54 M 11 0 0.00 M M 5.6 13 190 M M 1 8 21 210
20 73 48 61 M 4 0 0.00 M M 7.0 12 180 M M 5 8 16 200
21 75 55 65 M 0 0 0.25 M M 5.6 12 240 M M 7 18 26 130
22 72 49 61 M 4 0 0.00 M M 9.6 21 10 M M 5 18 26 10
23 72 46 59 M 6 0 0.00 M M 5.8 12 140 M M 3 18 M M
24 72 57 65 M 0 0 0.58 M M 15.8 31 180 M M 6 39 180
25 71 43 57 M 8 0 0.06 M M 11.0 21 340 M M 5 3 33 270
26 63 35 49 M 16 0 0.00 M M 5.8 14 350 M M 0 16 330
27 72 39 56 M 9 0 0.02 M M 5.9 17 330 M M 1 38 24 330
28 77 40 59 M 6 0 0.00 M M 5.6 12 200 M M 1 12 16 170
29 75 55 65 M 0 0 0.00 M M 14.2 25 190 M M 0 32 200
30 81 61 71 M 0 6 0.00 M M 11.4 16 200 M M 4 8 24 160
31 80 64 72 M 0 7 0.00 M M 12.7 18 200 M M 4 24 200
================================================================================
SM 2272 1568 142 54 3.50 M 274.0 M 120
================================================================================
AV 73.3 50.6 8.8 FASTST M M 4 MAX(MPH)
MISC ----> 31 180 45 0
================================================================================
NOTES:
# LAST OF SEVERAL OCCURRENCES
COLUMN 17 PEAK WIND IN M.P.H.
PRELIMINARY LOCAL CLIMATOLOGICAL DATA (WS FORM: F-6) , PAGE 2
STATION: COMANCHE
MONTH: MARCH
YEAR: 2024
LATITUDE: 31 55 N
LONGITUDE: 98 36 W
[TEMPERATURE DATA] [PRECIPITATION DATA] SYMBOLS USED IN COLUMN 16
AVERAGE MONTHLY: 61.9 TOTAL FOR MONTH: 3.50 1 = FOG OR MIST
DPTR FM NORMAL: 0.0 DPTR FM NORMAL: 0.60 2 = FOG REDUCING VISIBILITY
HIGHEST: 84 ON 3, 2 GRTST 24HR 1.40 ON 7- 7 TO 1/4 MILE OR LESS
LOWEST: 35 ON 26 3 = THUNDER
SNOW, ICE PELLETS, HAIL 4 = ICE PELLETS
TOTAL MONTH: M 5 = HAIL
GRTST 24HR M ON M 6 = FREEZING RAIN OR DRIZZLE
GRTST DEPTH: M ON M 7 = DUSTSTORM OR SANDSTORM:
VSBY 1/2 MILE OR LESS
8 = SMOKE OR HAZE
[NO. OF DAYS WITH] [WEATHER - DAYS WITH] 9 = BLOWING SNOW
X = TORNADO
MAX 32 OR BELOW: 0 0.01 INCH OR MORE: 11
MAX 90 OR ABOVE: 0 0.10 INCH OR MORE: 7
MIN 32 OR BELOW: 0 0.50 INCH OR MORE: 3
MIN 0 OR BELOW: 0 1.00 INCH OR MORE: 1
[HDD (BASE 65) ]
TOTAL THIS MO. 142 CLEAR (SCALE 0-3) 14
DPTR FM NORMAL M PTCLDY (SCALE 4-7) 14
TOTAL FM JUL 1 646 CLOUDY (SCALE 8-10) 3
DPTR FM NORMAL M
[CDD (BASE 65) ]
TOTAL THIS MO. 54
DPTR FM NORMAL M [PRESSURE DATA]
TOTAL FM JAN 1 96 HIGHEST SLP M ON M
DPTR FM NORMAL M LOWEST SLP M ON M
[REMARKS]
#FINAL-03-24#