000
CXUS52 KMLB 011342
CLMMLB
CLIMATE REPORT
NATIONAL WEATHER SERVICE MELBOURNE FL
942 AM EDT TUE AUG 01 2023
...................................
...THE MELBOURNE CLIMATE SUMMARY FOR THE MONTH OF JULY 2023...
CLIMATE NORMAL PERIOD 1991 TO 2020
CLIMATE RECORD PERIOD 1939 TO 2023
WEATHER OBSERVED NORMAL DEPART LAST YEAR`S
VALUE DATE(S) VALUE FROM VALUE
NORMAL
..............................................................
TEMPERATURE (F)
MONTHLY RECORD
WARMEST 84.5 2016
COOLEST 79.0 1974
DAILY RECORD
HIGH 102 07/14/1980
LOW 60 07/02/1977
JULY 2023
HIGHEST 97 07/21 95
07/22
LOWEST 71 07/31 71
AVG. MAXIMUM 92.5 90.9 1.6 90.8
AVG. MINIMUM 75.2 75.3 -0.1 76.2
MEAN 83.8 83.1 0.7 83.5
DAYS MAX >= 90 27 16.7 10.3 27
DAYS MAX <= 32 0 0.0 0.0 0
DAYS MIN <= 32 0 0.0 0.0 0
DAYS MIN <= 0 0 0.0 0.0 0
PRECIPITATION (INCHES)
MONTHLY RECORD
MAXIMUM 13.40 1944
MINIMUM 0.81 1955
DAILY RECORD
MAXIMUM 3.85 07/05/1956
JULY 2023
TOTALS 11.79 6.50 5.29 1.97
DAYS >= .01 20 14.4 5.6 11
DAYS >= .10 16 10.0 6.0 5
DAYS >= .50 8 4.4 3.6 2
DAYS >= 1.00 4 2.5 1.5 0
GREATEST
24 HR. TOTAL 2.02 07/27 TO 07/28
SNOWFALL (INCHES)
TOTALS 0.0 MM MM 0.0
SINCE 7/1 0.0 MM MM MM
DAYS >= TRACE 0 0
DEGREE DAYS
HEATING TOTAL 0 0 0 0
SINCE 7/1 0 0 0 MM
COOLING TOTAL 591 561 30 581
SINCE 1/1 2311 2061 250 MM
..............................................................
WIND (MPH)
AVERAGE WIND SPEED 6.6
HIGHEST WIND SPEED/DIRECTION 38/280 DATE 07/06
38/280 07/16
HIGHEST GUST SPEED/DIRECTION 57/360 DATE 07/22
SKY COVER
POSSIBLE SUNSHINE (PERCENT) MM
AVERAGE SKY COVER 0.16
NUMBER OF DAYS FAIR 30
NUMBER OF DAYS PC 1
NUMBER OF DAYS CLOUDY 0
AVERAGE RH (PERCENT) 76
WEATHER CONDITIONS. NUMBER OF DAYS WITH
THUNDERSTORM 25 MIXED PRECIP 0
HEAVY RAIN 16 RAIN 12
LIGHT RAIN 20 LT FREEZING RAIN 0
HAIL 0 LIGHT SNOW 0
SLEET 0 FOG 18
FOG W/VIS <= 1/4 MILE 6 HAZE 9
- INDICATES NEGATIVE NUMBERS.
R INDICATES RECORD WAS SET OR TIED.
MM INDICATES DATA IS MISSING.
T INDICATES TRACE AMOUNT.
$$