000
CXUS52 KMLB 011642
CLMMLB
CLIMATE REPORT
NATIONAL WEATHER SERVICE MELBOURNE FL
1142 AM EST THU FEB 01 2024
...................................
...THE MELBOURNE CLIMATE SUMMARY FOR THE MONTH OF JANUARY 2024...
CLIMATE NORMAL PERIOD 1991 TO 2020
CLIMATE RECORD PERIOD 1939 TO 2024
WEATHER OBSERVED NORMAL DEPART LAST YEAR`S
VALUE DATE(S) VALUE FROM VALUE
NORMAL
..............................................................
TEMPERATURE (F)
MONTHLY RECORD
HOTTEST 71.2 1974
COLDEST 52.2 1981
DAILY RECORD
HIGH 88 01/04/2020
01/31/1991
01/26/1965
LOW 19 01/20/1977
JANUARY 2024
HIGHEST 82 01/12 85
LOWEST 40 01/21 34
AVG. MAXIMUM 71.2 71.8 -0.6 75.3
AVG. MINIMUM 54.2 51.7 2.5 54.0
MEAN 62.7 61.7 1.0 64.6
DAYS MAX >= 90 0 0.0 0.0 0
DAYS MAX <= 32 0 0.0 0.0 0
DAYS MIN <= 32 0 1.2 -1.2 0
DAYS MIN <= 0 0 0.0 0.0 0
PRECIPITATION (INCHES)
MONTHLY RECORD
MAXIMUM 8.17 1979
MINIMUM T 2012
DAILY RECORD
MAXIMUM 4.70 01/12/1979
JANUARY 2024
TOTALS 5.52 2.63 2.89 0.43
DAYS >= .01 16 7.0 9.0 4
DAYS >= .10 10 4.0 6.0 1
DAYS >= .50 4 1.3 2.7 0
DAYS >= 1.00 1 0.5 0.5 0
GREATEST
24 HR. TOTAL 1.65 01/15 TO 01/15
SNOWFALL (INCHES)
TOTALS 0.0 MM MM 0.0
SINCE 7/1 0.0 MM MM MM
DAYS >= TRACE 0 0
DEGREE DAYS
HEATING TOTAL 132 162 -30 99
SINCE 7/1 218 307 -89 MM
COOLING TOTAL 66 62 4 96
SINCE 1/1 66 62 4 MM
..............................................................
WIND (MPH)
AVERAGE WIND SPEED 9.4
HIGHEST WIND SPEED/DIRECTION 31/280 DATE 01/09
HIGHEST GUST SPEED/DIRECTION 44/190 DATE 01/09
44/190 01/12
SKY COVER
POSSIBLE SUNSHINE (PERCENT) MM
AVERAGE SKY COVER 0.44
NUMBER OF DAYS FAIR 15
NUMBER OF DAYS PC 11
NUMBER OF DAYS CLOUDY 5
AVERAGE RH (PERCENT) 78
WEATHER CONDITIONS. NUMBER OF DAYS WITH
THUNDERSTORM 4 MIXED PRECIP 0
HEAVY RAIN 9 RAIN 9
LIGHT RAIN 17 LT FREEZING RAIN 0
HAIL 0 LIGHT SNOW 0
SLEET 0 FOG 18
FOG W/VIS <= 1/4 MILE 2 HAZE 1
- INDICATES NEGATIVE NUMBERS.
R INDICATES RECORD WAS SET OR TIED.
MM INDICATES DATA IS MISSING.
T INDICATES TRACE AMOUNT.
$$