000
CXUS52 KMLB 011908 CCA
CLMMLB
CLIMATE REPORT ...CORRECTED
NATIONAL WEATHER SERVICE MELBOURNE FL
208 PM EST MON JAN 1 2024
...................................
...THE MELBOURNE CLIMATE SUMMARY FOR THE MONTH OF DECEMBER 2023...
CLIMATE NORMAL PERIOD 1991 TO 2020
CLIMATE RECORD PERIOD 1939 TO 2023
WEATHER OBSERVED NORMAL DEPART LAST YEAR`S
VALUE DATE(S) VALUE FROM VALUE
NORMAL
..............................................................
TEMPERATURE (F)
MONTHLY RECORD
WARMEST 73.7 2015
COLDEST 54.0 2010
DAILY RECORD
HIGH 90 12/03/2018
12/06/1942
LOW 21 12/25/1983
DECEMBER 2023
HIGHEST 86 12/02 83
12/03
12/04
LOWEST 42 12/31 32
AVG. MAXIMUM 73.4 73.9 -0.5 73.8
AVG. MINIMUM 59.0 55.6 3.4 56.0
MEAN 66.2 64.7 1.5 64.9
DAYS MAX >= 90 0 0.0 0.0 0
DAYS MAX <= 32 0 0.0 0.0 0
DAYS MIN <= 32 0 0.4 -0.4 1
DAYS MIN <= 0 0 0.0 0.0 0
PRECIPITATION (INCHES)
MONTHLY RECORD
MAXIMUM 10.28 2002
MINIMUM 0.00 1968
DAILY RECORD
MAXIMUM 5.06 12/09/2002
DECEMBER 2023
TOTALS 4.92 2.36 2.56 2.30
DAYS >= .01 8 8.5 -0.5 7
DAYS >= .10 6 3.9 2.1 5
DAYS >= .50 2 1.6 0.4 2
DAYS >= 1.00 1 0.6 0.4 1
GREATEST
24 HR. TOTAL 3.78 12/16 TO 12/17
SNOWFALL (INCHES)
TOTALS 0.0 MM MM 0.0
SINCE 7/1 0.0 MM MM MM
DAYS >= TRACE 0 0
DEGREE DAYS
HEATING TOTAL 66 109 -43 96
SINCE 7/1 86 153 -67 MM
COOLING TOTAL 112 101 11 101
SINCE 1/1 4080 3447 633 MM
..............................................................
WIND (MPH)
AVERAGE WIND SPEED 10.1
HIGHEST WIND SPEED/DIRECTION 31/050 DATE 12/14
HIGHEST GUST SPEED/DIRECTION 48/130 DATE 12/16
SKY COVER
POSSIBLE SUNSHINE (PERCENT) MM
AVERAGE SKY COVER 0.42
NUMBER OF DAYS FAIR 13
NUMBER OF DAYS PC 16
NUMBER OF DAYS CLOUDY 2
AVERAGE RH (PERCENT) 75
WEATHER CONDITIONS. NUMBER OF DAYS WITH
THUNDERSTORM 0 MIXED PRECIP 0
HEAVY RAIN 5 RAIN 7
LIGHT RAIN 15 LT FREEZING RAIN 0
HAIL 0 LIGHT SNOW 0
SLEET 0 FOG 11
FOG W/VIS <= 1/4 MILE 1 HAZE 1
- INDICATES NEGATIVE NUMBERS.
R INDICATES RECORD WAS SET OR TIED.
MM INDICATES DATA IS MISSING.
T INDICATES TRACE AMOUNT.
$$