000
CXUS52 KMLB 011634
CLMMLB
CLIMATE REPORT
NATIONAL WEATHER SERVICE MELBOURNE FL
1234 PM EDT WED NOV 01 2023
...................................
...THE MELBOURNE CLIMATE SUMMARY FOR THE MONTH OF OCTOBER 2023...
CLIMATE NORMAL PERIOD 1991 TO 2020
CLIMATE RECORD PERIOD 1939 TO 2023
WEATHER OBSERVED NORMAL DEPART LAST YEAR`S
VALUE DATE(S) VALUE FROM VALUE
NORMAL
..............................................................
TEMPERATURE (F)
MONTHLY RECORD
HOTTEST 80.7 2007
COLDEST 71.3 1974
DAILY RECORD
HIGH 96 10/02/1959
LOW 41 10/17/1977
10/24/1937
OCTOBER 2023
HIGHEST 88 10/07 86
10/12
LOWEST 53 10/17 56
AVG. MAXIMUM 83.4 83.5 -0.1 82.5
AVG. MINIMUM 69.5 69.0 0.5 67.0
MEAN 76.4 76.3 0.1 74.8
DAYS MAX >= 90 0 1.6 -1.6 0
DAYS MAX <= 32 0 0.0 0.0 0
DAYS MIN <= 32 0 0.0 0.0 0
DAYS MIN <= 0 0 0.0 0.0 0
PRECIPITATION (INCHES)
MONTHLY RECORD
MAXIMUM 13.86 1956
MINIMUM T 2010
DAILY RECORD
MAXIMUM 6.03 10/17/1956
OCTOBER 2023
TOTALS 3.54 4.86 -1.32 1.88
DAYS >= .01 10 10.2 -0.2 5
DAYS >= .10 4 6.0 -2.0 4
DAYS >= .50 2 2.9 -0.9 1
DAYS >= 1.00 1 1.2 -0.2 0
GREATEST
24 HR. TOTAL 3.05 09/30 TO 10/01
SNOWFALL (INCHES)
TOTALS 0.0 MM MM 0.0
SINCE 7/1 0.0 MM MM MM
DAYS >= TRACE 0 0
DEGREE DAYS
HEATING TOTAL 2 5 -3 2
SINCE 7/1 2 0 2 MM
COOLING TOTAL 364 354 10 316
SINCE 1/1 3770 3187 583 MM
..............................................................
WIND (MPH)
AVERAGE WIND SPEED 10.4
HIGHEST WIND SPEED/DIRECTION 25/060 DATE 10/01
25/040 10/03
25/060 10/25
HIGHEST GUST SPEED/DIRECTION 37/230 DATE 10/12
SKY COVER
POSSIBLE SUNSHINE (PERCENT) MM
AVERAGE SKY COVER 0.33
NUMBER OF DAYS FAIR 17
NUMBER OF DAYS PC 12
NUMBER OF DAYS CLOUDY 2
AVERAGE RH (PERCENT) 73
WEATHER CONDITIONS. NUMBER OF DAYS WITH
THUNDERSTORM 2 MIXED PRECIP 0
HEAVY RAIN 5 RAIN 4
LIGHT RAIN 12 LT FREEZING RAIN 0
HAIL 0 LIGHT SNOW 0
SLEET 0 FOG 8
FOG W/VIS <= 1/4 MILE 0 HAZE 3
- INDICATES NEGATIVE NUMBERS.
R INDICATES RECORD WAS SET OR TIED.
MM INDICATES DATA IS MISSING.
T INDICATES TRACE AMOUNT.
$$