000
CXUS53 KDVN 011100
CF6MLI
PRELIMINARY LOCAL CLIMATOLOGICAL DATA (WS FORM: F-6)
STATION: MOLINE IL
MONTH: NOVEMBER
YEAR: 2020
LATITUDE: 41 27 N
LONGITUDE: 90 31 W
TEMPERATURE IN F: :PCPN: SNOW: WIND :SUNSHINE: SKY :PK WND
================================================================================
1 2 3 4 5 6A 6B 7 8 9 10 11 12 13 14 15 16 17 18
12Z AVG MX 2MIN
DY MAX MIN AVG DEP HDD CDD WTR SNW DPTH SPD SPD DIR MIN PSBL S-S WX SPD DR
================================================================================
1 50 24 37 -10 28 0 0.00 0.0 0 16.7 37 310 M M 0 47 300
2 57 22 40 -7 25 0 0.00 0.0 0 6.9 21 220 M M 0 28 220
3 73 31 52 6 13 0 0.00 0.0 0 5.6 18 210 M M 0 28 200
4 73 50 62 16 3 0 0.00 0.0 0 8.6 17 220 M M 0 28 240
5 73 44 59 13 6 0 0.00 0.0 0 5.5 15 250 M M 0 18 19 250
6 76 40 58 13 7 0 0.00 0.0 0 6.3 17 220 M M 0 18 24 210
7 73 53 63 18 2 0 0.00 0.0 0 9.9 17 170 M M 0 24 210
8 76 52 64 20 1 0 0.00 0.0 0 10.5 20 180 M M 1 29 160
9 76 62 69 25 0 4 0.00 0.0 0 12.0 23 200 M M 4 37 190
10 74 35 55 12 10 0 0.25 0.0 0 17.0 47 230 M M 8 13 64 240
11 48 31 40 -3 25 0 0.00 0.0 0 7.0 23 260 M M 3 31 280
12 56 31 44 2 21 0 T 0.0 0 5.2 25 310 M M 3 35 310
13 41 24 33 -9 32 0 0.00 0.0 0 7.7 22 310 M M 0 29 310
14 55 25 40 -1 25 0 0.17 0.0 0 14.0 24 180 M M 7 138 35 150
15 54 34 44 4 21 0 0.06 0.0 0 19.9 39 280 M M 6 57 280
16 56 29 43 3 22 0 0.00 0.0 0 11.1 26 320 M M 1 38 300
17 45 28 37 -2 28 0 0.00 0.0 0 5.1 16 310 M M 2 20 310
18 56 31 44 5 21 0 0.00 0.0 0 13.8 25 180 M M 0 39 180
19 71 50 61 23 4 0 0.00 0.0 0 14.0 26 230 M M 0 42 210
20 60 42 51 13 14 0 0.00 0.0 0 7.7 15 320 M M 0 21 340
21 46 35 41 4 24 0 0.00 0.0 0 6.1 10 60 M M 2 16 80
22 49 34 42 5 23 0 0.00 0.0 0 5.9 15 260 M M 6 18 21 260
23 42 29 36 0 29 0 0.03 T 0 3.8 10 290 M M 3 1 14 300
24 47 34 41 5 24 0 0.99 T 0 9.3 18 140 M M 10 1 26 160
25 47 42 45 10 20 0 0.65 0.0 0 6.3 15 40 M M 10 1 19 40
26 50 34 42 8 23 0 0.00 0.0 0 6.9 16 230 M M 5 1 22 250
27 45 29 37 3 28 0 0.00 0.0 0 7.6 17 310 M M 4 1 23 300
28 55 25 40 7 25 0 0.00 0.0 0 7.5 16 210 M M 0 26 200
29 47 33 40 7 25 0 0.00 0.0 0 11.6 24 330 M M 4 35 320
30 33 20 27 -5 38 0 0.00 0.0 0 10.2 20 320 M M 7 28 320
================================================================================
SM 1704 1053 567 4 2.15 T 279.7 M 86
================================================================================
AV 56.8 35.1 9.3 FASTST M M 3 MAX(MPH)
MISC ----> 47 230 64 240
================================================================================
NOTES:
# LAST OF SEVERAL OCCURRENCES
COLUMN 17 PEAK WIND IN M.P.H.
PRELIMINARY LOCAL CLIMATOLOGICAL DATA (WS FORM: F-6) , PAGE 2
STATION: MOLINE IL
MONTH: NOVEMBER
YEAR: 2020
LATITUDE: 41 27 N
LONGITUDE: 90 31 W
[TEMPERATURE DATA] [PRECIPITATION DATA] SYMBOLS USED IN COLUMN 16
AVERAGE MONTHLY: 45.9 TOTAL FOR MONTH: 2.15 1 = FOG OR MIST
DPTR FM NORMAL: 5.9 DPTR FM NORMAL: -0.41 2 = FOG REDUCING VISIBILITY
HIGHEST: 76 ON 9, 8 GRTST 24HR 1.17 ON 24-25 TO 1/4 MILE OR LESS
LOWEST: 20 ON 30 3 = THUNDER
SNOW, ICE PELLETS, HAIL 4 = ICE PELLETS
TOTAL MONTH: T 5 = HAIL
GRTST 24HR T ON 23-23 6 = FREEZING RAIN OR DRIZZLE
GRTST DEPTH: 0 7 = DUSTSTORM OR SANDSTORM:
VSBY 1/2 MILE OR LESS
8 = SMOKE OR HAZE
[NO. OF DAYS WITH] [WEATHER - DAYS WITH] 9 = BLOWING SNOW
X = TORNADO
MAX 32 OR BELOW: 0 0.01 INCH OR MORE: 6
MAX 90 OR ABOVE: 0 0.10 INCH OR MORE: 4
MIN 32 OR BELOW: 14 0.50 INCH OR MORE: 2
MIN 0 OR BELOW: 0 1.00 INCH OR MORE: 0
[HDD (BASE 65) ]
TOTAL THIS MO. 567 CLEAR (SCALE 0-3) 18
DPTR FM NORMAL -182 PTCLDY (SCALE 4-7) 9
TOTAL FM JUL 1 1115 CLOUDY (SCALE 8-10) 3
DPTR FM NORMAL -116
[CDD (BASE 65) ]
TOTAL THIS MO. 4
DPTR FM NORMAL 3 [PRESSURE DATA]
TOTAL FM JAN 1 1044 HIGHEST SLP 30.59 ON 17
DPTR FM NORMAL 40 LOWEST SLP 29.33 ON 15
[REMARKS]
#FINAL-11-20#