000
CXUS53 KDVN 011000
CF6MLI
PRELIMINARY LOCAL CLIMATOLOGICAL DATA (WS FORM: F-6)
STATION: MOLINE IL
MONTH: SEPTEMBER
YEAR: 2023
LATITUDE: 41 27 N
LONGITUDE: 90 31 W
TEMPERATURE IN F: :PCPN: SNOW: WIND :SUNSHINE: SKY :PK WND
================================================================================
1 2 3 4 5 6A 6B 7 8 9 10 11 12 13 14 15 16 17 18
12Z AVG MX 2MIN
DY MAX MIN AVG DEP HDD CDD WTR SNW DPTH SPD SPD DIR MIN PSBL S-S WX SPD DR
================================================================================
1 83 47 65 -6 0 0 0.00 0.0 0 5.0 12 190 M M 0 17 150
2 89 55 72 2 0 7 0.00 0.0 0 6.0 17 210 M M 0 23 210
3 92 65 79 9 0 14 0.00 0.0 0 8.8 18 190 M M 0 24 210
4 94 69 82 12 0 17 0.00 0.0 0 7.3 17 190 M M 0 26 150
5 86 72 79 9 0 14 0.01 0.0 0 9.8 26 150 M M 1 42 140
6 77 65 71 1 0 6 0.00 0.0 0 13.4 24 270 M M 7 8 31 270
7 74 64 69 0 0 4 0.00 0.0 0 7.4 15 300 M M 10 20 310
8 77 51 64 -5 1 0 0.00 0.0 0 3.7 15 80 M M 3 19 60
9 80 50 65 -3 0 0 0.00 0.0 0 2.2 9 50 M M 1 1 16 330
10 86 56 71 3 0 6 T 0.0 0 4.7 13 20 M M 4 18 10
11 69 55 62 -6 3 0 0.66 0.0 0 4.1 13 320 M M 9 1 16 310
12 77 52 65 -3 0 0 0.35 0.0 0 4.0 25 320 M M 3 13 35 330
13 71 48 60 -7 5 0 0.00 0.0 0 2.8 10 20 M M 1 1 17 360
14 77 46 62 -5 3 0 0.00 0.0 0 3.5 9 90 M M 0 13 140
15 81 49 65 -1 0 0 0.00 0.0 0 4.3 10 230 M M 2 16 240
16 79 57 68 2 0 3 1.63 0.0 0 4.5 20 290 M M 7 13 32 310
17 75 51 63 -3 2 0 0.00 0.0 0 3.6 14 340 M M 2 1 19 360
18 77 48 63 -2 2 0 0.00 0.0 0 3.8 12 190 M M 1 1 17 190
19 81 58 70 5 0 5 0.17 0.0 0 9.1 20 170 M M 5 13 31 180
20 80 64 72 7 0 7 0.07 0.0 0 3.9 15 180 M M 2 1 20 170
21 72 63 68 4 0 3 0.01 0.0 0 8.0 17 90 M M 8 1 23 100
22 81 63 72 8 0 7 0.06 0.0 0 9.9 20 100 M M 6 13 25 140
23 85 61 73 10 0 8 0.00 0.0 0 9.7 20 130 M M 1 1 27 140
24 84 62 73 10 0 8 1.11 0.0 0 8.1 24 120 M M 5 13 33 40
25 84 58 71 8 0 6 0.00 0.0 0 2.0 8 70 M M 5 128 10 70
26 78 58 68 6 0 3 0.94 0.0 0 1.6 32 250 M M 6 1238 45 260
27 77 55 66 4 0 1 0.00 0.0 0 4.3 10 30 M M 7 1 15 20
28 75 55 65 4 0 0 0.00 0.0 0 5.7 13 70 M M 4 18 17 70
29 83 56 70 9 0 5 0.00 0.0 0 6.9 15 150 M M 1 1 21 160
30 90 63 77 17 0 12 0.00 0.0 0 5.8 15 160 M M 0 21 150
================================================================================
SM 2414 1716 16 136 5.01 0.0 173.9 M 101
================================================================================
AV 80.5 57.2 5.8 FASTST M M 3 MAX(MPH)
MISC ----> 32 250 45 260
================================================================================
NOTES:
# LAST OF SEVERAL OCCURRENCES
COLUMN 17 PEAK WIND IN M.P.H.
PRELIMINARY LOCAL CLIMATOLOGICAL DATA (WS FORM: F-6) , PAGE 2
STATION: MOLINE IL
MONTH: SEPTEMBER
YEAR: 2023
LATITUDE: 41 27 N
LONGITUDE: 90 31 W
[TEMPERATURE DATA] [PRECIPITATION DATA] SYMBOLS USED IN COLUMN 16
AVERAGE MONTHLY: 68.8 TOTAL FOR MONTH: 5.01 1 = FOG OR MIST
DPTR FM NORMAL: 2.7 DPTR FM NORMAL: 1.69 2 = FOG REDUCING VISIBILITY
HIGHEST: 94 ON 4 GRTST 24HR 1.63 ON 16-16 TO 1/4 MILE OR LESS
LOWEST: 46 ON 14 3 = THUNDER
SNOW, ICE PELLETS, HAIL 4 = ICE PELLETS
TOTAL MONTH: 0.0 INCH 5 = HAIL
GRTST 24HR 0.0 6 = FREEZING RAIN OR DRIZZLE
GRTST DEPTH: 0 7 = DUSTSTORM OR SANDSTORM:
VSBY 1/2 MILE OR LESS
8 = SMOKE OR HAZE
[NO. OF DAYS WITH] [WEATHER - DAYS WITH] 9 = BLOWING SNOW
X = TORNADO
MAX 32 OR BELOW: 0 0.01 INCH OR MORE: 10
MAX 90 OR ABOVE: 3 0.10 INCH OR MORE: 6
MIN 32 OR BELOW: 0 0.50 INCH OR MORE: 4
MIN 0 OR BELOW: 0 1.00 INCH OR MORE: 2
[HDD (BASE 65) ]
TOTAL THIS MO. 16 CLEAR (SCALE 0-3) 17
DPTR FM NORMAL -68 PTCLDY (SCALE 4-7) 10
TOTAL FM JUL 1 20 CLOUDY (SCALE 8-10) 3
DPTR FM NORMAL -71
[CDD (BASE 65) ]
TOTAL THIS MO. 136
DPTR FM NORMAL 20 [PRESSURE DATA]
TOTAL FM JAN 1 1100 HIGHEST SLP 30.23 ON 9
DPTR FM NORMAL 76 LOWEST SLP 29.72 ON 6
[REMARKS]
#FINAL-09-23#