000
CXUS53 KDVN 011131
CLSMLI
CLIMATE REPORT
NATIONAL WEATHER SERVICE QUAD CITIES IA IL
531 AM CST WED MAR 01 2023
...................................
...THE MOLINE IL CLIMATE SUMMARY FOR THE SEASON, FROM
12/1/2022 TO 2/28/2023...
CLIMATE NORMAL PERIOD 1991 TO 2020
CLIMATE RECORD PERIOD 1872 TO 2023
WEATHER OBSERVED NORMAL DEPART
VALUE DATE(S) VALUE FROM
NORMAL
..............................................................
TEMPERATURE (F)
RECORD
HIGH 75 12/15/2021
LOW -33 01/31/2019
HIGHEST 67 12/29 41 26
LOWEST -8 12/22 14 -22
AVG. MAXIMUM 39.6 35.1 4.5
AVG. MINIMUM 22.5 18.2 4.3
MEAN 31.1 26.6 4.5
DAYS MAX >= 90 0 0.0 0.0
DAYS MAX <= 32 24 36.9 -12.9
DAYS MIN <= 32 71 80.1 -9.1
DAYS MIN <= 0 5 9.6 -4.6
PRECIPITATION (INCHES)
RECORD
MAXIMUM 9.63 2019
MINIMUM 2.90 2022
TOTALS 7.39 5.53 1.86
DAILY AVG. 0.08 0.06 0.02
DAYS >= .01 28 27.5 0.5
DAYS >= .10 13
DAYS >= .50 5
DAYS >= 1.00 1 1.0 0.0
GREATEST
24 HR. TOTAL 1.34 02/09 TO 02/09
SNOWFALL (INCHES)
RECORDS
TOTAL 53.8 2014
24 HR TOTAL 16.7 02/01/2011 TO 02/02/2011
TOTALS 11.6 28.2 -16.6
SINCE 7/1 14.1 30.6 -16.5
SNOWDEPTH AVG. 0
DAYS >= TRACE 26 19.1 6.9
DAYS >= 1.0 5 8.1 -3.1
GREATEST
SNOW DEPTH 3 01/26
01/27
DEGREE DAYS
HEATING TOTAL 3038 3456 -418
SINCE 7/1 4162 4651 -489
COOLING TOTAL 0 0 0
SINCE 1/1 0 0 0
..............................................................
WIND (MPH)
AVERAGE WIND SPEED 9.9
HIGHEST WIND SPEED/DIRECTION 38/280 DATE 12/23
HIGHEST GUST SPEED/DIRECTION 53/250 DATE 02/15
SKY COVER
AVERAGE SKY COVER 0.53
NUMBER OF DAYS FAIR 35
NUMBER OF DAYS PC 20
NUMBER OF DAYS CLOUDY 35
AVERAGE RH (PERCENT) 70
WEATHER CONDITIONS. NUMBER OF DAYS WITH
THUNDERSTORM 1 HAIL 0
SLEET 0 FOG 44
FOG W/VIS <= 1/4 MILE 6 HAZE 32
- INDICATES NEGATIVE NUMBERS.
R INDICATES RECORD WAS SET OR TIED.
MM INDICATES DATA IS MISSING.
T INDICATES TRACE AMOUNT.
$$
===================================================================
NOTE: SUPPLEMENTAL CLIMATE DATA WAS USED FROM A NEARBY
CLIMATOLOGICALLY REPRESENTATIVE STATION.
===================================================================
PARAMETER DATE
--------- ----
SNW ALL