000
CXUS55 KBYZ 011000
CF6MLS
PRELIMINARY LOCAL CLIMATOLOGICAL DATA (WS FORM: F-6)
STATION: MILES CITY MT
MONTH: JULY
YEAR: 2021
LATITUDE: 46 25 N
LONGITUDE: 105 53 W
TEMPERATURE IN F: :PCPN: SNOW: WIND :SUNSHINE: SKY :PK WND
================================================================================
1 2 3 4 5 6A 6B 7 8 9 10 11 12 13 14 15 16 17 18
12Z AVG MX 2MIN
DY MAX MIN AVG DEP HDD CDD WTR SNW DPTH SPD SPD DIR MIN PSBL S-S WX SPD DR
================================================================================
1 100 70 85 15 0 20 0.00 M M 12.7 25 150 M M 0 8 34 120
2 101 73 87 16 0 22 0.00 M M 11.9 28 140 M M 0 8 33 140
3 105 66 86 15 0 21 0.00 M M 9.9 23 310 M M 0 30 300
4 99 68 84 13 0 19 0.01 M M 8.7 31 230 M M 1 38 38 140
5 92 66 79 7 0 14 0.00 M M 8.9 23 320 M M 3 3 27 320
6 87 63 75 3 0 10 T M M 9.1 22 130 M M 3 27 120
7 95 59 77 5 0 12 0.18 M M 10.4 46 310 M M 1 13 53 310
8 95 60 78 5 0 13 0.00 M M 10.2 39 350 M M 1 8 46 350
9 88 53 71 -2 0 6 T M M 8.9 29 350 M M 1 38 36 350
10 89 59 74 1 0 9 0.00 M M 6.5 14 70 M M 1 18 90
11 100 66 83 9 0 18 0.00 M M 11.6 33 340 M M 0 40 350
12 90 60 75 1 0 10 0.00 M M 10.0 16 50 M M 0 8 22 360
13 88 60 74 0 0 9 0.21 M M 8.1 18 70 M M 2 3 27 70
14 86 55 71 -3 0 6 0.00 M M 4.4 13 350 M M 0 15 350
15 96 65 81 7 0 16 T M M 8.6 22 180 M M 0 3 25 190
16 100 72 86 11 0 21 0.00 M M 8.5 24 90 M M 0 8 29 90
17 103 68 86 11 0 21 0.00 M M 8.0 20 140 M M 0 24 150
18 104 69 87 12 0 22 0.00 M M 8.0 15 50 M M 0 20 60
19 106 74 90 15 0 25 0.00 M M 14.4 23 130 M M 0 31 120
20 95 73 84 9 0 19 0.00 M M 10.5 24 140 M M 0 8 31 140
21 98 73 86 10 0 21 0.00 M M 6.7 15 130 M M 2 8 23 190
22 98 70 84 8 0 19 0.24 M M 8.7 43 220 M M 1 38 54 230
23 96 66 81 5 0 16 0.00 M M 8.2 21 310 M M 0 26 300
24 95 54 75 -1 0 10 0.00 M M 6.2 17 240 M M 0 8 21 280
25 101 59 80 4 0 15 0.00 M M 6.9 14 150 M M 0 19 150
26 103 62 83 7 0 18 0.00 M M 7.4 16 240 M M 0 8 22 250
27 108 67 88 12 0 23 0.00 M M 6.8 17 20 M M 0 8 21 20
28 91 70 81 5 0 16 0.00 M M 13.6 25 50 M M 0 30 50
29 77 66 72 -4 0 7 0.01 M M 10.6 18 140 M M 4 27 140
30 95 64 80 4 0 15 0.00 M M 9.1 17 50 M M 0 22 80
31 93 65 79 3 0 14 0.00 M M 9.9 18 50 M M 0 22 60
================================================================================
SM 2974 2015 0 487 0.65 M 283.4 M 20
================================================================================
AV 95.9 65.0 9.1 FASTST M M 1 MAX(MPH)
MISC ----> 46 310 54 230
================================================================================
NOTES:
# LAST OF SEVERAL OCCURRENCES
COLUMN 17 PEAK WIND IN M.P.H.
PRELIMINARY LOCAL CLIMATOLOGICAL DATA (WS FORM: F-6) , PAGE 2
STATION: MILES CITY MT
MONTH: JULY
YEAR: 2021
LATITUDE: 46 25 N
LONGITUDE: 105 53 W
[TEMPERATURE DATA] [PRECIPITATION DATA] SYMBOLS USED IN COLUMN 16
AVERAGE MONTHLY: 80.5 TOTAL FOR MONTH: 0.65 1 = FOG OR MIST
DPTR FM NORMAL: 6.3 DPTR FM NORMAL: -0.86 2 = FOG REDUCING VISIBILITY
HIGHEST: 108 ON 27 GRTST 24HR 0.24 ON 22-22 TO 1/4 MILE OR LESS
LOWEST: 53 ON 9 3 = THUNDER
SNOW, ICE PELLETS, HAIL 4 = ICE PELLETS
TOTAL MONTH: M 5 = HAIL
GRTST 24HR M ON M 6 = FREEZING RAIN OR DRIZZLE
GRTST DEPTH: M ON M 7 = DUSTSTORM OR SANDSTORM:
VSBY 1/2 MILE OR LESS
8 = SMOKE OR HAZE
[NO. OF DAYS WITH] [WEATHER - DAYS WITH] 9 = BLOWING SNOW
X = TORNADO
MAX 32 OR BELOW: 0 0.01 INCH OR MORE: 5
MAX 90 OR ABOVE: 25 0.10 INCH OR MORE: 3
MIN 32 OR BELOW: 0 0.50 INCH OR MORE: 0
MIN 0 OR BELOW: 0 1.00 INCH OR MORE: 0
[HDD (BASE 65) ]
TOTAL THIS MO. 0 CLEAR (SCALE 0-3) 28
DPTR FM NORMAL -10 PTCLDY (SCALE 4-7) 3
TOTAL FM JUL 1 0 CLOUDY (SCALE 8-10) 0
DPTR FM NORMAL -7
[CDD (BASE 65) ]
TOTAL THIS MO. 487
DPTR FM NORMAL 193 [PRESSURE DATA]
TOTAL FM JAN 1 742 HIGHEST SLP 30.23 ON 31
DPTR FM NORMAL 335 LOWEST SLP 29.66 ON 2
[REMARKS]
#FINAL-07-21#