837
CXUS51 KCAR 010600
CF6MLT
PRELIMINARY LOCAL CLIMATOLOGICAL DATA (WS FORM: F-6)
STATION: MILLINOCKET ME
MONTH: JUNE
YEAR: 2020
LATITUDE: 45 39 N
LONGITUDE: 68 41 W
TEMPERATURE IN F: :PCPN: SNOW: WIND :SUNSHINE: SKY :PK WND
================================================================================
1 2 3 4 5 6A 6B 7 8 9 10 11 12 13 14 15 16 17 18
12Z AVG MX 2MIN
DY MAX MIN AVG DEP HDD CDD WTR SNW DPTH SPD SPD DIR MIN PSBL S-S WX SPD DR
================================================================================
1 55 34 45 -13 20 0 0.00 M M 7.4 17 330 M M 5 23 340
2 66 29 48 -10 17 0 0.00 M M 5.9 20 320 M M 1 27 330
3 67 49 58 -1 7 0 T M M 2.8 10 240 M M 9 16 220
4 77 53 65 6 0 0 0.00 M M 5.3 15 260 M M 3 27 260
5 85 54 70 11 0 5 0.00 M M 3.0 14 210 M M 3 3 25 250
6 76 56 66 6 0 1 0.47 M M 4.5 14 350 M M 6 13 17 20
7 64 49 57 -3 8 0 T M M 6.9 15 360 M M 9 1 20 350
8 73 50 62 2 3 0 0.00 M M 8.0 22 340 M M 3 34 310
9 74 46 60 -1 5 0 0.00 M M 4.2 13 330 M M 5 19 340
10 71 40 56 -5 9 0 0.00 M M 5.4 17 170 M M 2 26 180
11 64 51 58 -3 7 0 0.34 M M 3.8 13 170 M M 10 1 19 180
12 79 53 66 4 0 1 T M M 4.4 18 300 M M 5 12 28 300
13 65 50 58 -4 7 0 0.00 M M 5.9 15 330 M M 7 20 300
14 66 50 58 -4 7 0 0.00 M M 6.4 16 50 M M 8 21 40
15 74 43 59 -4 6 0 0.00 M M 2.1 12 90 M M 1 17 100
16 83 44 64 1 1 0 0.00 M M 2.9 10 300 M M 0 17 120
17 89 51 70 7 0 5 0.00 M M 2.0 9 260 M M 0 14 300
18 95 57 76 12 0 11 0.00 M M 3.1 9 190 M M 0 15 260
19 95 61 78 14 0 13 0.00 M M 4.3 20 310 M M 0 26 320
20 96 63 80 16 0 15 0.00 M M 4.4 15 70 M M 1 3 18 70
21 85 62 74 9 0 9 0.00 M M 5.4 10 160 M M 4 18 150
22 85 62 74 9 0 9 0.00 M M 3.5 10 170 M M 4 1 16 150
23 89 64 77 12 0 12 0.00 M M 4.0 10 160 M M 0 18 160
24 77 64 71 5 0 6 0.22 M M 3.5 10 180 M M 10 1 19 170
25 82 58 70 4 0 5 0.00 M M 2.6 13 260 M M 4 1 21 250
26 82 55 69 3 0 4 0.01 M M 1.9 16 260 M M 4 28 290
27 82 58 70 4 0 5 T M M 2.0 8 190 M M 6 14 260
28 85 61 73 7 0 8 T M M 2.1 12 90 M M 5 14 110
29 68 63 66 -1 0 1 0.15 M M 7.0 14 60 M M 10 1 18 60
30 73 61 67 0 0 2 0.69 M M 5.9 13 70 M M 10 1 17 60
================================================================================
SM 2322 1591 97 112 1.88 M 130.6 M 135
================================================================================
AV 77.4 53.0 4.4 FASTST M M 5 MAX(MPH)
MISC ----> # 22 340 # 34 310
================================================================================
NOTES:
# LAST OF SEVERAL OCCURRENCES
COLUMN 17 PEAK WIND IN M.P.H.
PRELIMINARY LOCAL CLIMATOLOGICAL DATA (WS FORM: F-6) , PAGE 2
STATION: MILLINOCKET ME
MONTH: JUNE
YEAR: 2020
LATITUDE: 45 39 N
LONGITUDE: 68 41 W
[TEMPERATURE DATA] [PRECIPITATION DATA] SYMBOLS USED IN COLUMN 16
AVERAGE MONTHLY: 65.2 TOTAL FOR MONTH: 1.88 1 = FOG OR MIST
DPTR FM NORMAL: 2.4 DPTR FM NORMAL: -2.19 2 = FOG REDUCING VISIBILITY
HIGHEST: 96 ON 20 GRTST 24HR 0.69 ON 30-30 TO 1/4 MILE OR LESS
LOWEST: 29 ON 2 3 = THUNDER
SNOW, ICE PELLETS, HAIL 4 = ICE PELLETS
TOTAL MONTH: M 5 = HAIL
GRTST 24HR M ON M 6 = FREEZING RAIN OR DRIZZLE
GRTST DEPTH: M ON M 7 = DUSTSTORM OR SANDSTORM:
VSBY 1/2 MILE OR LESS
8 = SMOKE OR HAZE
[NO. OF DAYS WITH] [WEATHER - DAYS WITH] 9 = BLOWING SNOW
X = TORNADO
MAX 32 OR BELOW: 0 0.01 INCH OR MORE: 6
MAX 90 OR ABOVE: 3 0.10 INCH OR MORE: 5
MIN 32 OR BELOW: 1 0.50 INCH OR MORE: 1
MIN 0 OR BELOW: 0 1.00 INCH OR MORE: 0
[HDD (BASE 65) ]
TOTAL THIS MO. 97 CLEAR (SCALE 0-3) 12
DPTR FM NORMAL -19 PTCLDY (SCALE 4-7) 11
TOTAL FM JUL 1 8010 CLOUDY (SCALE 8-10) 7
DPTR FM NORMAL -396
[CDD (BASE 65) ]
TOTAL THIS MO. 112
DPTR FM NORMAL 63 [PRESSURE DATA]
TOTAL FM JAN 1 154 HIGHEST SLP 30.51 ON 14
DPTR FM NORMAL 99 LOWEST SLP 29.43 ON 3
[REMARKS]
#FINAL-06-20#