000
CXUS54 KSHV 011300
CF6MLU
PRELIMINARY LOCAL CLIMATOLOGICAL DATA (WS FORM: F-6)
STATION: MONROE
MONTH: SEPTEMBER
YEAR: 2023
LATITUDE: 32 30 N
LONGITUDE: 92 2 W
TEMPERATURE IN F: :PCPN: SNOW: WIND :SUNSHINE: SKY :PK WND
================================================================================
1 2 3 4 5 6A 6B 7 8 9 10 11 12 13 14 15 16 17 18
12Z AVG MX 2MIN
DY MAX MIN AVG DEP HDD CDD WTR SNW DPTH SPD SPD DIR MIN PSBL S-S WX SPD DR
================================================================================
1 97 67 82 1 0 17 0.00 0.0 0 6.4 16 50 M M 0 21 50
2 99 74 87 6 0 22 0.01 0.0 0 3.5 12 60 M M 2 17 90
3 98 76 87 7 0 22 0.00 0.0 0 2.4 9 140 M M 3 14 170
4 97 74 86 6 0 21 0.77 0.0 0 4.6 32 270 M M 2 123 44 280
5 98 74 86 6 0 21 0.00 0.0 0 2.8 9 160 M M 4 8 13 80
6 98 76 87 7 0 22 0.00 0.0 0 3.4 13 280 M M 0 3 19 280
7 98 74 86 6 0 21 0.00 0.0 0 4.2 23 40 M M 0 3 32 40
8 80 70 75 -4 0 10 0.46 0.0 0 3.8 25 340 M M 2 13 35 340
9 90 68 79 0 0 14 0.00 0.0 0 6.6 15 340 M M 0 18 22 50
10 87 64 76 -3 0 11 0.00 0.0 0 4.4 17 340 M M 2 22 350
11 93 63 78 -1 0 13 0.00 0.0 0 3.1 12 350 M M 1 16 340
12 90 69 80 2 0 15 0.00 0.0 0 4.3 14 360 M M 3 18 350
13 77 71 74 -4 0 9 0.74 0.0 0 5.9 12 50 M M 9 13 16 40
14 81 71 76 -2 0 11 0.00 0.0 0 6.9 14 50 M M 8 1 19 50
15 89 67 78 0 0 13 0.00 0.0 0 4.5 13 360 M M 4 17 10
16 90 65 78 1 0 13 0.00 0.0 0 3.8 14 340 M M 0 22 340
17 91 64 78 1 0 13 0.00 0.0 0 2.8 16 360 M M 0 21 360
18 92 63 78 1 0 13 0.00 0.0 0 4.4 12 350 M M 0 23 340
19 93 58 76 0 0 11 0.00 0.0 0 2.5 8 60 M M 0 15 250
20 94 66 80 4 0 15 0.00 0.0 0 2.5 13 200 M M 0 17 170
21 95 66 81 5 0 16 0.00 0.0 0 2.3 8 260 M M 1 12 80
22 89 70 80 5 0 15 0.00 0.0 0 3.7 12 60 M M 3 3 15 160
23 97 67 82 7 0 17 0.00 0.0 0 1.4 8 290 M M 1 1 10 310
24 86 73 80 5 0 15 0.09 0.0 0 2.4 17 300 M M 4 1 26 300
25 90 73 82 8 0 17 0.08 0.0 0 2.7 14 180 M M 4 13 23 180
26 94 70 82 8 0 17 0.03 0.0 0 1.5 15 60 M M 1 1 23 60
27 96 69 83 9 0 18 0.00 0.0 0 3.0 13 10 M M 1 1 16 80
28 94 69 82 9 0 17 0.00 0.0 0 3.9 13 20 M M 0 17 50
29 95 64 80 7 0 15 0.00 0.0 0 2.4 12 70 M M 0 1 16 110
30 95 61 78 6 0 13 0.00 0.0 0 3.0 13 50 M M 0 21 70
================================================================================
SM 2763 2056 0 467 2.18 0.0 109.1 M 55
================================================================================
AV 92.1 68.5 3.6 FASTST M M 2 MAX(MPH)
MISC ----> 32 270 44 280
================================================================================
NOTES:
# LAST OF SEVERAL OCCURRENCES
COLUMN 17 PEAK WIND IN M.P.H.
PRELIMINARY LOCAL CLIMATOLOGICAL DATA (WS FORM: F-6) , PAGE 2
STATION: MONROE
MONTH: SEPTEMBER
YEAR: 2023
LATITUDE: 32 30 N
LONGITUDE: 92 2 W
[TEMPERATURE DATA] [PRECIPITATION DATA] SYMBOLS USED IN COLUMN 16
AVERAGE MONTHLY: 80.3 TOTAL FOR MONTH: 2.18 1 = FOG OR MIST
DPTR FM NORMAL: 3.2 DPTR FM NORMAL: -1.37 2 = FOG REDUCING VISIBILITY
HIGHEST: 99 ON 2 GRTST 24HR 0.77 ON 4- 4 TO 1/4 MILE OR LESS
LOWEST: 58 ON 19 3 = THUNDER
SNOW, ICE PELLETS, HAIL 4 = ICE PELLETS
TOTAL MONTH: 0.0 INCH 5 = HAIL
GRTST 24HR 0.0 6 = FREEZING RAIN OR DRIZZLE
GRTST DEPTH: 0 7 = DUSTSTORM OR SANDSTORM:
VSBY 1/2 MILE OR LESS
8 = SMOKE OR HAZE
[NO. OF DAYS WITH] [WEATHER - DAYS WITH] 9 = BLOWING SNOW
X = TORNADO
MAX 32 OR BELOW: 0 0.01 INCH OR MORE: 7
MAX 90 OR ABOVE: 23 0.10 INCH OR MORE: 3
MIN 32 OR BELOW: 0 0.50 INCH OR MORE: 2
MIN 0 OR BELOW: 0 1.00 INCH OR MORE: 0
[HDD (BASE 65) ]
TOTAL THIS MO. 0 CLEAR (SCALE 0-3) 23
DPTR FM NORMAL -3 PTCLDY (SCALE 4-7) 6
TOTAL FM JUL 1 0 CLOUDY (SCALE 8-10) 1
DPTR FM NORMAL 0
[CDD (BASE 65) ]
TOTAL THIS MO. 467
DPTR FM NORMAL 101 [PRESSURE DATA]
TOTAL FM JAN 1 2862 HIGHEST SLP 30.14 ON 30
DPTR FM NORMAL 518 LOWEST SLP 29.84 ON 24
[REMARKS]
#FINAL-09-23#