000
CXUS54 KMOB 011555
CLMMOB
CLIMATE REPORT
NATIONAL WEATHER SERVICE MOBILE AL
955 AM CST FRI DEC 01 2023
...................................
...THE MOBILE CLIMATE SUMMARY FOR THE MONTH OF NOVEMBER 2023...
CLIMATE NORMAL PERIOD: 1991 TO 2020
CLIMATE RECORD PERIOD: 1842 TO 2023
WEATHER OBSERVED NORMAL DEPART LAST YEAR`S
VALUE DATE(S) VALUE FROM VALUE DATE(S)
NORMAL
................................................................
TEMPERATURE (F)
RECORD
HIGH 88 11/04/2016
11/08/2022
LOW 22 11/25/1950
HIGHEST 83 11/07 88 11/08
11/08
11/09
LOWEST 32 11/29 30 11/18
AVG. MAXIMUM 70.4 70.2 0.2 72.0
AVG. MINIMUM 49.4 47.7 1.7 51.4
MEAN 59.9 58.9 1.0 61.7
DAYS MAX >= 90 0 0.0 0.0 0
DAYS MAX <= 32 0 0.0 0.0 0
DAYS MIN <= 32 1 1.8 -0.8 1
DAYS MIN <= 0 0 0.0 0.0 0
PRECIPITATION (INCHES)
RECORD
MAXIMUM 13.65 1948
MINIMUM 0.06 1924
TOTALS 4.63 4.60 0.03 6.28
DAILY AVG. 0.15 0.15 -0.00 0.21
DAYS >= .01 11 7.7 3.3 12
DAYS >= .10 7 5.0 2.0 9
DAYS >= .50 4 2.7 1.3 5
DAYS >= 1.00 1 1.5 -0.5 2
SNOWFALL (INCHES)
RECORDS
TOTAL T 1966
TOTALS 0.0
SINCE 7/1 0.0
SNOWDEPTH AVG. 0
DAYS >= 1.0 0
GREATEST
SNOW DEPTH 0
24 HR TOTAL 0.0
DEGREE DAYS
HEATING TOTAL 172 218 -46 169
SINCE 7/1 206 268 -62 MM
COOLING TOTAL 25 37 -12 79
SINCE 1/1 3315 2583 732 MM
................................................................
WIND (MPH)
AVERAGE WIND SPEED 6.2
HIGHEST WIND SPEED/DIRECTION 25/150 DATE 11/21
HIGHEST GUST SPEED/DIRECTION 37/170 DATE 11/21
SKY COVER
POSSIBLE SUNSHINE (PERCENT) MM
AVERAGE SKY COVER 0.54
NUMBER OF DAYS FAIR 10
NUMBER OF DAYS PC 11
NUMBER OF DAYS CLOUDY 9
AVERAGE RH (PERCENT) 69
WEATHER CONDITIONS. NUMBER OF DAYS WITH
THUNDERSTORM 1 MIXED PRECIP 0
HEAVY RAIN 4 RAIN 5
LIGHT RAIN 11 FREEZING RAIN 0
LT FREEZING RAIN 0 HAIL 0
HEAVY SNOW 0 SNOW 0
LIGHT SNOW 0 SLEET 0
FOG 17 FOG W/VIS <= 1/4 MILE 3
HAZE 4
- INDICATES NEGATIVE NUMBERS.
R INDICATES RECORD WAS SET OR TIED.
MM INDICATES DATA IS MISSING.
T INDICATES TRACE AMOUNT.
$$