000
CXUS51 KPHI 010915
CF6MPO
PRELIMINARY LOCAL CLIMATOLOGICAL DATA (WS FORM: F-6)
STATION: MOUNT POCONO PA
MONTH: FEBRUARY
YEAR: 2020
LATITUDE: 41 8 N
LONGITUDE: 75 24 W
TEMPERATURE IN F: :PCPN: SNOW: WIND :SUNSHINE: SKY :PK WND
================================================================================
1 2 3 4 5 6A 6B 7 8 9 10 11 12 13 14 15 16 17 18
12Z AVG MX 2MIN
DY MAX MIN AVG DEP HDD CDD WTR SNW DPTH SPD SPD DIR MIN PSBL S-S WX SPD DR
================================================================================
1 35 30 33 9 32 0 0.00 M M 5.0 9 340 M M 10 12 11 320
2 32 26 29 5 36 0 0.19 M M 9.7 18 270 M M 10 126 23 270
3 48 31 40 16 25 0 T M M 10.6 24 290 M M 4 1 37 290
4 53 31 42 18 23 0 0.05 M M 8.1 23 320 M M 7 1 29 260
5 32 27 30 6 35 0 T M M 11.9 25 320 M M 10 1 32 320
6 35 26 31 7 34 0 0.09 M M 5.2 15 110 M M 10 126 23 80
7 38 21 30 5 35 0 0.53 M M 15.8 37 280 M M 10 128 50 280
8 29 17 23 -2 42 0 T M M 11.1 25 260 M M 6 34 240
9 32 17 25 0 40 0 T M M 4.6 16 170 M M 9 1 21 130
10 38 30 34 9 31 0 0.04 M M 9.5 20 220 M M 10 16 29 220
11 43 32 38 13 27 0 0.04 M M 6.8 20 300 M M 10 12 24 290
12 37 28 33 8 32 0 0.09 M M 8.5 21 300 M M 5 16 28 300
13 35 30 33 7 32 0 0.29 M M 11.0 24 300 M M 10 126 35 300
14 30 4 17 -9 48 0 0.01 M M 17.3 29 300 M M 4 1 40 300
15 23 0 12 -14 53 0 0.00 M M 7.4 17 220 M M 0 25 220
16 37 21 29 3 36 0 0.00 M M 10.6 18 250 M M 8 23 250
17 42 26 34 8 31 0 0.00 M M 8.7 15 270 M M 0 18 270
18 40 26 33 7 32 0 0.10 M M 8.3 17 290 M M 10 1 24 290
19 37 21 29 2 36 0 0.00 M M 15.6 31 300 M M 3 39 320
20 25 13 19 -8 46 0 0.00 M M 11.1 17 300 M M 4 24 290
21 29 11 20 -7 45 0 T M M 12.4 23 330 M M 3 30 320
22 41 20 31 4 34 0 0.00 M M 13.2 23 270 M M 0 30 280
23 50 25 38 10 27 0 0.00 M M 9.2 16 230 M M 0 23 240
24 54 29 42 14 23 0 0.00 M M 5.0 14 220 M M 2 17 220
25 46 33 40 12 25 0 0.07 M M 4.0 10 70 M M 10 12 15 90
26 41 37 39 11 26 0 0.10 M M 8.1 20 100 M M 10 12 29 100
27 38 20 29 1 36 0 0.66 M M 23.3 38 270 M M 9 12 49 270
28 28 18 23 -6 42 0 T M M 17.1 30 270 M M 5 41 250
29 23 15 19 -10 46 0 T M M 15.1 25 320 M M 6 34 290
================================================================================
SM 1071 665 1010 0 2.26 M 304.2 M 185
================================================================================
AV 36.9 22.9 10.5 FASTST M M 6 MAX(MPH)
MISC ----> 38 270 50 280
================================================================================
NOTES:
# LAST OF SEVERAL OCCURRENCES
COLUMN 17 PEAK WIND IN M.P.H.
PRELIMINARY LOCAL CLIMATOLOGICAL DATA (WS FORM: F-6) , PAGE 2
STATION: MOUNT POCONO PA
MONTH: FEBRUARY
YEAR: 2020
LATITUDE: 41 8 N
LONGITUDE: 75 24 W
[TEMPERATURE DATA] [PRECIPITATION DATA] SYMBOLS USED IN COLUMN 16
AVERAGE MONTHLY: 29.9 TOTAL FOR MONTH: 2.26 1 = FOG OR MIST
DPTR FM NORMAL: 3.9 DPTR FM NORMAL: -0.15 2 = FOG REDUCING VISIBILITY
HIGHEST: 54 ON 24 GRTST 24HR 0.75 ON 26-27 TO 1/4 MILE OR LESS
LOWEST: 0 ON 15 3 = THUNDER
SNOW, ICE PELLETS, HAIL 4 = ICE PELLETS
TOTAL MONTH: M 5 = HAIL
GRTST 24HR M ON M 6 = FREEZING RAIN OR DRIZZLE
GRTST DEPTH: M ON M 7 = DUSTSTORM OR SANDSTORM:
VSBY 1/2 MILE OR LESS
8 = SMOKE OR HAZE
[NO. OF DAYS WITH] [WEATHER - DAYS WITH] 9 = BLOWING SNOW
X = TORNADO
MAX 32 OR BELOW: 10 0.01 INCH OR MORE: 13
MAX 90 OR ABOVE: 0 0.10 INCH OR MORE: 6
MIN 32 OR BELOW: 27 0.50 INCH OR MORE: 2
MIN 0 OR BELOW: 1 1.00 INCH OR MORE: 0
[HDD (BASE 65) ]
TOTAL THIS MO. 1010 CLEAR (SCALE 0-3) 7
DPTR FM NORMAL -82 PTCLDY (SCALE 4-7) 9
TOTAL FM JUL 1 4836 CLOUDY (SCALE 8-10) 13
DPTR FM NORMAL -359
[CDD (BASE 65) ]
TOTAL THIS MO. 0
DPTR FM NORMAL 0 [PRESSURE DATA]
TOTAL FM JAN 1 0 HIGHEST SLP 30.60 ON 15
DPTR FM NORMAL 0 LOWEST SLP 28.86 ON 7
[REMARKS]
#FINAL-02-20#