000
CXUS51 KBTV 010700
CF6MPV
PRELIMINARY LOCAL CLIMATOLOGICAL DATA (WS FORM: F-6)
STATION: MONTPELIER VT
MONTH: OCTOBER
YEAR: 2022
LATITUDE: 44 12 N
LONGITUDE: 72 34 W
TEMPERATURE IN F: :PCPN: SNOW: WIND :SUNSHINE: SKY :PK WND
================================================================================
1 2 3 4 5 6A 6B 7 8 9 10 11 12 13 14 15 16 17 18
12Z AVG MX 2MIN
DY MAX MIN AVG DEP HDD CDD WTR SNW DPTH SPD SPD DIR MIN PSBL S-S WX SPD DR
================================================================================
1 68 40 54 3 11 0 0.00 M M 3.3 13 10 M M 4 128 19 20
2 57 37 47 -4 18 0 0.00 M M 5.6 15 350 M M 2 20 350
3 61 29 45 -5 20 0 0.00 M M 1.2 8 10 M M 1 128 13 20
4 63 36 50 0 15 0 0.00 M M 0.6 7 320 M M 1 128 9 290
5 71 43 57 7 8 0 0.00 M M 1.2 6 310 M M 0 M M
6 76 39 58 9 7 0 T M M 1.6 9 310 M M 1 128 12 310
7 70 43 57 8 8 0 0.12 M M 5.1 21 310 M M 9 1 29 310
8 51 37 44 -4 21 0 0.00 M M 6.9 16 300 M M 4 22 310
9 53 34 44 -4 21 0 0.02 M M 6.0 16 200 M M 6 128 26 250
10 53 32 43 -5 22 0 T M M 2.0 13 340 M M 6 128 16 340
11 63 29 46 -1 19 0 0.00 M M 1.6 10 260 M M 4 128 15 250
12 71 35 53 6 12 0 T M M 4.5 16 170 M M 0 23 200
13 64 48 56 10 9 0 0.87 M M 10.6 23 160 M M 7 1 30 150
14 58 44 51 5 14 0 1.01 M M 3.0 10 300 M M 8 128 15 280
15 65 43 54 8 11 0 0.00 M M 4.6 16 160 M M 5 12 21 150
16 61 37 49 4 16 0 0.00 M M 1.7 8 90 M M 2 10 70
17 57 33 45 0 20 0 0.07 M M 2.7 20 170 M M 8 128 26 170
18 56 32 44 -1 21 0 0.05 M M 2.9 10 230 M M 6 12 15 220
19 53 30 42 -2 23 0 0.00 M M 4.2 15 220 M M 6 128 21 220
20 51 35 43 -1 22 0 0.00 M M 6.9 15 200 M M 5 22 200
21 58 33 46 2 19 0 0.00 M M 5.6 15 170 M M 0 20 210
22 69 34 52 9 13 0 0.00 M M 4.7 17 150 M M 0 20 150
23 68 37 53 10 12 0 0.00 M M 0.8 6 180 M M 0 7 190
24 61 49 55 12 10 0 0.10 M M 1.2 8 170 M M 10 18 10 180
25 69 57 63 21 2 0 T M M 6.1 16 170 M M 8 18 21 140
26 72 62 67 25 0 2 0.04 M M 6.2 13 240 M M 9 18 20 230
27 63 33 48 6 17 0 T M M 8.7 23 320 M M 4 32 320
28 51 27 39 -2 26 0 0.00 M M 2.1 7 20 M M 0 9 40
29 64 26 45 4 20 0 0.00 M M 2.1 9 160 M M 1 128 11 160
30 68 26 47 7 18 0 0.00 M M 1.6 14 180 M M 0 19 170
31 63 29 46 6 19 0 T M M 2.8 13 160 M M 2 15 170
================================================================================
SM 1928 1149 474 2 2.28 M 118.1 M 119
================================================================================
AV 62.2 37.1 3.8 FASTST M M 4 MAX(MPH)
MISC ----> # 23 160 32 320
================================================================================
NOTES:
# LAST OF SEVERAL OCCURRENCES
COLUMN 17 PEAK WIND IN M.P.H.
PRELIMINARY LOCAL CLIMATOLOGICAL DATA (WS FORM: F-6) , PAGE 2
STATION: MONTPELIER VT
MONTH: OCTOBER
YEAR: 2022
LATITUDE: 44 12 N
LONGITUDE: 72 34 W
[TEMPERATURE DATA] [PRECIPITATION DATA] SYMBOLS USED IN COLUMN 16
AVERAGE MONTHLY: 49.6 TOTAL FOR MONTH: 2.28 1 = FOG OR MIST
DPTR FM NORMAL: 4.1 DPTR FM NORMAL: -1.59 2 = FOG REDUCING VISIBILITY
HIGHEST: 76 ON 6 GRTST 24HR 1.88 ON 13-14 TO 1/4 MILE OR LESS
LOWEST: 26 ON 30,29 3 = THUNDER
SNOW, ICE PELLETS, HAIL 4 = ICE PELLETS
TOTAL MONTH: M 5 = HAIL
GRTST 24HR M ON M 6 = FREEZING RAIN OR DRIZZLE
GRTST DEPTH: M ON M 7 = DUSTSTORM OR SANDSTORM:
VSBY 1/2 MILE OR LESS
8 = SMOKE OR HAZE
[NO. OF DAYS WITH] [WEATHER - DAYS WITH] 9 = BLOWING SNOW
X = TORNADO
MAX 32 OR BELOW: 0 0.01 INCH OR MORE: 8
MAX 90 OR ABOVE: 0 0.10 INCH OR MORE: 4
MIN 32 OR BELOW: 9 0.50 INCH OR MORE: 2
MIN 0 OR BELOW: 0 1.00 INCH OR MORE: 1
[HDD (BASE 65) ]
TOTAL THIS MO. 474 CLEAR (SCALE 0-3) 14
DPTR FM NORMAL -131 PTCLDY (SCALE 4-7) 12
TOTAL FM JUL 1 679 CLOUDY (SCALE 8-10) 5
DPTR FM NORMAL -283
[CDD (BASE 65) ]
TOTAL THIS MO. 2
DPTR FM NORMAL 2 [PRESSURE DATA]
TOTAL FM JAN 1 431 HIGHEST SLP M ON M
DPTR FM NORMAL 204 LOWEST SLP 29.57 ON 18
[REMARKS]
#FINAL-10-22#