000
CXUS53 KMQT 032254
CF6MQT
PRELIMINARY LOCAL CLIMATOLOGICAL DATA (WS FORM: F-6)
STATION: MARQUETTE MI
MONTH: FEBRUARY
YEAR: 2021
LATITUDE: 46 31 N
LONGITUDE: 87 33 W
TEMPERATURE IN F: :PCPN: SNOW: WIND :SUNSHINE: SKY :PK WND
================================================================================
1 2 3 4 5 6A 6B 7 8 9 10 11 12 13 14 15 16 17 18
12Z AVG MX 2MIN
DY MAX MIN AVG DEP HDD CDD WTR SNW DPTH SPD SPD DIR MIN PSBL S-S WX SPD DR
================================================================================
1 31 14 23 10 42 0 T T 14 M M M M M M 20 360
2 27 19 23 9 42 0 T T 14 M M M M M M 21 360
3 36 0 18 4 47 0 0.00 0.0 14 M M M M M M 14 225
4 33 25 29 15 36 0 0.53 6.1 19 M M M M M M 29 180
5 25 2 14 0 51 0 0.06 1.2 19 M M M M M M 9 31 270
6 6 -8 -1 -15 66 0 0.01 0.4 19 M M M M M M 30 270
7 2 -13 -5 -19 70 0 0.00 0.0 19 M M M M M M 9 27 270
8 4 -11 -3 -17 68 0 0.00 0.0 19 M M M M M M 7 270
9 7 -13 -3 -17 68 0 0.00 0.0 19 M M M M M M 22 270
10 8 -11 -1 -15 66 0 T T 18 M M M M M M 15 315
11 13 -12 1 -14 64 0 T T 18 M M M M M M 13 45
12 11 -6 3 -12 62 0 0.07 0.7 18 M M M M M M 18 270
13 7 -6 1 -14 64 0 0.13 1.3 18 M M M M M M 20 270
14 1 -15 -7 -22 72 0 T T 18 M M M M M M 25 270
15 5 -18 -6 -22 71 0 T 0.1 18 M M M M M M 18 315
16 14 -4 5 -11 60 0 0.02 0.4 18 M M M M M M 19 315
17 22 -13 5 -11 60 0 0.00 0.0 18 M M M M M M 17 180
18 23 1 12 -4 53 0 0.04 0.9 18 M M M M M M 12 180
19 21 5 13 -4 52 0 0.06 1.9 19 M M M M M M 13 90
20 25 -8 9 -8 56 0 0.00 0.0 20 M M M M M M 18 225
21 32 13 23 6 42 0 0.09 0.9 20 M M M M M M 28 180
22 38 20 29 11 36 0 0.03 0.9 21 M M M M M M 27 225
23 40 29 35 17 30 0 T T 19 M M M M M M 30 270
24 31 3 17 -1 48 0 0.32 3.3 20 M M M M M M 25 315
25 31 3 17 -1 48 0 T 0.2 20 M M M M M M 21 315
26 42 11 27 8 38 0 0.00 0.0 20 M M M M M M 34 180
27 41 24 33 14 32 0 T T 20 M M M M M M 1 27 225
28 31 20 26 6 39 0 0.31 3.4 22 M M M M M M 12 30 270
================================================================================
SM 607 51 1483 0 1.67 21.7 M M M
================================================================================
AV 21.7 1.8 M FASTST M M M MAX(MPH)
MISC ----> M M 34 180
================================================================================
NOTES:
# LAST OF SEVERAL OCCURRENCES
COLUMN 17 PEAK WIND IN M.P.H.
PRELIMINARY LOCAL CLIMATOLOGICAL DATA (WS FORM: F-6) , PAGE 2
STATION: MARQUETTE MI
MONTH: FEBRUARY
YEAR: 2021
LATITUDE: 46 31 N
LONGITUDE: 87 33 W
[TEMPERATURE DATA] [PRECIPITATION DATA] SYMBOLS USED IN COLUMN 16
AVERAGE MONTHLY: 11.8 TOTAL FOR MONTH: 1.67 1 = FOG OR MIST
DPTR FM NORMAL: -4.0 DPTR FM NORMAL: -0.57 2 = FOG REDUCING VISIBILITY
HIGHEST: 42 ON 26 GRTST 24HR 0.53 ON 4- 4 TO 1/4 MILE OR LESS
LOWEST: -18 ON 15 3 = THUNDER
SNOW, ICE PELLETS, HAIL 4 = ICE PELLETS
TOTAL MONTH: 21.7 INCHES 5 = HAIL
GRTST 24HR 6.1 ON 4- 4 6 = FREEZING RAIN OR DRIZZLE
GRTST DEPTH: 22 ON 28 7 = DUSTSTORM OR SANDSTORM:
VSBY 1/2 MILE OR LESS
8 = SMOKE OR HAZE
[NO. OF DAYS WITH] [WEATHER - DAYS WITH] 9 = BLOWING SNOW
X = TORNADO
MAX 32 OR BELOW: 22 0.01 INCH OR MORE: 12
MAX 90 OR ABOVE: 0 0.10 INCH OR MORE: 4
MIN 32 OR BELOW: 28 0.50 INCH OR MORE: 1
MIN 0 OR BELOW: 14 1.00 INCH OR MORE: 0
[HDD (BASE 65) ]
TOTAL THIS MO. 1483 CLEAR (SCALE 0-3) 0
DPTR FM NORMAL 107 PTCLDY (SCALE 4-7) 0
TOTAL FM JUL 1 6273 CLOUDY (SCALE 8-10) 28
DPTR FM NORMAL -227
[CDD (BASE 65) ]
TOTAL THIS MO. 0
DPTR FM NORMAL 0 [PRESSURE DATA]
TOTAL FM JAN 1 0 HIGHEST SLP M ON M
DPTR FM NORMAL 0 LOWEST SLP M ON M
[REMARKS]
#FINAL-02-21#