000
CXUS53 KMQT 020521
CLMMQT
CLIMATE REPORT
NATIONAL WEATHER SERVICE MARQUETTE MI
1221 AM EST SAT DEC 02 2023
...................................
...THE MARQUETTE MI CLIMATE SUMMARY FOR THE MONTH OF NOVEMBER 2023...
CLIMATE NORMAL PERIOD: 1991 TO 2020
CLIMATE RECORD PERIOD: 1961 TO 2023
WEATHER OBSERVED NORMAL DEPART LAST YEAR`S
VALUE DATE(S) VALUE FROM VALUE DATE(S)
NORMAL
................................................................
TEMPERATURE (F)
RECORD
HIGH 75 11/06/2020
LOW -13 11/29/1976
HIGHEST 61 11/16 35 26 71 11/02
LOWEST 12 11/27 22 -10 10 11/14
AVG. MAXIMUM 39.3 37.4 1.9 41.5
AVG. MINIMUM 24.8 24.2 0.6 27.4
MEAN 32.0 30.8 1.3 34.5
DAYS MAX >= 90 0 0.0 0.0 0
DAYS MAX <= 32 5 10.2 -5.2 10
DAYS MIN <= 32 30 25.1 4.9 19
DAYS MIN <= 0 0 0.4 -0.4 0
PRECIPITATION (INCHES)
RECORD
MAXIMUM 8.25 1988
MINIMUM 0.81 1962
TOTALS 1.78 2.90 -1.12 3.99
DAILY AVG. 0.06 0.10 -0.04 0.13
DAYS >= .01 12 15.2 -3.2 17
DAYS >= .10 5 7.0 -2.0 10
DAYS >= .50 1 1.6 -0.6 3
DAYS >= 1.00 0 0.4 -0.4 1
GREATEST
24 HR. TOTAL 0.51 11/08 TO 11/08
SNOWFALL (INCHES)
RECORDS
TOTAL 53.0 2014
TOTALS 7.8 24.2 -16.4 21.8
SINCE 7/1 8.4 29.6 -21.2 MM
SNOWDEPTH AVG. 1 2
DAYS >= 1.0 3 6.3 -3.3 7
GREATEST
SNOW DEPTH 3 11/08 7 11/20
24 HR TOTAL MM
DEGREE DAYS
HEATING TOTAL 983 1026 -43 907
SINCE 7/1 1963 2167 -204 MM
COOLING TOTAL 0 0 0 0
SINCE 1/1 278 237 41 MM
................................................................
WIND (MPH)
AVERAGE WIND SPEED MM
HIGHEST WIND SPEED/DIRECTION MM DATE MM
HIGHEST GUST SPEED/DIRECTION 36/270 DATE 11/13
36/180 11/16
SKY COVER
POSSIBLE SUNSHINE (PERCENT) MM
AVERAGE SKY COVER MM
NUMBER OF DAYS FAIR 0
NUMBER OF DAYS PC 0
NUMBER OF DAYS CLOUDY 0
AVERAGE RH (PERCENT) MM
WEATHER CONDITIONS. NUMBER OF DAYS WITH
THUNDERSTORM 0 MIXED PRECIP 2
HEAVY RAIN 0 RAIN 0
LIGHT RAIN 6 FREEZING RAIN 0
LT FREEZING RAIN 2 HAIL 0
HEAVY SNOW 0 SNOW 1
LIGHT SNOW 17 SLEET 2
FOG 0 FOG W/VIS <= 1/4 MILE 0
HAZE 0
- INDICATES NEGATIVE NUMBERS.
R INDICATES RECORD WAS SET OR TIED.
MM INDICATES DATA IS MISSING.
T INDICATES TRACE AMOUNT.
$$