000
CXUS54 KMAF 011110
CF6MRF
PRELIMINARY LOCAL CLIMATOLOGICAL DATA (WS FORM: F-6)
STATION: MARFA
MONTH: JULY
YEAR: 2020
LATITUDE: 30 22 N
LONGITUDE: 104 1 W
TEMPERATURE IN F: :PCPN: SNOW: WIND :SUNSHINE: SKY :PK WND
================================================================================
1 2 3 4 5 6A 6B 7 8 9 10 11 12 13 14 15 16 17 18
12Z AVG MX 2MIN
DY MAX MIN AVG DEP HDD CDD WTR SNW DPTH SPD SPD DIR MIN PSBL S-S WX SPD DR
================================================================================
1 92 64 78 M 0 13 M M M 8.5 17 320 M M 4 17 50
2 89 66 78 M 0 13 T M M 7.6 17 320 M M 2 3 24 340
3 89 64 77 M 0 12 0.03 M M 4.9 21 300 M M 1 3 24 300
4 93 60 77 M 0 12 0.03 M M 6.0 14 10 M M 2 3 23 290
5 92 63 78 M 0 13 0.21 M M 7.2 20 190 M M 4 3 38 220
6 93 59 76 M 0 11 T M M 7.0 24 330 M M 1 30 330
7 90 59 75 M 0 10 T M M 6.2 18 300 M M 2 38 24 110
8 93 61 77 M 0 12 M M M 5.2 18 40 M M 0 3 22 80
9 101 62 82 M 0 17 M M M 7.7 20 120 M M 0 24 120
10 100 62 81 M 0 16 M M M 8.4 16 100 M M 0 25 80
11 99 60 80 M 0 15 M M M 7.0 16 110 M M 0 28 110
12 98 58 78 M 0 13 M M M 7.9 14 170 M M 0 8 21 170
13 100 61 81 M 0 16 M M M 6.4 12 170 M M 0 16 99
14 102 70 86 M 0 21 0.01 M M 7.1 32 30 M M 0 38 43 30
15 76 71 74 M 0 9 M M M 8.1 23 120 M M 0 31 110
16 95 60 78 M 0 13 M M M 7.7 16 110 M M 0 24 110
17 97 63 80 M 0 15 0.03 M M 6.3 15 100 M M 0 3 35 120
18 91 63 77 M 0 12 0.53 M M 3.7 21 230 M M 1 3 43 100
19 91 60 76 M 0 11 M M M 7.4 16 120 M M 1 29 120
20 89 61 75 M 0 10 0.33 0.0 0 5.0 18 80 M M 2 3 30 80
21 86 66 76 M 0 11 0.15 M M 5.2 18 20 M M 4 38 41 260
22 88 62 75 M 0 10 0.01 M M 6.6 14 170 M M 2 3 31 330
23 89 62 76 M 0 11 T M M 7.5 18 110 M M 3 30 150
24 89 62 76 M 0 11 T M M 5.6 14 120 M M 4 18 210
25 85 62 74 M 0 9 T M M 4.9 26 220 M M 3 3 33 220
26 87 62 75 M 0 10 M M M 9.3 18 70 M M 2 30 40
27 88 58 73 M 0 8 M M M 9.6 17 130 M M 3 23 100
28 92 58 75 M 0 10 M M M 6.2 16 100 M M 2 17 90
29 94 60 77 M 0 12 M M M 5.4 13 120 M M 2 20 190
30 98 59 79 M 0 14 M M M 8.1 20 50 M M 1 31 70
31 89 62 76 M 0 11 M M M 12.8 30 30 M M 1 8 40 30
================================================================================
SM 2855 1920 0 381 1.33 0.0 216.3 M 47
================================================================================
AV 92.1 61.9 7.0 FASTST M M 2 MAX(MPH)
MISC ----> 32 30 # 43 30
================================================================================
NOTES:
# LAST OF SEVERAL OCCURRENCES
COLUMN 17 PEAK WIND IN M.P.H.
PRELIMINARY LOCAL CLIMATOLOGICAL DATA (WS FORM: F-6) , PAGE 2
STATION: MARFA
MONTH: JULY
YEAR: 2020
LATITUDE: 30 22 N
LONGITUDE: 104 1 W
[TEMPERATURE DATA] [PRECIPITATION DATA] SYMBOLS USED IN COLUMN 16
AVERAGE MONTHLY: 77.0 TOTAL FOR MONTH: 1.33 1 = FOG OR MIST
DPTR FM NORMAL: 0.0 DPTR FM NORMAL: M 2 = FOG REDUCING VISIBILITY
HIGHEST: 102 ON 14 GRTST 24HR 0.53 ON 18-18 TO 1/4 MILE OR LESS
LOWEST: 58 ON 28,27 3 = THUNDER
SNOW, ICE PELLETS, HAIL 4 = ICE PELLETS
TOTAL MONTH: 0.0 INCH 5 = HAIL
GRTST 24HR 0.0 6 = FREEZING RAIN OR DRIZZLE
GRTST DEPTH: 0 7 = DUSTSTORM OR SANDSTORM:
VSBY 1/2 MILE OR LESS
8 = SMOKE OR HAZE
[NO. OF DAYS WITH] [WEATHER - DAYS WITH] 9 = BLOWING SNOW
X = TORNADO
MAX 32 OR BELOW: 0 0.01 INCH OR MORE: 9
MAX 90 OR ABOVE: 19 0.10 INCH OR MORE: 4
MIN 32 OR BELOW: 0 0.50 INCH OR MORE: 1
MIN 0 OR BELOW: 0 1.00 INCH OR MORE: 0
[HDD (BASE 65) ]
TOTAL THIS MO. 0 CLEAR (SCALE 0-3) 26
DPTR FM NORMAL M PTCLDY (SCALE 4-7) 5
TOTAL FM JUL 1 0 CLOUDY (SCALE 8-10) 0
DPTR FM NORMAL M
[CDD (BASE 65) ]
TOTAL THIS MO. 381
DPTR FM NORMAL M [PRESSURE DATA]
TOTAL FM JAN 1 810 HIGHEST SLP M ON M
DPTR FM NORMAL M LOWEST SLP M ON M
[REMARKS]
#FINAL-07-20#