000
CXUS54 KHUN 052021
CF6MSL
PRELIMINARY LOCAL CLIMATOLOGICAL DATA (WS FORM: F-6)
STATION: MUSCLE SHOALS
MONTH: JUNE
YEAR: 2022
LATITUDE: 34 45 N
LONGITUDE: 87 37 W
TEMPERATURE IN F: :PCPN: SNOW: WIND :SUNSHINE: SKY :PK WND
================================================================================
1 2 3 4 5 6A 6B 7 8 9 10 11 12 13 14 15 16 17 18
12Z AVG MX 2MIN
DY MAX MIN AVG DEP HDD CDD WTR SNW DPTH SPD SPD DIR MIN PSBL S-S WX SPD DR
================================================================================
1 93 67 80 4 0 15 0.00 0.0 0 2.5 9 300 M M 2 1 14 280
2 89 69 79 3 0 14 0.45 0.0 0 3.0 16 300 M M 4 13 23 290
3 85 67 76 0 0 11 0.00 0.0 0 5.9 13 40 M M 2 18 30
4 86 59 73 -3 0 8 0.00 0.0 0 4.7 14 90 M M 0 20 100
5 88 61 75 -1 0 10 0.00 0.0 0 4.9 14 140 M M 2 23 160
6 89 67 78 1 0 13 0.01 0.0 0 8.3 20 220 M M 2 33 200
7 90 72 81 4 0 16 0.12 0.0 0 8.5 17 240 M M 7 13 25 250
8 87 68 78 1 0 13 0.27 0.0 0 5.4 16 210 M M 5 138 25 210
9 87 66 77 0 0 12 0.00 0.0 0 6.3 12 340 M M 6 18 30
10 81 60 71 -7 0 6 0.00 0.0 0 2.5 10 170 M M 1 1 13 150
11 88 61 75 -3 0 10 0.00 0.0 0 2.5 12 250 M M 1 12 16 260
12 93 68 81 3 0 16 0.00 0.0 0 5.3 15 230 M M 2 1 20 240
13 96 75 86 8 0 21 0.00 0.0 0 6.4 17 190 M M 1 1 26 240
14 96 74 85 7 0 20 0.00 0.0 0 4.5 15 300 M M 1 23 240
15 99 75 87 9 0 22 0.00 0.0 0 4.6 20 150 M M 1 1 26 170
16 99 72 86 7 0 21 0.00 0.0 0 3.4 12 140 M M 1 17 20
17 97 72 85 6 0 20 0.01 0.0 0 4.1 22 30 M M 1 13 35 30
18 95 69 82 3 0 17 0.00 0.0 0 5.8 15 30 M M 1 1 22 340
19 91 63 77 -2 0 12 0.00 0.0 0 5.8 13 30 M M 0 18 30
20 95 58 77 -2 0 12 0.00 0.0 0 2.9 12 30 M M 0 16 70
21 100 67 84 4 0 19 0.00 0.0 0 2.7 13 300 M M 1 17 300
22 102 72 87 7 0 22 0.00 0.0 0 3.0 12 320 M M 1 13 16 320
23 98 75 87 7 0 22 0.00 0.0 0 5.3 13 50 M M 1 21 20
24 96 67 82 2 0 17 0.00 0.0 0 2.9 14 60 M M 0 19 80
25 99 67 83 3 0 18 0.00 0.0 0 4.0 15 150 M M 1 21 150
26 96 73 85 5 0 20 T 0.0 0 4.6 20 320 M M 1 3 31 340
27 90 74 82 2 0 17 0.00 0.0 0 7.3 14 60 M M 4 22 340
28 93 70 82 2 0 17 0.00 0.0 0 7.9 13 50 M M 0 18 60
29 95 67 81 1 0 16 0.00 0.0 0 4.0 21 190 M M 3 29 190
30 95 71 83 2 0 18 0.00 0.0 0 5.3 15 160 M M 1 19 140
================================================================================
SM 2788 2046 0 475 0.86 0.0 144.3 M 53
================================================================================
AV 92.9 68.2 4.8 FASTST M M 2 MAX(MPH)
MISC ----> 22 30 35 30
================================================================================
NOTES:
# LAST OF SEVERAL OCCURRENCES
COLUMN 17 PEAK WIND IN M.P.H.
PRELIMINARY LOCAL CLIMATOLOGICAL DATA (WS FORM: F-6) , PAGE 2
STATION: MUSCLE SHOALS
MONTH: JUNE
YEAR: 2022
LATITUDE: 34 45 N
LONGITUDE: 87 37 W
[TEMPERATURE DATA] [PRECIPITATION DATA] SYMBOLS USED IN COLUMN 16
AVERAGE MONTHLY: 80.6 TOTAL FOR MONTH: 0.86 1 = FOG OR MIST
DPTR FM NORMAL: 2.2 DPTR FM NORMAL: -4.19 2 = FOG REDUCING VISIBILITY
HIGHEST: 102 ON 22 GRTST 24HR 0.45 ON 2- 2 TO 1/4 MILE OR LESS
LOWEST: 58 ON 20 3 = THUNDER
SNOW, ICE PELLETS, HAIL 4 = ICE PELLETS
TOTAL MONTH: 0.0 INCH 5 = HAIL
GRTST 24HR 0.0 6 = FREEZING RAIN OR DRIZZLE
GRTST DEPTH: 0 7 = DUSTSTORM OR SANDSTORM:
VSBY 1/2 MILE OR LESS
8 = SMOKE OR HAZE
[NO. OF DAYS WITH] [WEATHER - DAYS WITH] 9 = BLOWING SNOW
X = TORNADO
MAX 32 OR BELOW: 0 0.01 INCH OR MORE: 5
MAX 90 OR ABOVE: 21 0.10 INCH OR MORE: 3
MIN 32 OR BELOW: 0 0.50 INCH OR MORE: 0
MIN 0 OR BELOW: 0 1.00 INCH OR MORE: 0
[HDD (BASE 65) ]
TOTAL THIS MO. 0 CLEAR (SCALE 0-3) 25
DPTR FM NORMAL 0 PTCLDY (SCALE 4-7) 5
TOTAL FM JUL 1 2565 CLOUDY (SCALE 8-10) 0
DPTR FM NORMAL -256
[CDD (BASE 65) ]
TOTAL THIS MO. 475
DPTR FM NORMAL 73 [PRESSURE DATA]
TOTAL FM JAN 1 808 HIGHEST SLP 30.23 ON 21
DPTR FM NORMAL 100 LOWEST SLP 29.78 ON 7
[REMARKS]
#FINAL-06-22#