000
CXUS53 KMKX 011631
CF6MSN
PRELIMINARY LOCAL CLIMATOLOGICAL DATA (WS FORM: F-6)
STATION: MADISON WI
MONTH: MARCH
YEAR: 2020
LATITUDE: 43 7 N
LONGITUDE: 89 20 W
TEMPERATURE IN F: :PCPN: SNOW: WIND :SUNSHINE: SKY :PK WND
================================================================================
1 2 3 4 5 6A 6B 7 8 9 10 11 12 13 14 15 16 17 18
12Z AVG MX 2MIN
DY MAX MIN AVG DEP HDD CDD WTR SNW DPTH SPD SPD DIR MIN PSBL S-S WX SPD DR
================================================================================
1 52 27 40 12 25 0 0.00 0.0 7 7.6 17 200 M M 5 30 190
2 42 28 35 7 30 0 0.00 0.0 6 5.2 14 310 M M 3 21 330
3 44 30 37 8 28 0 0.06 0.6 5 6.9 16 290 M M 6 12 28 290
4 43 31 37 8 28 0 0.00 0.0 5 5.8 14 340 M M 3 21 330
5 46 30 38 8 27 0 T 0.1 4 11.7 25 330 M M 8 14 39 340
6 40 27 34 4 31 0 T T 3 10.6 26 340 M M 3 43 320
7 50 25 38 8 27 0 0.00 0.0 3 11.9 21 190 M M 3 18 32 200
8 62 38 50 19 15 0 0.00 0.0 2 13.7 21 190 M M 4 32 210
9 52 36 44 13 21 0 0.50 0.0 0 8.6 17 340 M M 7 1 28 230
10 47 30 39 7 26 0 T 0.0 0 6.7 16 340 M M 6 1 22 340
11 43 33 38 6 27 0 0.23 0.0 0 4.9 16 180 M M 9 128 23 170
12 51 35 43 11 22 0 0.05 0.0 0 11.3 24 170 M M 8 18 35 310
13 47 31 39 6 26 0 0.00 0.0 0 9.7 21 300 M M 3 32 290
14 35 27 31 -2 34 0 0.00 0.0 0 8.3 15 40 M M 8 18 50
15 41 25 33 -1 32 0 0.00 0.0 0 6.6 14 30 M M 7 17 30
16 41 25 33 -1 32 0 0.00 0.0 0 4.6 10 190 M M 9 16 200
17 46 28 37 3 28 0 0.00 0.0 0 8.2 16 340 M M 5 28 320
18 40 32 36 1 29 0 0.34 2.1 0 6.2 12 40 M M 10 1 14 40
19 46 38 42 7 23 0 1.29 0.0 0 8.4 16 350 M M 10 123 22 350
20 39 25 32 -4 33 0 0.34 T 0 12.8 24 340 M M 8 1 39 330
21 36 19 28 -8 37 0 0.00 0.0 0 6.6 18 130 M M 3 23 130
22 36 26 31 -5 34 0 T T 0 10.3 17 150 M M 10 1 23 130
23 44 29 37 0 28 0 0.00 0.0 0 5.0 10 200 M M 9 18 14 210
24 48 36 42 5 23 0 0.00 0.0 0 6.4 16 170 M M 8 18 22 150
25 52 35 44 6 21 0 0.03 0.0 0 6.7 14 190 M M 9 18 19 200
26 45 36 41 3 24 0 0.01 0.0 0 6.5 15 10 M M 9 1 19 10
27 56 33 45 7 20 0 0.13 0.0 0 8.3 17 80 M M 7 18 24 120
28 50 41 46 7 19 0 0.45 0.0 0 10.2 20 100 M M 10 13 25 120
29 49 39 44 5 21 0 0.04 0.0 0 10.5 21 300 M M 10 12 33 290
30 57 38 48 8 17 0 0.00 0.0 0 12.2 26 10 M M 8 32 10
31 39 31 35 -5 30 0 T T 0 7.9 16 40 M M 9 21 10
================================================================================
SM 1419 964 818 0 3.47 2.8 260.3 M 217
================================================================================
AV 45.8 31.1 8.4 FASTST M M 7 MAX(MPH)
MISC ----> # 26 340 # 43 320
================================================================================
NOTES:
# LAST OF SEVERAL OCCURRENCES
COLUMN 17 PEAK WIND IN M.P.H.
PRELIMINARY LOCAL CLIMATOLOGICAL DATA (WS FORM: F-6) , PAGE 2
STATION: MADISON WI
MONTH: MARCH
YEAR: 2020
LATITUDE: 43 7 N
LONGITUDE: 89 20 W
[TEMPERATURE DATA] [PRECIPITATION DATA] SYMBOLS USED IN COLUMN 16
AVERAGE MONTHLY: 38.4 TOTAL FOR MONTH: 3.47 1 = FOG OR MIST
DPTR FM NORMAL: 4.4 DPTR FM NORMAL: 1.27 2 = FOG REDUCING VISIBILITY
HIGHEST: 62 ON 8 GRTST 24HR 1.29 ON 19-19 TO 1/4 MILE OR LESS
LOWEST: 19 ON 21 3 = THUNDER
SNOW, ICE PELLETS, HAIL 4 = ICE PELLETS
TOTAL MONTH: 2.8 INCHES 5 = HAIL
GRTST 24HR 2.1 ON 18-18 6 = FREEZING RAIN OR DRIZZLE
GRTST DEPTH: 7 ON 1 7 = DUSTSTORM OR SANDSTORM:
VSBY 1/2 MILE OR LESS
8 = SMOKE OR HAZE
[NO. OF DAYS WITH] [WEATHER - DAYS WITH] 9 = BLOWING SNOW
X = TORNADO
MAX 32 OR BELOW: 0 0.01 INCH OR MORE: 12
MAX 90 OR ABOVE: 0 0.10 INCH OR MORE: 7
MIN 32 OR BELOW: 19 0.50 INCH OR MORE: 2
MIN 0 OR BELOW: 0 1.00 INCH OR MORE: 1
[HDD (BASE 65) ]
TOTAL THIS MO. 818 CLEAR (SCALE 0-3) 2
DPTR FM NORMAL -145 PTCLDY (SCALE 4-7) 16
TOTAL FM JUL 1 5911 CLOUDY (SCALE 8-10) 13
DPTR FM NORMAL -538
[CDD (BASE 65) ]
TOTAL THIS MO. 0
DPTR FM NORMAL 0 [PRESSURE DATA]
TOTAL FM JAN 1 0 HIGHEST SLP 30.73 ON 15
DPTR FM NORMAL 0 LOWEST SLP 29.30 ON 29
[REMARKS]
#FINAL-03-20#