000
CXUS55 KMSO 012215
CF6MSO
PRELIMINARY LOCAL CLIMATOLOGICAL DATA (WS FORM: F-6)
STATION: MISSOULA MT
MONTH: JULY
YEAR: 2023
LATITUDE: 46 55 N
LONGITUDE: 114 5 W
TEMPERATURE IN F: :PCPN: SNOW: WIND :SUNSHINE: SKY :PK WND
================================================================================
1 2 3 4 5 6A 6B 7 8 9 10 11 12 13 14 15 16 17 18
12Z AVG MX 2MIN
DY MAX MIN AVG DEP HDD CDD WTR SNW DPTH SPD SPD DIR MIN PSBL S-S WX SPD DR
================================================================================
1 92 54 73 9 0 8 0.00 0.0 0 7.6 28 270 M M 0 39 270
2 87 50 69 5 0 4 0.00 0.0 0 7.2 23 280 M M 0 33 280
3 83 47 65 0 0 0 0.00 0.0 0 5.8 20 320 M M 1 29 350
4 81 58 70 5 0 5 0.00 0.0 0 9.2 21 130 M M 0 27 130
5 85 49 67 1 0 2 0.00 0.0 0 4.9 16 360 M M 0 23 10
6 88 51 70 4 0 5 0.00 0.0 0 4.9 18 80 M M 0 8 24 90
7 90 51 71 5 0 6 0.00 0.0 0 5.9 18 130 M M 1 23 130
8 92 54 73 6 0 8 0.00 0.0 0 4.0 15 360 M M 0 19 360
9 94 54 74 7 0 9 0.00 0.0 0 4.1 17 360 M M 0 23 360
10 85 62 74 7 0 9 0.04 0.0 0 5.4 14 290 M M 2 3 20 40
11 82 53 68 0 0 3 0.00 0.0 0 7.9 20 360 M M 2 30 350
12 90 49 70 2 0 5 0.00 0.0 0 5.4 22 290 M M 0 30 290
13 88 59 74 6 0 9 T 0.0 0 6.2 21 280 M M 2 3 29 280
14 88 51 70 1 0 5 0.00 0.0 0 4.0 15 340 M M 0 26 40
15 92 54 73 4 0 8 0.00 0.0 0 4.0 12 290 M M 1 20 260
16 98 55 77 8 0 12 0.00 0.0 0 2.3 12 210 M M 0 16 220
17 89 56 73 4 0 8 T 0.0 0 8.7 30 280 M M 1 3 42 280
18 87 50 69 -1 0 4 0.00 0.0 0 5.7 16 280 M M 0 8 26 320
19 93 50 72 2 0 7 0.00 0.0 0 3.4 14 10 M M 0 18 10
20 97 53 75 5 0 10 0.00 0.0 0 3.7 17 10 M M 0 24 10
21 100 57 79 9 0 14 0.00 0.0 0 3.0 15 290 M M 0 20 290
22 101 58 80 10 0 15 0.00 0.0 0 4.7 25 290 M M 0 34 280
23 100 55 78 8 0 13 0.00 0.0 0 2.0 10 280 M M 0 14 290
24 99 64 82 12 0 17 0.00 0.0 0 6.9 24 240 M M 0 3 35 270
25 86 61 74 3 0 9 0.12 0.0 0 8.8 24 270 M M 3 3 35 260
26 88 54 71 0 0 6 0.00 0.0 0 8.1 25 300 M M 0 34 300
27 88 52 70 -1 0 5 0.00 0.0 0 4.4 14 290 M M 2 22 330
28 91 50 71 0 0 6 0.00 0.0 0 5.7 18 10 M M 1 26 10
29 98 62 80 9 0 15 0.00 0.0 0 8.7 22 120 M M 0 27 120
30 100 59 80 9 0 15 0.00 0.0 0 7.9 30 240 M M 0 40 220
31 97 56 77 6 0 12 0.00 0.0 0 4.7 17 360 M M 0 23 10
================================================================================
SM 2829 1688 0 254 0.16 0.0 175.2 M 16
================================================================================
AV 91.3 54.5 5.7 FASTST M M 1 MAX(MPH)
MISC ----> # 30 280 42 280
================================================================================
NOTES:
# LAST OF SEVERAL OCCURRENCES
COLUMN 17 PEAK WIND IN M.P.H.
PRELIMINARY LOCAL CLIMATOLOGICAL DATA (WS FORM: F-6) , PAGE 2
STATION: MISSOULA MT
MONTH: JULY
YEAR: 2023
LATITUDE: 46 55 N
LONGITUDE: 114 5 W
[TEMPERATURE DATA] [PRECIPITATION DATA] SYMBOLS USED IN COLUMN 16
AVERAGE MONTHLY: 72.9 TOTAL FOR MONTH: 0.16 1 = FOG OR MIST
DPTR FM NORMAL: 4.5 DPTR FM NORMAL: -0.69 2 = FOG REDUCING VISIBILITY
HIGHEST: 101 ON 22 GRTST 24HR 0.12 ON 25-25 TO 1/4 MILE OR LESS
LOWEST: 47 ON 3 3 = THUNDER
SNOW, ICE PELLETS, HAIL 4 = ICE PELLETS
TOTAL MONTH: 0.0 INCH 5 = HAIL
GRTST 24HR 0.0 6 = FREEZING RAIN OR DRIZZLE
GRTST DEPTH: 0 7 = DUSTSTORM OR SANDSTORM:
VSBY 1/2 MILE OR LESS
8 = SMOKE OR HAZE
[NO. OF DAYS WITH] [WEATHER - DAYS WITH] 9 = BLOWING SNOW
X = TORNADO
MAX 32 OR BELOW: 0 0.01 INCH OR MORE: 2
MAX 90 OR ABOVE: 17 0.10 INCH OR MORE: 1
MIN 32 OR BELOW: 0 0.50 INCH OR MORE: 0
MIN 0 OR BELOW: 0 1.00 INCH OR MORE: 0
[HDD (BASE 65) ]
TOTAL THIS MO. 0 CLEAR (SCALE 0-3) 31
DPTR FM NORMAL -39 PTCLDY (SCALE 4-7) 0
TOTAL FM JUL 1 0 CLOUDY (SCALE 8-10) 0
DPTR FM NORMAL -36
[CDD (BASE 65) ]
TOTAL THIS MO. 254
DPTR FM NORMAL 108 [PRESSURE DATA]
TOTAL FM JAN 1 339 HIGHEST SLP 30.18 ON 19
DPTR FM NORMAL 162 LOWEST SLP 29.74 ON 9
[REMARKS]
#FINAL-07-23#