000
CXUS53 KMPX 032109
CLAMSP
CLIMATE REPORT
NATIONAL WEATHER SERVICE TWIN CITIES/CHANHASSEN MN
309 PM CST WED JAN 03 2024
...................................
...THE TWIN CITIES MN CLIMATE SUMMARY FOR THE YEAR OF 2023...
CLIMATE NORMAL PERIOD 1991 TO 2020
CLIMATE RECORD PERIOD 1871 TO 2024
WEATHER OBSERVED NORMAL DEPART LAST YEAR`S
VALUE DATE(S) VALUE FROM VALUE
NORMAL
..............................................................
TEMPERATURE (F)
RECORD
HIGH 108 07/14/1936
LOW -41 01/21/1888
HIGHEST 98 09/04 59 39
08/22
08/23
LOWEST -13 02/03 32 -45
MEAN 49.9 46.9 3.0
DAYS MAX >= 90 33 12.5 20.5
DAYS MAX <= 32 53 72.3 -19.3
DAYS MIN <= 32 147 147.3 -0.3
DAYS MIN <= 0 9 22.1 -13.1
PRECIPITATION (INCHES)
RECORD
MAXIMUM 41.36 2019
MINIMUM 11.59 1910
TOTALS 29.69 31.62 -1.93
DAYS >= .01 111 118.8 -7.8
DAYS >= .10 57 61.8 -4.8
DAYS >= .50 20 19.7 0.3
DAYS >= 1.00 9 6.5 2.5
GREATEST
24 HR. TOTAL 1.90 09/25 TO 09/25
STORM TOTAL 1.90
(MM/DD(HH))
SNOWFALL (INCHES)
RECORDS
TOTAL 101.5 1983
TOTALS 62.4 51.2 11.2
SINCE 7/1 5.3 19.0 -13.7
DAYS >= TRACE 66 38.2 27.8
DAYS >= 1.0 14 14.6 -0.6
GREATEST
SNOW DEPTH 16 01/05
01/06
24 HR TOTAL 8.8 01/04 TO 01/04
STORM TOTAL 8.8
(MM/DD(HH))
DEGREE DAYS
HEATING TOTAL 6602 7399 -797
SINCE 7/1 2195 2869 -674
COOLING TOTAL 1232 830 402
SINCE 1/1 1232 830 402
..............................................................
WIND (MPH)
HIGHEST WIND SPEED/DIRECTION 43/110 DATE 06/24
HIGHEST GUST SPEED/DIRECTION 65/300 DATE 09/29
- INDICATES NEGATIVE NUMBERS.
R INDICATES RECORD WAS SET OR TIED.
MM INDICATES DATA IS MISSING.
T INDICATES TRACE AMOUNT.
$$