000
CXUS55 KGJT 011010
CF6MTJ
PRELIMINARY LOCAL CLIMATOLOGICAL DATA (WS FORM: F-6)
STATION: MONTROSE CO
MONTH: JANUARY
YEAR: 2022
LATITUDE: 38 30 N
LONGITUDE: 107 53 W
TEMPERATURE IN F: :PCPN: SNOW: WIND :SUNSHINE: SKY :PK WND
================================================================================
1 2 3 4 5 6A 6B 7 8 9 10 11 12 13 14 15 16 17 18
12Z AVG MX 2MIN
DY MAX MIN AVG DEP HDD CDD WTR SNW DPTH SPD SPD DIR MIN PSBL S-S WX SPD DR
================================================================================
1 25 1 13 -12 52 0 0.08 M M 10.3 25 300 M M 7 18 32 300
2 23 -5 9 -16 56 0 0.00 M M 5.5 15 160 M M 0 16 150
3 23 -1 11 -14 54 0 0.00 M M 4.6 10 160 M M 0 12 160
4 27 10 19 -6 46 0 0.00 M M 3.6 10 130 M M 1 18 12 160
5 41 8 25 -1 40 0 0.00 M M 4.3 12 110 M M 6 13 100
6 47 26 37 11 28 0 0.00 M M 3.5 13 360 M M 5 15 360
7 51 22 37 11 28 0 0.00 M M 5.1 18 200 M M 0 30 250
8 51 29 40 14 25 0 T M M 9.7 26 210 M M 7 1 41 270
9 39 22 31 5 34 0 0.00 M M 5.5 13 150 M M 3 17 130
10 39 17 28 2 37 0 0.00 M M 5.0 10 160 M M 0 12 140
11 42 16 29 3 36 0 0.00 M M 5.9 12 300 M M 0 14 300
12 44 18 31 5 34 0 0.00 M M 4.7 14 150 M M 0 16 120
13 47 21 34 8 31 0 0.00 M M 3.7 12 150 M M 0 12 340
14 44 25 35 8 30 0 0.00 M M 7.3 23 310 M M 2 30 320
15 40 19 30 3 35 0 0.00 M M 6.0 10 150 M M 0 13 140
16 43 15 29 2 36 0 0.00 M M 5.3 9 160 M M 0 11 160
17 43 16 30 3 35 0 0.00 M M 4.6 9 140 M M 0 11 340
18 41 17 29 2 36 0 0.00 M M 4.7 9 150 M M 3 14 300
19 42 20 31 4 34 0 0.00 M M 4.7 10 140 M M 1 11 140
20 40 18 29 1 36 0 0.00 M M 4.5 9 150 M M 2 12 360
21 32 22 27 -1 38 0 0.05 M M 3.9 9 140 M M 10 1 11 310
22 40 20 30 2 35 0 T M M 4.1 10 160 M M 4 12 13 160
23 43 18 31 3 34 0 0.00 M M 5.4 13 150 M M 0 13 150
24 45 18 32 4 33 0 0.00 M M 4.3 10 150 M M 0 11 150
25 39 22 31 2 34 0 0.00 M M 6.0 16 310 M M 7 21 310
26 38 13 26 -3 39 0 0.00 M M 4.0 10 140 M M 1 14 340
27 33 15 24 -5 41 0 T M M 6.6 17 310 M M 4 18 23 300
28 38 11 25 -4 40 0 0.00 M M 5.5 13 150 M M 0 15 120
29 44 10 27 -3 38 0 0.00 M M 5.3 12 140 M M 0 13 160
30 45 11 28 -2 37 0 0.00 M M 6.1 13 120 M M 0 14 130
31 46 12 29 -1 36 0 0.00 M M 5.6 13 160 M M 0 15 320
================================================================================
SM 1235 486 1148 0 0.13 M 165.3 M 63
================================================================================
AV 39.8 15.7 5.3 FASTST M M 2 MAX(MPH)
MISC ----> 26 210 41 270
================================================================================
NOTES:
# LAST OF SEVERAL OCCURRENCES
COLUMN 17 PEAK WIND IN M.P.H.
PRELIMINARY LOCAL CLIMATOLOGICAL DATA (WS FORM: F-6) , PAGE 2
STATION: MONTROSE CO
MONTH: JANUARY
YEAR: 2022
LATITUDE: 38 30 N
LONGITUDE: 107 53 W
[TEMPERATURE DATA] [PRECIPITATION DATA] SYMBOLS USED IN COLUMN 16
AVERAGE MONTHLY: 27.8 TOTAL FOR MONTH: 0.13 1 = FOG OR MIST
DPTR FM NORMAL: 0.6 DPTR FM NORMAL: -0.28 2 = FOG REDUCING VISIBILITY
HIGHEST: 51 ON 8, 7 GRTST 24HR 0.21 ON 31- 1 TO 1/4 MILE OR LESS
LOWEST: -5 ON 2 3 = THUNDER
SNOW, ICE PELLETS, HAIL 4 = ICE PELLETS
TOTAL MONTH: M 5 = HAIL
GRTST 24HR M ON M 6 = FREEZING RAIN OR DRIZZLE
GRTST DEPTH: M ON M 7 = DUSTSTORM OR SANDSTORM:
VSBY 1/2 MILE OR LESS
8 = SMOKE OR HAZE
[NO. OF DAYS WITH] [WEATHER - DAYS WITH] 9 = BLOWING SNOW
X = TORNADO
MAX 32 OR BELOW: 5 0.01 INCH OR MORE: 2
MAX 90 OR ABOVE: 0 0.10 INCH OR MORE: 0
MIN 32 OR BELOW: 31 0.50 INCH OR MORE: 0
MIN 0 OR BELOW: 2 1.00 INCH OR MORE: 0
[HDD (BASE 65) ]
TOTAL THIS MO. 1148 CLEAR (SCALE 0-3) 23
DPTR FM NORMAL -25 PTCLDY (SCALE 4-7) 7
TOTAL FM JUL 1 3350 CLOUDY (SCALE 8-10) 1
DPTR FM NORMAL -349
[CDD (BASE 65) ]
TOTAL THIS MO. 0
DPTR FM NORMAL 0 [PRESSURE DATA]
TOTAL FM JAN 1 0 HIGHEST SLP 30.79 ON 28
DPTR FM NORMAL 0 LOWEST SLP 29.53 ON 1
[REMARKS]
#FINAL-01-22#