000
CXUS55 KBOI 011002
CF6MUO
PRELIMINARY LOCAL CLIMATOLOGICAL DATA (WS FORM: F-6)
STATION: MOUNTAIN HOME AFB
MONTH: JUNE
YEAR: 2022
LATITUDE: 43 2 N
LONGITUDE: 115 52 W
TEMPERATURE IN F: :PCPN: SNOW: WIND :SUNSHINE: SKY :PK WND
================================================================================
1 2 3 4 5 6A 6B 7 8 9 10 11 12 13 14 15 16 17 18
12Z AVG MX 2MIN
DY MAX MIN AVG DEP HDD CDD WTR SNW DPTH SPD SPD DIR MIN PSBL S-S WX SPD DR
================================================================================
1 75 41 58 -5 7 0 0.00 M M 6.0 14 110 M M 2 M M
2 82 49 66 3 0 1 T M M 8.2 16 120 M M 3 21 140
3 83 56 70 6 0 5 T M M 6.1 13 350 M M 4 M M
4 70 52 61 -3 4 0 T M M 9.4 23 340 M M 7 M M
5 73 53 63 -1 2 0 0.03 M M 8.1 33 340 M M 7 41 340
6 72 45 59 -5 6 0 0.11 M M 9.6 29 340 M M 4 35 330
7 78 42 60 -5 5 0 T M M 5.1 9 60 M M 3 M M
8 76 56 66 1 0 1 0.00 M M 10.1 20 340 M M 7 25 340
9 87 51 69 4 0 4 0.00 0.0 0 5.2 14 40 M M 3 M M
10 91 71 81 15 0 16 T 0.0 0 4.8 14 330 M M 1 M M
11 90 62 76 10 0 11 T 0.0 0 9.7 23 330 M M 6 32 340
12 65 54 60 -6 5 0 0.45 M M 9.0 40 310 M M 8 3 50 310
13 59 44 52 -14 13 0 T M M 15.0 22 320 M M 6 33 310
14 62 38 50 -17 15 0 0.00 M M 11.5 21 330 M M 2 37 310
15 76 36 56 -11 9 0 0.00 M M 7.2 16 110 M M 0 M M
16 91 56 74 7 0 9 0.00 M M 16.1 28 120 M M 1 35 120
17 76 49 63 -5 2 0 0.00 M M 13.2 29 350 M M 1 37 340
18 75 47 61 -7 4 0 0.00 M M 12.6 20 340 M M 1 31 340
19 70 48 59 -9 6 0 0.00 M M 18.1 25 320 M M 2 35 330
20 73 43 58 -11 7 0 0.00 M M 11.4 20 310 M M 1 23 350
21 82 42 62 -7 3 0 T M M 6.2 14 140 M M 0 M M
22 90 46 68 -1 0 3 0.00 M M 6.4 15 20 M M 0 M M
23 88 55 72 2 0 7 0.00 M M 10.1 21 320 M M 1 24 330
24 81 53 67 -3 0 2 0.00 M M 13.4 22 330 M M 1 35 330
25 87 52 70 0 0 5 0.00 M M 8.6 21 120 M M 0 25 140
26 94 50 72 1 0 7 0.00 M M 6.8 15 130 M M 0 M M
27 101 55 78 7 0 13 0.00 M M 8.6 15 120 M M 2 M M
28 100 63 82 11 0 17 0.00 M M 9.3 21 290 M M 3 32 260
29 86 58 72 0 0 7 T M M 14.4 20 350 M M 0 32 340
30 91 50 71 -1 0 6 T M M 4.7 9 60 M M 0 M M
================================================================================
SM 2424 1517 88 114 0.59 0.0 284.8 M 76
================================================================================
AV 80.8 50.6 9.5 FASTST M M 3 MAX(MPH)
MISC ----> 40 310 50 310
================================================================================
NOTES:
# LAST OF SEVERAL OCCURRENCES
COLUMN 17 PEAK WIND IN M.P.H.
PRELIMINARY LOCAL CLIMATOLOGICAL DATA (WS FORM: F-6) , PAGE 2
STATION: MOUNTAIN HOME AFB
MONTH: JUNE
YEAR: 2022
LATITUDE: 43 2 N
LONGITUDE: 115 52 W
[TEMPERATURE DATA] [PRECIPITATION DATA] SYMBOLS USED IN COLUMN 16
AVERAGE MONTHLY: 65.7 TOTAL FOR MONTH: 0.59 1 = FOG OR MIST
DPTR FM NORMAL: -1.5 DPTR FM NORMAL: 0.00 2 = FOG REDUCING VISIBILITY
HIGHEST: 101 ON 27 GRTST 24HR 0.45 ON 12-12 TO 1/4 MILE OR LESS
LOWEST: 36 ON 15 3 = THUNDER
SNOW, ICE PELLETS, HAIL 4 = ICE PELLETS
TOTAL MONTH: 0.0 INCH 5 = HAIL
GRTST 24HR 0.0 6 = FREEZING RAIN OR DRIZZLE
GRTST DEPTH: 0 7 = DUSTSTORM OR SANDSTORM:
VSBY 1/2 MILE OR LESS
8 = SMOKE OR HAZE
[NO. OF DAYS WITH] [WEATHER - DAYS WITH] 9 = BLOWING SNOW
X = TORNADO
MAX 32 OR BELOW: 0 0.01 INCH OR MORE: 3
MAX 90 OR ABOVE: 8 0.10 INCH OR MORE: 2
MIN 32 OR BELOW: 0 0.50 INCH OR MORE: 0
MIN 0 OR BELOW: 0 1.00 INCH OR MORE: 0
[HDD (BASE 65) ]
TOTAL THIS MO. 88 CLEAR (SCALE 0-3) 21
DPTR FM NORMAL 13 PTCLDY (SCALE 4-7) 9
TOTAL FM JUL 1 6056 CLOUDY (SCALE 8-10) 0
DPTR FM NORMAL 218
[CDD (BASE 65) ]
TOTAL THIS MO. 114
DPTR FM NORMAL -20 [PRESSURE DATA]
TOTAL FM JAN 1 121 HIGHEST SLP M ON M
DPTR FM NORMAL -49 LOWEST SLP M ON M
[REMARKS]
#FINAL-06-22#