000
CXUS51 KBTV 010700
CF6MVL
PRELIMINARY LOCAL CLIMATOLOGICAL DATA (WS FORM: F-6)
STATION: MORRISVILLE VT
MONTH: AUGUST
YEAR: 2021
LATITUDE: 44 31 N
LONGITUDE: 72 37 W
TEMPERATURE IN F: :PCPN: SNOW: WIND :SUNSHINE: SKY :PK WND
================================================================================
1 2 3 4 5 6A 6B 7 8 9 10 11 12 13 14 15 16 17 18
12Z AVG MX 2MIN
DY MAX MIN AVG DEP HDD CDD WTR SNW DPTH SPD SPD DIR MIN PSBL S-S WX SPD DR
================================================================================
1 68 51 60 -7 5 0 0.54 M M 1.8 9 210 M M 9 1 11 210
2 73 50 62 -5 3 0 0.45 M M 4.4 13 300 M M 7 1 22 320
3 77 47 62 -5 3 0 0.00 M M 3.8 13 200 M M 3 12 18 220
4 81 51 66 0 0 1 0.00 M M 1.8 8 180 M M 3 12 11 170
5 82 57 70 4 0 5 0.00 M M 1.1 7 340 M M 4 1 9 340
6 84 54 69 3 0 4 0.00 M M 3.1 10 200 M M 3 128 15 200
7 85 58 72 6 0 7 0.31 M M 3.5 13 210 M M 5 138 18 190
8 85 63 74 8 0 9 T M M 3.1 8 170 M M 7 12 11 200
9 84 64 74 8 0 9 0.00 M M 3.3 15 170 M M 3 1 20 180
10 85 61 73 7 0 8 0.03 M M 6.0 14 190 M M 4 1 23 220
11 88 70 79 13 0 14 0.52 M M 3.6 15 210 M M 7 13 23 210
12 89 67 78 12 0 13 0.00 M M 2.6 12 210 M M 5 12 17 210
13 90 64 77 11 0 12 0.00 M M 3.1 14 200 M M 2 123 18 210
14 78 55 67 1 0 2 0.76 M M 3.8 13 330 M M 4 123 18 330
15 73 48 61 -5 4 0 0.00 M M 3.1 13 10 M M 1 1 19 280
16 76 45 61 -4 4 0 0.00 M M 1.5 8 210 M M 2 12 11 160
17 75 50 63 -2 2 0 0.22 M M 1.9 8 190 M M 8 12 10 190
18 78 67 73 8 0 8 0.01 M M 2.0 9 210 M M 7 1 12 210
19 76 67 72 7 0 7 0.56 M M 3.4 10 10 M M 10 1 16 10
20 86 65 76 11 0 11 T M M 2.3 10 350 M M 3 12 14 330
21 89 66 78 13 0 13 0.00 M M 2.2 13 180 M M 7 12 17 160
22 85 69 77 13 0 12 T M M 4.4 12 40 M M 7 18 20
23 82 68 75 11 0 10 T M M 3.7 14 170 M M 5 19 180
24 86 63 75 11 0 10 0.00 M M 2.1 9 300 M M 5 12 14 300
25 89 60 75 11 0 10 0.00 M M 1.4 8 210 M M 3 12 11 200
26 90 65 78 14 0 13 0.00 M M 1.6 12 210 M M 2 17 210
27 76 56 66 2 0 1 0.00 M M 4.0 15 360 M M 1 1 23 360
28 67 56 62 -2 3 0 0.01 M M 2.3 9 140 M M 6 12 140
29 74 60 67 4 0 2 0.23 M M 4.3 9 160 M M 9 1 14 180
30 82 60 71 8 0 6 0.18 M M 3.1 13 210 M M 4 1 18 200
31 77 55 66 3 0 1 0.00 M M 3.4 13 200 M M 3 1 19 200
================================================================================
SM 2510 1832 24 188 3.82 M 91.7 M 149
================================================================================
AV 81.0 59.1 3.0 FASTST M M 5 MAX(MPH)
MISC ----> # 15 170 # 23 220
================================================================================
NOTES:
# LAST OF SEVERAL OCCURRENCES
COLUMN 17 PEAK WIND IN M.P.H.
PRELIMINARY LOCAL CLIMATOLOGICAL DATA (WS FORM: F-6) , PAGE 2
STATION: MORRISVILLE VT
MONTH: AUGUST
YEAR: 2021
LATITUDE: 44 31 N
LONGITUDE: 72 37 W
[TEMPERATURE DATA] [PRECIPITATION DATA] SYMBOLS USED IN COLUMN 16
AVERAGE MONTHLY: 70.0 TOTAL FOR MONTH: 3.82 1 = FOG OR MIST
DPTR FM NORMAL: 4.8 DPTR FM NORMAL: 0.32 2 = FOG REDUCING VISIBILITY
HIGHEST: 90 ON 26,13 GRTST 24HR 0.99 ON 1- 2 TO 1/4 MILE OR LESS
LOWEST: 45 ON 16 3 = THUNDER
SNOW, ICE PELLETS, HAIL 4 = ICE PELLETS
TOTAL MONTH: M 5 = HAIL
GRTST 24HR M ON M 6 = FREEZING RAIN OR DRIZZLE
GRTST DEPTH: M ON M 7 = DUSTSTORM OR SANDSTORM:
VSBY 1/2 MILE OR LESS
8 = SMOKE OR HAZE
[NO. OF DAYS WITH] [WEATHER - DAYS WITH] 9 = BLOWING SNOW
X = TORNADO
MAX 32 OR BELOW: 0 0.01 INCH OR MORE: 12
MAX 90 OR ABOVE: 2 0.10 INCH OR MORE: 9
MIN 32 OR BELOW: 0 0.50 INCH OR MORE: 4
MIN 0 OR BELOW: 0 1.00 INCH OR MORE: 0
[HDD (BASE 65) ]
TOTAL THIS MO. 24 CLEAR (SCALE 0-3) 8
DPTR FM NORMAL -44 PTCLDY (SCALE 4-7) 20
TOTAL FM JUL 1 69 CLOUDY (SCALE 8-10) 3
DPTR FM NORMAL -37
[CDD (BASE 65) ]
TOTAL THIS MO. 188
DPTR FM NORMAL 116 [PRESSURE DATA]
TOTAL FM JAN 1 412 HIGHEST SLP M ON M
DPTR FM NORMAL 189 LOWEST SLP 29.71 ON 30
[REMARKS]
#FINAL-08-21#