000
CXUS56 KOTX 011010
CF6MWH
PRELIMINARY LOCAL CLIMATOLOGICAL DATA (WS FORM: F-6)
STATION: MOSES LAKE WA AIRPORT
MONTH: FEBRUARY
YEAR: 2023
LATITUDE: 47 12 N
LONGITUDE: 119 19 W
TEMPERATURE IN F: :PCPN: SNOW: WIND :SUNSHINE: SKY :PK WND
================================================================================
1 2 3 4 5 6A 6B 7 8 9 10 11 12 13 14 15 16 17 18
12Z AVG MX 2MIN
DY MAX MIN AVG DEP HDD CDD WTR SNW DPTH SPD SPD DIR MIN PSBL S-S WX SPD DR
================================================================================
1 32 22 27 -5 38 0 0.00 M M 4.2 8 320 M M 5 10 310
2 39 19 29 -3 36 0 0.00 M M 4.1 9 310 M M 0 10 310
3 38 23 31 -2 34 0 0.00 M M 6.2 15 170 M M 2 19 160
4 47 32 40 7 25 0 0.00 M M 5.5 13 20 M M 8 15 20
5 42 29 36 3 29 0 0.17 M M 4.5 9 360 M M 9 12 10 180
6 46 27 37 4 28 0 0.00 M M 5.2 12 180 M M 2 1 14 210
7 47 35 41 8 24 0 0.00 M M 10.6 20 240 M M 6 25 250
8 49 31 40 6 25 0 0.00 M M 5.6 15 240 M M 1 20 270
9 50 27 39 5 26 0 0.00 M M 6.3 13 340 M M 2 15 330
10 43 27 35 1 30 0 0.00 M M 3.2 9 350 M M 1 11 320
11 46 23 35 1 30 0 0.00 M M 2.1 8 350 M M 0 9 350
12 47 25 36 1 29 0 0.00 M M 2.8 9 170 M M 0 11 170
13 51 31 41 6 24 0 0.00 M M 10.6 23 250 M M 3 29 250
14 48 30 39 4 26 0 0.00 M M 10.7 24 360 M M 2 29 350
15 45 23 34 -1 31 0 0.00 M M 4.4 12 170 M M 0 16 180
16 43 22 33 -3 32 0 0.00 M M 3.7 8 240 M M 1 10 240
17 49 32 41 5 24 0 0.00 M M 3.8 10 260 M M 6 13 260
18 55 32 44 8 21 0 0.00 M M 7.5 15 290 M M 3 20 310
19 57 28 43 7 22 0 0.00 M M 8.6 18 250 M M 2 24 270
20 56 40 48 11 17 0 0.00 M M 14.8 33 260 M M 1 8 42 270
21 50 27 39 2 26 0 0.05 M M 15.7 43 280 M M 4 1 55 260
22 27 16 22 -15 43 0 0.02 M M 21.2 31 40 M M 8 18 37 40
23 21 11 16 -22 49 0 0.00 M M 18.6 30 40 M M 7 35 40
24 27 4 16 -22 49 0 0.00 M M 5.8 15 40 M M 1 17 30
25 32 8 20 -18 45 0 0.00 M M 3.4 8 140 M M 0 10 160
26 46 21 34 -4 31 0 0.00 M M 9.7 26 270 M M 4 35 260
27 41 22 32 -7 33 0 0.01 M M 6.2 14 190 M M 6 18 16 200
28 41 29 35 -4 30 0 0.04 M M 5.1 12 260 M M 7 1 13 260
================================================================================
SM 1215 696 857 0 0.29 M 210.1 M 91
================================================================================
AV 43.4 24.9 7.5 FASTST M M 3 MAX(MPH)
MISC ----> 43 280 55 260
================================================================================
NOTES:
# LAST OF SEVERAL OCCURRENCES
COLUMN 17 PEAK WIND IN M.P.H.
PRELIMINARY LOCAL CLIMATOLOGICAL DATA (WS FORM: F-6) , PAGE 2
STATION: MOSES LAKE WA AIRPORT
MONTH: FEBRUARY
YEAR: 2023
LATITUDE: 47 12 N
LONGITUDE: 119 19 W
[TEMPERATURE DATA] [PRECIPITATION DATA] SYMBOLS USED IN COLUMN 16
AVERAGE MONTHLY: 34.1 TOTAL FOR MONTH: 0.29 1 = FOG OR MIST
DPTR FM NORMAL: -1.2 DPTR FM NORMAL: -0.36 2 = FOG REDUCING VISIBILITY
HIGHEST: 57 ON 19 GRTST 24HR 0.17 ON 5- 5 TO 1/4 MILE OR LESS
LOWEST: 4 ON 24 3 = THUNDER
SNOW, ICE PELLETS, HAIL 4 = ICE PELLETS
TOTAL MONTH: M 5 = HAIL
GRTST 24HR M ON M 6 = FREEZING RAIN OR DRIZZLE
GRTST DEPTH: M ON M 7 = DUSTSTORM OR SANDSTORM:
VSBY 1/2 MILE OR LESS
8 = SMOKE OR HAZE
[NO. OF DAYS WITH] [WEATHER - DAYS WITH] 9 = BLOWING SNOW
X = TORNADO
MAX 32 OR BELOW: 5 0.01 INCH OR MORE: 5
MAX 90 OR ABOVE: 0 0.10 INCH OR MORE: 1
MIN 32 OR BELOW: 26 0.50 INCH OR MORE: 0
MIN 0 OR BELOW: 0 1.00 INCH OR MORE: 0
[HDD (BASE 65) ]
TOTAL THIS MO. 857 CLEAR (SCALE 0-3) 17
DPTR FM NORMAL 27 PTCLDY (SCALE 4-7) 9
TOTAL FM JUL 1 4298 CLOUDY (SCALE 8-10) 2
DPTR FM NORMAL -131
[CDD (BASE 65) ]
TOTAL THIS MO. 0
DPTR FM NORMAL 0 [PRESSURE DATA]
TOTAL FM JAN 1 0 HIGHEST SLP M ON M
DPTR FM NORMAL 0 LOWEST SLP 29.38 ON 21
[REMARKS]
#FINAL-02-23#