000
CXHW50 PHFO 011250
CF6NGF
PRELIMINARY LOCAL CLIMATOLOGICAL DATA (WS FORM: F-6)
STATION: KANEOHE BAY MCAS HI
MONTH: JANUARY
YEAR: 2022
LATITUDE: 21 25 N
LONGITUDE: 157 46 W
TEMPERATURE IN F: :PCPN: SNOW: WIND :SUNSHINE: SKY :PK WND
================================================================================
1 2 3 4 5 6A 6B 7 8 9 10 11 12 13 14 15 16 17 18
12Z AVG MX 2MIN
DY MAX MIN AVG DEP HDD CDD WTR SNW DPTH SPD SPD DIR MIN PSBL S-S WX SPD DR
================================================================================
1 72 69 71 -3 0 6 4.33 M M 4.2 13 190 M M 8 3 19 210
2 70 64 67 -7 0 2 0.41 M M 4.7 23 220 M M 4 13 32 220
3 74 67 71 -3 0 6 0.18 M M 2.1 6 280 M M 6 1 M M
4 77 65 71 -3 0 6 0.43 M M 4.2 12 240 M M 7 1 21 200
5 77 66 72 -2 0 7 0.06 M M 3.1 9 210 M M 5 M M
6 78 66 72 -1 0 7 0.51 M M 2.0 8 50 M M 5 1 M M
7 76 70 73 0 0 8 0.00 M M 3.1 9 30 M M 4 M M
8 71 71 71 -2 0 6 0.00 M M 2.3 8 20 M M 6 M M
9 77 77 77 4 0 12 0.00 M M 3.2 10 70 M M 4 M M
10 81 70 76 3 0 11 T M M 5.9 14 210 M M 3 21 210
11 78 73 76 3 0 11 0.00 M M 8.5 14 30 M M 7 M M
12 78 72 75 2 0 10 0.32 M M 4.6 9 240 M M 8 8 M M
13 79 69 74 1 0 9 0.00 M M 2.0 7 30 M M 3 18 M M
14 79 73 76 3 0 11 0.08 M M 2.0 6 100 M M 6 M M
15 71 71 71 -2 0 6 0.00 M M 2.6 7 30 M M 3 8 M M
16 76 71 74 1 0 9 0.00 M M 2.2 6 130 M M 4 M M
17 75 69 72 -1 0 7 0.00 M M 3.2 7 30 M M 1 M M
18 79 72 76 3 0 11 0.00 M M 2.6 7 50 M M 1 M M
19 81 70 76 3 0 11 0.00 M M 3.3 8 50 M M 2 M M
20 82 74 78 5 0 13 0.01 M M 2.6 8 350 M M 4 M M
21 79 74 77 4 0 12 0.01 M M 3.9 9 360 M M 4 M M
22 79 69 74 1 0 9 0.00 M M 4.9 8 60 M M 4 M M
23 79 73 76 3 0 11 0.00 M M 6.6 10 60 M M 5 M M
24 77 72 75 2 0 10 0.00 M M 7.7 11 60 M M 5 M M
25 78 71 75 2 0 10 0.06 M M 10.1 15 40 M M 5 18 60
26 79 72 76 3 0 11 0.01 M M 7.4 10 60 M M 4 16 110
27 78 66 72 -1 0 7 0.00 M M 4.6 8 90 M M 3 M M
28 80 66 73 0 0 8 T M M 3.1 9 60 M M 5 M M
29 79 74 77 4 0 12 T M M 7.9 12 120 M M 3 18 120
30 79 73 76 3 0 11 0.00 M M 7.5 13 90 M M 2 19 80
31 78 67 73 0 0 8 T M M 3.3 9 110 M M 3 18 150
================================================================================
SM 2396 2176 0 278 6.41 M 135.4 M 134
================================================================================
AV 77.3 70.2 4.4 FASTST M M 4 MAX(MPH)
MISC ----> 23 220 32 220
================================================================================
NOTES:
# LAST OF SEVERAL OCCURRENCES
COLUMN 17 PEAK WIND IN M.P.H.
PRELIMINARY LOCAL CLIMATOLOGICAL DATA (WS FORM: F-6) , PAGE 2
STATION: KANEOHE BAY MCAS HI
MONTH: JANUARY
YEAR: 2022
LATITUDE: 21 25 N
LONGITUDE: 157 46 W
[TEMPERATURE DATA] [PRECIPITATION DATA] SYMBOLS USED IN COLUMN 16
AVERAGE MONTHLY: 73.7 TOTAL FOR MONTH: 6.41 1 = FOG OR MIST
DPTR FM NORMAL: 0.4 DPTR FM NORMAL: 3.60 2 = FOG REDUCING VISIBILITY
HIGHEST: 82 ON 20 GRTST 24HR 4.33 ON 1- 1 TO 1/4 MILE OR LESS
LOWEST: 64 ON 2 3 = THUNDER
SNOW, ICE PELLETS, HAIL 4 = ICE PELLETS
TOTAL MONTH: M 5 = HAIL
GRTST 24HR M ON M 6 = FREEZING RAIN OR DRIZZLE
GRTST DEPTH: M ON M 7 = DUSTSTORM OR SANDSTORM:
VSBY 1/2 MILE OR LESS
8 = SMOKE OR HAZE
[NO. OF DAYS WITH] [WEATHER - DAYS WITH] 9 = BLOWING SNOW
X = TORNADO
MAX 32 OR BELOW: 0 0.01 INCH OR MORE: 12
MAX 90 OR ABOVE: 0 0.10 INCH OR MORE: 6
MIN 32 OR BELOW: 0 0.50 INCH OR MORE: 2
MIN 0 OR BELOW: 0 1.00 INCH OR MORE: 1
[HDD (BASE 65) ]
TOTAL THIS MO. 0 CLEAR (SCALE 0-3) 9
DPTR FM NORMAL 0 PTCLDY (SCALE 4-7) 21
TOTAL FM JUL 1 0 CLOUDY (SCALE 8-10) 1
DPTR FM NORMAL 0
[CDD (BASE 65) ]
TOTAL THIS MO. 278
DPTR FM NORMAL 21 [PRESSURE DATA]
TOTAL FM JAN 1 278 HIGHEST SLP M ON M
DPTR FM NORMAL 21 LOWEST SLP 29.78 ON 1
[REMARKS]
#FINAL-01-22#