819
CXHW50 PHFO 011250
CF6NGF
PRELIMINARY LOCAL CLIMATOLOGICAL DATA (WS FORM: F-6)
STATION: KANEOHE BAY MCAS HI
MONTH: FEBRUARY
YEAR: 2021
LATITUDE: 21 25 N
LONGITUDE: 157 46 W
TEMPERATURE IN F: :PCPN: SNOW: WIND :SUNSHINE: SKY :PK WND
================================================================================
1 2 3 4 5 6A 6B 7 8 9 10 11 12 13 14 15 16 17 18
12Z AVG MX 2MIN
DY MAX MIN AVG DEP HDD CDD WTR SNW DPTH SPD SPD DIR MIN PSBL S-S WX SPD DR
================================================================================
1 76 73 75 2 0 10 0.00 M M 9.4 13 80 M M 6 18 18 110
2 74 74 74 1 0 9 0.00 M M 4.9 6 0 M M 5 8 M M
3 74 69 72 -1 0 7 T M M 13.0 17 200 M M 7 18 29 230
4 74 64 69 -3 0 4 T M M 9.5 18 340 M M 6 22 340
5 75 75 75 3 0 10 T M M 12.2 12 340 M M 5 8 M M
6 78 61 70 -2 0 5 0.00 M M 5.6 14 350 M M 3 M M
7 75 75 75 3 0 10 0.00 M M 4.3 4 50 M M 4 M M
8 77 64 71 -1 0 6 T M M 6.8 12 210 M M 3 28 290
9 71 70 71 -1 0 6 0.00 M M 11.3 12 40 M M 6 23 40
10 70 70 70 -2 0 5 0.00 M M 9.8 11 50 M M 7 M M
11 78 71 75 3 0 10 0.00 M M 7.1 9 90 M M 5 17 110
12 75 74 75 3 0 10 0.00 M M 6.9 8 70 M M 5 18 90
13 80 73 77 5 0 12 T M M 7.9 11 80 M M 7 18 80
14 79 75 77 5 0 12 T M M 7.0 11 110 M M 7 18 110
15 82 69 76 3 0 11 0.00 M M 4.5 13 190 M M 4 17 190
16 78 73 76 3 0 11 0.00 M M 5.2 6 60 M M 4 M M
17 75 70 73 0 0 8 0.00 M M 6.4 7 90 M M 4 M M
18 77 72 75 2 0 10 0.13 M M 8.3 11 70 M M 5 3 21 110
19 76 73 75 2 0 10 0.02 M M 9.5 12 60 M M 7 23 60
20 80 74 77 4 0 12 T M M 9.4 12 90 M M 7 19 80
21 81 72 77 4 0 12 0.05 M M 10.7 15 70 M M 8 18 24 70
22 80 75 78 5 0 13 T M M 11.2 14 70 M M 6 1 22 80
23 75 73 74 1 0 9 T M M 10.3 14 80 M M 8 21 80
24 76 73 75 2 0 10 0.00 M M 12.6 13 80 M M 6 21 90
25 79 73 76 3 0 11 0.02 M M 13.1 16 90 M M 8 28 90
26 79 74 77 4 0 12 T M M 13.8 17 70 M M 8 29 70
27 78 71 75 2 0 10 0.14 M M 14.0 18 70 M M 8 25 70
28 79 69 74 1 0 9 0.02 M M 16.7 21 80 M M 5 37 80
================================================================================
SM 2151 1999 0 264 0.38 M 261.4 M 164
================================================================================
AV 76.8 71.4 9.3 FASTST M M 6 MAX(MPH)
MISC ----> 21 80 37 80
================================================================================
NOTES:
# LAST OF SEVERAL OCCURRENCES
COLUMN 17 PEAK WIND IN M.P.H.
PRELIMINARY LOCAL CLIMATOLOGICAL DATA (WS FORM: F-6) , PAGE 2
STATION: KANEOHE BAY MCAS HI
MONTH: FEBRUARY
YEAR: 2021
LATITUDE: 21 25 N
LONGITUDE: 157 46 W
[TEMPERATURE DATA] [PRECIPITATION DATA] SYMBOLS USED IN COLUMN 16
AVERAGE MONTHLY: 74.1 TOTAL FOR MONTH: 0.38 1 = FOG OR MIST
DPTR FM NORMAL: 1.5 DPTR FM NORMAL: -2.74 2 = FOG REDUCING VISIBILITY
HIGHEST: 82 ON 15 GRTST 24HR 0.14 ON 27-27 TO 1/4 MILE OR LESS
LOWEST: 61 ON 6 3 = THUNDER
SNOW, ICE PELLETS, HAIL 4 = ICE PELLETS
TOTAL MONTH: M 5 = HAIL
GRTST 24HR M ON M 6 = FREEZING RAIN OR DRIZZLE
GRTST DEPTH: M ON M 7 = DUSTSTORM OR SANDSTORM:
VSBY 1/2 MILE OR LESS
8 = SMOKE OR HAZE
[NO. OF DAYS WITH] [WEATHER - DAYS WITH] 9 = BLOWING SNOW
X = TORNADO
MAX 32 OR BELOW: 0 0.01 INCH OR MORE: 6
MAX 90 OR ABOVE: 0 0.10 INCH OR MORE: 2
MIN 32 OR BELOW: 0 0.50 INCH OR MORE: 0
MIN 0 OR BELOW: 0 1.00 INCH OR MORE: 0
[HDD (BASE 65) ]
TOTAL THIS MO. 0 CLEAR (SCALE 0-3) 1
DPTR FM NORMAL 0 PTCLDY (SCALE 4-7) 25
TOTAL FM JUL 1 0 CLOUDY (SCALE 8-10) 2
DPTR FM NORMAL 0
[CDD (BASE 65) ]
TOTAL THIS MO. 264
DPTR FM NORMAL 51 [PRESSURE DATA]
TOTAL FM JAN 1 573 HIGHEST SLP M ON M
DPTR FM NORMAL 104 LOWEST SLP 29.74 ON 3
[REMARKS]
#FINAL-02-21#