815
CXUS51 KOKX 090509
CLANYC
NYCCLANYC 000
TTAA00 OKX 090409
CLIMATE REPORT...CORRECTED
NATIONAL WEATHER SERVICE NEW YORK, NY
1043 PM EST FRI JAN 08 2021
...................................
...THE CENTRAL PARK NY CLIMATE SUMMARY FOR THE YEAR OF 2020...
CLIMATE NORMAL PERIOD 1981 TO 2010
CLIMATE RECORD PERIOD 1869 TO 2021
WEATHER OBSERVED NORMAL DEPART LAST YEAR`S
VALUE DATE(S) VALUE FROM VALUE DATE(S)
NORMAL
................................................................
TEMPERATURE (F)
RECORD
HIGH 106 07/09/1936
LOW -15 02/09/1934
HIGHEST 96 07/06 MM MM 95 07/21
07/20
LOWEST 14 02/15 MM MM 2 01/31
AVG. MAXIMUM 64.3 62.0 2.3 62.5
AVG. MINIMUM 50.3 48.0 2.3 48.7
MEAN 57.3 55.0 2.3 55.6
DAYS MAX >= 90 20 12.2 7.8 15
DAYS MAX <= 32 6 17.6 -11.6 12
DAYS MIN <= 32 41 65.6 -24.6 73
DAYS MIN <= 0 0 0.0 0.0 0
PRECIPITATION (INCHES)
RECORD
MAXIMUM 80.56 1983
MINIMUM 26.09 1965
TOTALS 45.35 49.94 -4.59 53.03
DAILY AVG. 0.12 0.14 -0.02 0.15
DAYS >= .01 119 122.0 -3.0 148
DAYS >= .10 77 78.0 -1.0 89
DAYS >= .50 28 33.0 -5.0 47
DAYS >= 1.00 8 13.9 -5.9 12
GREATEST
24 HR. TOTAL 2.65 07/10 TO 07/11 1.83
STORM TOTAL MM MM
(MM/DD(HH)) MM
SNOWFALL (INCHES)
RECORDS
TOTAL 64.0 1896
24 HR TOTAL 27.3 01/23/2016
SNOW DEPTH 26 12/27/1947
TOTALS 12.8 25.8 -13.0 16.6
LIQUID EQUIV 1.30 2.50 -1.20 1.70
SINCE 7/1 10.5 5.1 5.4 MM
LIQUID 7/1 1.05 0.50 0.55 MM
SNOWDEPTH AVG. 0 0
DAYS >= TRACE 14 11.4 2.6 23
DAYS >= 1.0 3 6.2 -3.2 7
GREATEST
SNOW DEPTH 9 12/17 4 03/04
03/02
24 HR TOTAL 10.5 12/16 TO 12/17 4.0 03/02 TO 03/02
STORM TOTAL 10.5 12/16 TO 12/17 MM
(MM/DD(HH)) MM
DEGREE DAYS
HEATING TOTAL 4053 4750 -697 4567
SINCE 7/1 1408 1683 -275 MM
COOLING TOTAL 1333 1105 228 1268
SINCE 1/1 1333 1105 228 1268
................................................................
WIND (MPH)
AVERAGE WIND SPEED 5.2
RESULTANT WIND SPEED/DIRECTION 1/060
HIGHEST WIND SPEED/DIRECTION 28/280 DATE 02/27
HIGHEST GUST SPEED/DIRECTION 48/150 DATE 08/04
SKY COVER
POSSIBLE SUNSHINE (PERCENT) MM
AVERAGE SKY COVER 0.39
NUMBER OF DAYS FAIR 188
NUMBER OF DAYS PC 104
NUMBER OF DAYS CLOUDY 74
AVERAGE RH (PERCENT) 62
WEATHER CONDITIONS. NUMBER OF DAYS WITH
THUNDERSTORM 27 MIXED PRECIP 0
HEAVY RAIN 40 RAIN 66
LIGHT RAIN 148 FREEZING RAIN 0
LT FREEZING RAIN 0 HAIL 0
HEAVY SNOW 3 SNOW 3
LIGHT SNOW 13 SLEET 0
FOG 152 FOG W/VIS <= 1/4 MILE 8
HAZE 41
- INDICATES NEGATIVE NUMBERS.
R INDICATES RECORD WAS SET OR TIED.
MM INDICATES DATA IS MISSING.
T INDICATES TRACE AMOUNT.
$$