000
CXUS51 KOKX 031410 RRA
CLSNYC
NYCCLSNYC 000
TTAA00 OKX 031407
CLIMATE REPORT
NATIONAL WEATHER SERVICE NEW YORK, NY
1010 AM EDT THU JUN 03 2021
...................................
...THE CENTRAL PARK NY CLIMATE SUMMARY FOR THE SEASON, FROM
3/1/2021 TO 5/31/2021...
CLIMATE NORMAL PERIOD 1991 TO 2020
CLIMATE RECORD PERIOD 1869 TO 2021
WEATHER OBSERVED NORMAL DEPART LAST YEAR`S
VALUE DATE(S) VALUE FROM VALUE
NORMAL
..............................................................
TEMPERATURE (F)
RECORD
HIGH 99 05/19/1962
LOW 3 03/05/1872
HIGHEST 89 05/22 MM MM
LOWEST 21 03/02 MM MM
AVG. MAXIMUM 63.2 61.0 2.2
AVG. MINIMUM 45.7 45.4 0.3
MEAN 54.4 53.2 1.2
DAYS MAX >= 90 0 1.2 -1.2
DAYS MAX <= 32 0 0.9 -0.9
DAYS MIN <= 32 14 11.6 2.4
DAYS MIN <= 0 0 0.0 0.0
PRECIPITATION (INCHES)
RECORD
MAXIMUM 29.15 1983
MINIMUM 4.95 1885
TOTALS 10.46 12.34 -1.88 9.92
DAILY AVG. 0.11 0.13 -0.02
DAYS >= .01 34 34.0 0.0
DAYS >= .10 18 21.3 -3.3
DAYS >= .50 8 7.8 0.2
DAYS >= 1.00 2 3.0 -1.0
GREATEST
24 HR. TOTAL 1.66 05/28 TO 05/29
STORM TOTAL 1.27
(MM/DD(HH))
SNOWFALL (INCHES)
RECORDS
TOTAL 33.5 1896
24 HR TOTAL 16.5 03/12/1888 TO 03/12/1888
TOTALS T 5.4 -5.4
LIQUID EQUIV T 0.50 -0.50
SINCE 7/1 38.6 29.8 8.8
LIQUID 7/1 3.86
DAYS >= TRACE 2 2.2 -0.2
DAYS >= 1.0 0 1.4 -1.4
GREATEST
SNOW DEPTH 0
24 HR TOTAL MM
STORM TOTAL 0.0
(MM/DD(HH))
DEGREE DAYS
HEATING TOTAL 1037 1164 -127
SINCE 7/1 4233 4537 -304
COOLING TOTAL 87 81 6
SINCE 1/1 87 81 6
..............................................................
WIND (MPH)
AVERAGE WIND SPEED 5.9
HIGHEST WIND SPEED/DIRECTION 28/210 DATE 03/26
HIGHEST GUST SPEED/DIRECTION 44/290 DATE 03/26
SKY COVER
POSSIBLE SUNSHINE (PERCENT) MM
AVERAGE SKY COVER 0.39
NUMBER OF DAYS FAIR 47
NUMBER OF DAYS PC 24
NUMBER OF DAYS CLOUDY 21
AVERAGE RH (PERCENT) 53
WEATHER CONDITIONS. NUMBER OF DAYS WITH
THUNDERSTORM 2 MIXED PRECIP 0
HEAVY RAIN 6 RAIN 20
LIGHT RAIN 37 FREEZING RAIN 0
LT FREEZING RAIN 0 HAIL 0
HEAVY SNOW 0 SNOW 0
LIGHT SNOW 2 SLEET 1
FOG 31 FOG W/VIS <= 1/4 MILE 1
HAZE 12
- INDICATES NEGATIVE NUMBERS.
R INDICATES RECORD WAS SET OR TIED.
MM INDICATES DATA IS MISSING.
T INDICATES TRACE AMOUNT.
$$