000
CXUS55 KPSR 011005
CF6NYL
PRELIMINARY LOCAL CLIMATOLOGICAL DATA (WS FORM: F-6)
STATION: YUMA AZ
MONTH: AUGUST
YEAR: 2021
LATITUDE: 32 39 N
LONGITUDE: 114 37 W
TEMPERATURE IN F: :PCPN: SNOW: WIND :SUNSHINE: SKY :PK WND
================================================================================
1 2 3 4 5 6A 6B 7 8 9 10 11 12 13 14 15 16 17 18
12Z AVG MX 2MIN
DY MAX MIN AVG DEP HDD CDD WTR SNW DPTH SPD SPD DIR MIN PSBL S-S WX SPD DR
================================================================================
1 109 84 97 2 0 32 0.00 M M 5.8 15 210 M M 0 17 210
2 112 85 99 4 0 34 0.00 M M 5.9 15 290 M M 1 19 290
3 115 84 100 5 0 35 0.00 M M 6.1 12 200 M M 0 14 270
4 117 85 101 6 0 36 0.00 M M 8.5 15 180 M M 0 18 160
5 110 87 99 4 0 34 0.00 0.0 M 15.9 29 160 M M 0 34 160
6 108 87 98 3 0 33 0.00 0.0 M 14.0 22 150 M M 0 28 150
7 107 84 96 1 0 31 0.00 0.0 M 9.4 18 160 M M 0 22 200
8 105 85 95 0 0 30 0.00 0.0 M 14.1 21 150 M M 0 26 150
9 105 85 95 0 0 30 0.00 M M 12.8 22 160 M M 1 27 130
10 104 80 92 -3 0 27 0.00 M M 12.5 37 30 M M 3 38 47 40
11 99 78 89 -6 0 24 T M M 8.6 33 160 M M 4 3 38 150
12 104 82 93 -2 0 28 0.00 M M 8.8 16 150 M M 1 19 150
13 103 85 94 -1 0 29 0.00 M M 7.9 16 140 M M 1 22 140
14 95 76 86 -9 0 21 0.21 M M 8.2 38 70 M M 0 138 47 80
15 100 82 91 -4 0 26 0.03 M M 5.5 12 170 M M 1 3 14 170
16 105 83 94 -1 0 29 0.01 M M 8.7 16 200 M M 2 3 20 210
17 104 86 95 0 0 30 0.00 M M 16.7 28 150 M M 1 33 150
18 102 84 93 -2 0 28 0.00 M M 15.0 25 160 M M 1 30 160
19 98 78 88 -7 0 23 0.00 M M 7.8 18 140 M M 1 22 160
20 100 80 90 -5 0 25 0.00 M M 9.2 18 170 M M 0 26 190
21 101 79 90 -5 0 25 0.00 M M 13.0 21 140 M M 0 32 170
22 101 72 87 -8 0 22 0.00 M M 7.5 17 160 M M 0 22 140
23 105 75 90 -5 0 25 0.00 M M 7.2 17 170 M M 0 22 170
24 107 80 94 0 0 29 0.00 M M 5.0 14 210 M M 0 16 210
25 111 83 97 3 0 32 0.00 M M 4.7 13 300 M M 0 16 290
26 114 88 101 7 0 36 0.00 M M 4.8 13 280 M M 0 17 310
27 115 85 100 6 0 35 0.00 M M 5.9 16 210 M M 0 20 210
28 107 86 97 3 0 32 0.00 M M 10.6 29 170 M M 0 8 35 180
29 100 83 92 -2 0 27 0.13 M M 5.0 35 120 M M 1 3 42 120
30 108 83 96 2 0 31 T M M 8.0 24 220 M M 3 3 28 230
31 97 82 90 -4 0 25 0.00 M M 11.6 24 210 M M 4 29 210
================================================================================
SM 3268 2556 0 904 0.38 0.0 284.7 M 25
================================================================================
AV105.4 82.5 9.2 FASTST M M 1 MAX(MPH)
MISC ----> 38 70 # 47 40
================================================================================
NOTES:
# LAST OF SEVERAL OCCURRENCES
COLUMN 17 PEAK WIND IN M.P.H.
PRELIMINARY LOCAL CLIMATOLOGICAL DATA (WS FORM: F-6) , PAGE 2
STATION: YUMA AZ
MONTH: AUGUST
YEAR: 2021
LATITUDE: 32 39 N
LONGITUDE: 114 37 W
[TEMPERATURE DATA] [PRECIPITATION DATA] SYMBOLS USED IN COLUMN 16
AVERAGE MONTHLY: 93.9 TOTAL FOR MONTH: 0.38 1 = FOG OR MIST
DPTR FM NORMAL: -0.9 DPTR FM NORMAL: 0.18 2 = FOG REDUCING VISIBILITY
HIGHEST: 117 ON 4 GRTST 24HR 0.21 ON 14-14 TO 1/4 MILE OR LESS
LOWEST: 72 ON 22 3 = THUNDER
SNOW, ICE PELLETS, HAIL 4 = ICE PELLETS
TOTAL MONTH: 0.0 INCH 5 = HAIL
GRTST 24HR 0.0 6 = FREEZING RAIN OR DRIZZLE
GRTST DEPTH: M ON M 7 = DUSTSTORM OR SANDSTORM:
VSBY 1/2 MILE OR LESS
8 = SMOKE OR HAZE
[NO. OF DAYS WITH] [WEATHER - DAYS WITH] 9 = BLOWING SNOW
X = TORNADO
MAX 32 OR BELOW: 0 0.01 INCH OR MORE: 4
MAX 90 OR ABOVE: 31 0.10 INCH OR MORE: 2
MIN 32 OR BELOW: 0 0.50 INCH OR MORE: 0
MIN 0 OR BELOW: 0 1.00 INCH OR MORE: 0
[HDD (BASE 65) ]
TOTAL THIS MO. 0 CLEAR (SCALE 0-3) 27
DPTR FM NORMAL 0 PTCLDY (SCALE 4-7) 4
TOTAL FM JUL 1 0 CLOUDY (SCALE 8-10) 0
DPTR FM NORMAL 0
[CDD (BASE 65) ]
TOTAL THIS MO. 904
DPTR FM NORMAL -20 [PRESSURE DATA]
TOTAL FM JAN 1 3565 HIGHEST SLP 30.00 ON 14
DPTR FM NORMAL 97 LOWEST SLP 29.51 ON 27
[REMARKS]
#FINAL-08-21#