000
CXUS56 KMTR 010900
CF6OAK
PRELIMINARY LOCAL CLIMATOLOGICAL DATA (WS FORM: F-6)
STATION: OAKLAND AIRPORT
MONTH: SEPTEMBER
YEAR: 2021
LATITUDE: 37 43 N
LONGITUDE: 122 13 W
TEMPERATURE IN F: :PCPN: SNOW: WIND :SUNSHINE: SKY :PK WND
================================================================================
1 2 3 4 5 6A 6B 7 8 9 10 11 12 13 14 15 16 17 18
12Z AVG MX 2MIN
DY MAX MIN AVG DEP HDD CDD WTR SNW DPTH SPD SPD DIR MIN PSBL S-S WX SPD DR
================================================================================
1 71 59 65 0 0 0 0.00 M M 11.7 22 280 M M 4 26 270
2 69 57 63 -2 2 0 0.00 M M 9.5 16 290 M M 7 8 22 220
3 70 53 62 -3 3 0 0.00 M M 8.6 18 290 M M 6 8 22 280
4 76 51 64 -1 1 0 0.00 M M 7.0 16 300 M M 4 18 18 290
5 81 52 67 2 0 2 0.00 M M 5.6 17 300 M M 4 128 19 310
6 87 57 72 7 0 7 0.00 M M 5.9 16 300 M M 4 1 19 300
7 76 58 67 2 0 2 0.00 M M 7.5 17 290 M M 2 1 19 300
8 80 62 71 6 0 6 0.00 M M 8.7 20 290 M M 2 23 290
9 71 61 66 1 0 1 T M M 11.1 21 290 M M 6 24 280
10 69 60 65 0 0 0 T M M 9.6 18 280 M M 5 22 280
11 73 55 64 -1 1 0 0.00 M M 7.4 22 290 M M 2 24 290
12 80 55 68 3 0 3 0.00 M M 7.6 18 290 M M 2 1 20 290
13 75 56 66 1 0 1 0.00 M M 8.4 21 290 M M 1 1 22 290
14 72 55 64 -1 1 0 0.00 M M 8.1 21 300 M M 2 1 24 300
15 69 57 63 -2 2 0 0.00 M M 10.2 20 300 M M 6 25 310
16 68 58 63 -2 2 0 0.00 M M 7.7 18 280 M M 7 22 290
17 70 59 65 0 0 0 0.00 M M 9.2 18 280 M M 6 25 260
18 72 55 64 -1 1 0 T M M 9.1 16 200 M M 7 23 200
19 74 56 65 0 0 0 T M M 8.6 21 280 M M 5 1 23 270
20 84 54 69 4 0 4 0.00 M M 4.9 13 310 M M 0 16 240
21 88 57 73 8 0 8 0.00 M M 5.8 15 310 M M 2 18 320
22 77 57 67 3 0 2 0.00 M M 6.9 17 290 M M 2 1 21 310
23 81 53 67 3 0 2 0.00 M M 5.1 14 300 M M 6 18 17 300
24 74 57 66 2 0 1 0.00 M M 8.8 17 300 M M 4 19 300
25 67 60 64 0 1 0 0.00 M M 9.7 18 270 M M 8 22 290
26 66 60 63 -1 2 0 0.00 M M 11.6 21 280 M M 7 23 280
27 72 61 67 3 0 2 T M M 10.3 21 290 M M 8 18 25 290
28 74 56 65 1 0 0 0.00 M M 10.4 20 270 M M 3 23 270
29 75 52 64 0 1 0 0.00 M M 5.4 17 290 M M 2 19 290
30 83 50 67 3 0 2 0.00 M M 5.0 13 310 M M 0 16 310
================================================================================
SM 2244 1693 17 43 T M 245.4 M 124
================================================================================
AV 74.8 56.4 8.2 FASTST M M 4 MAX(MPH)
MISC ----> # 22 280 26 270
================================================================================
NOTES:
# LAST OF SEVERAL OCCURRENCES
COLUMN 17 PEAK WIND IN M.P.H.
PRELIMINARY LOCAL CLIMATOLOGICAL DATA (WS FORM: F-6) , PAGE 2
STATION: OAKLAND AIRPORT
MONTH: SEPTEMBER
YEAR: 2021
LATITUDE: 37 43 N
LONGITUDE: 122 13 W
[TEMPERATURE DATA] [PRECIPITATION DATA] SYMBOLS USED IN COLUMN 16
AVERAGE MONTHLY: 65.6 TOTAL FOR MONTH: T 1 = FOG OR MIST
DPTR FM NORMAL: 0.8 DPTR FM NORMAL: -0.10 2 = FOG REDUCING VISIBILITY
HIGHEST: 88 ON 21 GRTST 24HR T ON 9- 9 TO 1/4 MILE OR LESS
LOWEST: 50 ON 30 3 = THUNDER
SNOW, ICE PELLETS, HAIL 4 = ICE PELLETS
TOTAL MONTH: M 5 = HAIL
GRTST 24HR M ON M 6 = FREEZING RAIN OR DRIZZLE
GRTST DEPTH: M ON M 7 = DUSTSTORM OR SANDSTORM:
VSBY 1/2 MILE OR LESS
8 = SMOKE OR HAZE
[NO. OF DAYS WITH] [WEATHER - DAYS WITH] 9 = BLOWING SNOW
X = TORNADO
MAX 32 OR BELOW: 0 0.01 INCH OR MORE: 0
MAX 90 OR ABOVE: 0 0.10 INCH OR MORE: 0
MIN 32 OR BELOW: 0 0.50 INCH OR MORE: 0
MIN 0 OR BELOW: 0 1.00 INCH OR MORE: 0
[HDD (BASE 65) ]
TOTAL THIS MO. 17 CLEAR (SCALE 0-3) 11
DPTR FM NORMAL -39 PTCLDY (SCALE 4-7) 19
TOTAL FM JUL 1 81 CLOUDY (SCALE 8-10) 0
DPTR FM NORMAL -88
[CDD (BASE 65) ]
TOTAL THIS MO. 43
DPTR FM NORMAL -7 [PRESSURE DATA]
TOTAL FM JAN 1 130 HIGHEST SLP M ON M
DPTR FM NORMAL -25 LOWEST SLP 29.75 ON 1
[REMARKS]
#FINAL-09-21#