000
CXUS53 KOAX 010930
CF6OAX
PRELIMINARY LOCAL CLIMATOLOGICAL DATA (WS FORM: F-6)
STATION: VALLEY NWS NE
MONTH: SEPTEMBER
YEAR: 2021
LATITUDE: 41 19 N
LONGITUDE: 96 22 W
TEMPERATURE IN F: :PCPN: SNOW: WIND :SUNSHINE: SKY :PK WND
================================================================================
1 2 3 4 5 6A 6B 7 8 9 10 11 12 13 14 15 16 17 18
12Z AVG MX 2MIN
DY MAX MIN AVG DEP HDD CDD WTR SNW DPTH SPD SPD DIR MIN PSBL S-S WX SPD DR
================================================================================
1 80 62 71 -1 0 6 0.00 0.0 0 M M M M M M 25 M
2 75 68 72 1 0 7 0.59 0.0 0 M M M M M M 3 30 M
3 73 67 70 -1 0 5 0.02 0.0 0 M M M M M M 16 M
4 79 65 72 1 0 7 T 0.0 0 M M M M M M 20 M
5 83 61 72 1 0 7 0.00 0.0 0 M M M M M M 15 M
6 89 64 77 7 0 12 0.00 0.0 0 M M M M M M 17 M
7 82 61 72 2 0 7 0.00 0.0 0 M M M M M M 29 M
8 83 54 69 -1 0 4 0.00 0.0 0 M M M M M M 23 M
9 80 54 67 -2 0 2 0.00 0.0 0 M M M M M M 15 M
10 84 63 74 5 0 9 0.00 0.0 0 M M M M M M 14 M
11 91 68 80 11 0 15 0.00 0.0 0 M M M M M M 20 M
12 75 65 70 2 0 5 T 0.0 0 M M M M M M 29 M
13 85 63 74 6 0 9 T 0.0 0 M M M M M M 17 M
14 77 60 69 1 0 4 0.00 0.0 0 M M M M M M 21 M
15 82 55 69 1 0 4 0.00 0.0 0 M M M M M M 12 24 M
16 91 65 78 11 0 13 0.00 0.0 0 M M M M M M 30 M
17 75 59 67 0 0 2 0.18 0.0 0 M M M M M M 3 31 M
18 88 56 72 6 0 7 0.00 0.0 0 M M M M M M 21 M
19 90 68 79 13 0 14 0.00 0.0 0 M M M M M M 33 M
20 75 56 66 0 0 1 0.08 0.0 0 M M M M M M 3 32 M
21 73 50 62 -3 3 0 0.00 0.0 0 M M M M M M 31 M
22 71 43 57 -8 8 0 0.00 0.0 0 M M M M M M 13 M
23 82 50 66 2 0 1 0.00 0.0 0 M M M M M M 23 M
24 70 48 59 -5 6 0 0.04 0.0 0 M M M M M M 30 M
25 79 44 62 -2 3 0 0.00 0.0 0 M M M M M M 24 M
26 88 59 74 11 0 9 0.00 0.0 0 M M M M M M 18 M
27 91 57 74 11 0 9 0.00 0.0 0 M M M M M M 16 M
28 91 60 76 14 0 11 0.00 0.0 0 M M M M M M 25 M
29 80 67 74 12 0 9 0.10 0.0 0 M M M M M M 3 18 M
30 82 66 74 12 0 9 0.26 0.0 0 M M M M M M 3 22 M
================================================================================
SM 2444 1778 20 188 1.27 0.0 M M M
================================================================================
AV 81.5 59.3 M FASTST M M M MAX(MPH)
MISC ----> M M 33 9999
================================================================================
NOTES:
# LAST OF SEVERAL OCCURRENCES
COLUMN 17 PEAK WIND IN M.P.H.
PRELIMINARY LOCAL CLIMATOLOGICAL DATA (WS FORM: F-6) , PAGE 2
STATION: VALLEY NWS NE
MONTH: SEPTEMBER
YEAR: 2021
LATITUDE: 41 19 N
LONGITUDE: 96 22 W
[TEMPERATURE DATA] [PRECIPITATION DATA] SYMBOLS USED IN COLUMN 16
AVERAGE MONTHLY: 70.4 TOTAL FOR MONTH: 1.27 1 = FOG OR MIST
DPTR FM NORMAL: 3.3 DPTR FM NORMAL: -1.75 2 = FOG REDUCING VISIBILITY
HIGHEST: 91 ON 28,27 GRTST 24HR 0.59 ON 2- 2 TO 1/4 MILE OR LESS
LOWEST: 43 ON 22 3 = THUNDER
SNOW, ICE PELLETS, HAIL 4 = ICE PELLETS
TOTAL MONTH: 0.0 INCH 5 = HAIL
GRTST 24HR 0.0 6 = FREEZING RAIN OR DRIZZLE
GRTST DEPTH: 0 7 = DUSTSTORM OR SANDSTORM:
VSBY 1/2 MILE OR LESS
8 = SMOKE OR HAZE
[NO. OF DAYS WITH] [WEATHER - DAYS WITH] 9 = BLOWING SNOW
X = TORNADO
MAX 32 OR BELOW: 0 0.01 INCH OR MORE: 7
MAX 90 OR ABOVE: 5 0.10 INCH OR MORE: 4
MIN 32 OR BELOW: 0 0.50 INCH OR MORE: 1
MIN 0 OR BELOW: 0 1.00 INCH OR MORE: 0
[HDD (BASE 65) ]
TOTAL THIS MO. 20 CLEAR (SCALE 0-3) 0
DPTR FM NORMAL -55 PTCLDY (SCALE 4-7) 0
TOTAL FM JUL 1 20 CLOUDY (SCALE 8-10) 30
DPTR FM NORMAL -61
[CDD (BASE 65) ]
TOTAL THIS MO. 188
DPTR FM NORMAL 52 [PRESSURE DATA]
TOTAL FM JAN 1 1401 HIGHEST SLP M ON M
DPTR FM NORMAL 218 LOWEST SLP M ON M
[REMARKS]
#FINAL-09-21#