692
CXUS53 KOAX 230529
CF6OAX
PRELIMINARY LOCAL CLIMATOLOGICAL DATA (WS FORM: F-6)
STATION: VALLEY NWS NE
MONTH: JULY
YEAR: 2020
LATITUDE: 41 19 N
LONGITUDE: 96 22 W
TEMPERATURE IN F: :PCPN: SNOW: WIND :SUNSHINE: SKY :PK WND
================================================================================
1 2 3 4 5 6A 6B 7 8 9 10 11 12 13 14 15 16 17 18
12Z AVG MX 2MIN
DY MAX MIN AVG DEP HDD CDD WTR SNW DPTH SPD SPD DIR MIN PSBL S-S WX SPD DR
================================================================================
1 87 66 77 1 0 12 0.11 0.0 0 M M M M M M 3 21 M
2 87 69 78 2 0 13 0.00 0.0 0 M M M M M M 1 22 M
3 86 72 79 3 0 14 T 0.0 0 M M M M M M 13 15 M
4 87 68 78 2 0 13 0.00 0.0 0 M M M M M M 8 15 M
5 88 70 79 3 0 14 0.00 0.0 0 M M M M M M 8 15 M
6 90 71 81 5 0 16 0.00 0.0 0 M M M M M M 1 25 M
7 91 69 80 4 0 15 0.00 0.0 0 M M M M M M 20 M
8 92 74 83 7 0 18 0.00 0.0 0 M M M M M M 25 M
9 87 66 77 1 0 12 0.14 0.0 0 M M M M M M 3 41 M
10 89 68 79 2 0 14 0.00 0.0 0 M M M M M M 16 M
11 89 67 78 1 0 13 T 0.0 0 M M M M M M 43 M
12 84 61 73 -4 0 8 0.00 0.0 0 M M M M M M 15 M
13 90 68 79 2 0 14 0.00 0.0 0 M M M M M M 26 M
14 89 70 80 3 0 15 T 0.0 0 M M M M M M 24 M
15 78 65 72 -5 0 7 0.02 0.0 0 M M M M M M 13 20 M
16 88 63 76 -1 0 11 0.00 0.0 0 M M M M M M 128 18 M
17 94 73 84 7 0 19 0.00 0.0 0 M M M M M M 1 24 M
18 96 78 87 10 0 22 T 0.0 0 M M M M M M 3 28 M
19 88 71 80 3 0 15 T 0.0 0 M M M M M M 22 M
20 82 67 75 -2 0 10 0.56 0.0 0 M M M M M M 3 29 M
21 86 69 78 1 0 13 0.23 0.0 0 M M M M M M 3 32 M
22 83 64 74 -3 0 9 0.00 0.0 0 M M M M M M 14 M
23 90 73 82 5 0 17 0.00 0.0 0 M M M M M M 22 M
24 92 76 84 7 0 19 0.00 0.0 0 M M M M M M 8 24 M
25 92 76 84 7 0 19 0.00 0.0 0 M M M M M M 26 M
26 83 73 78 1 0 13 0.49 0.0 0 M M M M M M 3 18 M
27 87 70 79 2 0 14 0.01 0.0 0 M M M M M M 16 M
28 87 66 77 1 0 12 0.00 0.0 0 M M M M M M 21 M
29 83 71 77 1 0 12 0.26 0.0 0 M M M M M M 21 M
30 82 66 74 -2 0 9 0.09 0.0 0 M M M M M M 24 M
31 82 61 72 -4 0 7 0.00 0.0 0 M M M M M M 16 M
================================================================================
SM 2709 2141 0 419 1.91 0.0 M M M
================================================================================
AV 87.4 69.1 M FASTST M M 0 MAX(MPH)
MISC ----> M M 43 M
================================================================================
NOTES:
# LAST OF SEVERAL OCCURRENCES
COLUMN 17 PEAK WIND IN M.P.H.
PRELIMINARY LOCAL CLIMATOLOGICAL DATA (WS FORM: F-6) , PAGE 2
STATION: VALLEY NWS NE
MONTH: JULY
YEAR: 2020
LATITUDE: 41 19 N
LONGITUDE: 96 22 W
[TEMPERATURE DATA] [PRECIPITATION DATA] SYMBOLS USED IN COLUMN 16
AVERAGE MONTHLY: 78.2 TOTAL FOR MONTH: 1.91 1 = FOG OR MIST
DPTR FM NORMAL: 1.7 DPTR FM NORMAL: -2.54 2 = FOG REDUCING VISIBILITY
HIGHEST: 96 ON 18 GRTST 24HR 0.56 ON 20-20 TO 1/4 MILE OR LESS
LOWEST: 61 ON 31,12 3 = THUNDER
SNOW, ICE PELLETS, HAIL 4 = ICE PELLETS
TOTAL MONTH: 0.0 INCH 5 = HAIL
GRTST 24HR 0.0 6 = FREEZING RAIN OR DRIZZLE
GRTST DEPTH: 0 7 = DUSTSTORM OR SANDSTORM:
VSBY 1/2 MILE OR LESS
8 = SMOKE OR HAZE
[NO. OF DAYS WITH] [WEATHER - DAYS WITH] 9 = BLOWING SNOW
X = TORNADO
MAX 32 OR BELOW: 0 0.01 INCH OR MORE: 9
MAX 90 OR ABOVE: 9 0.10 INCH OR MORE: 6
MIN 32 OR BELOW: 0 0.50 INCH OR MORE: 1
MIN 0 OR BELOW: 0 1.00 INCH OR MORE: 0
[HDD (BASE 65) ]
TOTAL THIS MO. 0 CLEAR (SCALE 0-3) 0
DPTR FM NORMAL -1 PTCLDY (SCALE 4-7) 0
TOTAL FM JUL 1 0 CLOUDY (SCALE 8-10) 0
DPTR FM NORMAL -1
[CDD (BASE 65) ]
TOTAL THIS MO. 419
DPTR FM NORMAL 60 [PRESSURE DATA]
TOTAL FM JAN 1 841 HIGHEST SLP M ON M
DPTR FM NORMAL 176 LOWEST SLP M ON M
[REMARKS]
#FINAL-07-20#