000
CXUS53 KGID 010943 AAA
CF6ODX
PRELIMINARY LOCAL CLIMATOLOGICAL DATA (WS FORM: F-6)
STATION: ORD NE
MONTH: MARCH
YEAR: 2023
LATITUDE: 41 37 N
LONGITUDE: 98 57 W
TEMPERATURE IN F: :PCPN: SNOW: WIND :SUNSHINE: SKY :PK WND
================================================================================
1 2 3 4 5 6A 6B 7 8 9 10 11 12 13 14 15 16 17 18
12Z AVG MX 2MIN
DY MAX MIN AVG DEP HDD CDD WTR SNW DPTH SPD SPD DIR MIN PSBL S-S WX SPD DR
================================================================================
1 42 23 33 1 32 0 0.00 M M 12.5 23 310 M M 3 30 310
2 47 22 35 3 30 0 0.00 M M 6.4 14 200 M M 5 20 180
3 53 24 39 6 26 0 0.00 M M 7.2 20 330 M M 2 26 350
4 49 23 36 3 29 0 0.00 M M 5.9 21 350 M M 2 28 350
5 52 28 40 6 25 0 0.00 M M 8.4 16 120 M M 6 1 25 100
6 36 26 31 -3 34 0 0.00 M M 11.5 23 360 M M 8 1 31 360
7 30 26 28 -6 37 0 0.00 M M 8.2 13 50 M M 10 1 17 30
8 31 27 29 -6 36 0 T M M 10.9 16 360 M M 10 16 20 360
9 34 25 30 -5 35 0 0.11 M M 11.1 22 330 M M 10 16 28 320
10 35 23 29 -7 36 0 0.00 M M 10.6 21 140 M M 9 1 29 130
11 52 25 39 3 26 0 0.07 M M 9.0 21 130 M M 5 168 29 130
12 34 22 28 -8 37 0 0.00 M M 18.7 29 310 M M 4 38 320
13 38 18 28 -9 37 0 T M M 8.3 18 340 M M 5 26 340
14 58 23 41 4 24 0 0.00 M M 15.3 29 170 M M 1 40 180
15 70 39 55 17 10 0 0.00 M M 12.9 25 330 M M 0 34 200
16 45 26 36 -2 29 0 0.11 M M 23.0 38 330 M M 5 16 53 340
17 42 17 30 -9 35 0 T M M 17.9 36 310 M M 4 46 320
18 30 11 21 -18 44 0 0.00 M M 14.5 28 330 M M 1 36 330
19 58 12 35 -4 30 0 0.00 M M 15.6 30 210 M M 0 42 210
20 53 23 38 -2 27 0 0.00 M M 9.2 22 200 M M 0 29 190
21 54 25 40 0 25 0 0.00 M M 4.7 14 330 M M 4 1 18 190
22 49 25 37 -3 28 0 T M M 12.3 21 20 M M 5 29 340
23 50 23 37 -4 28 0 T M M 6.3 14 350 M M 5 1 16 20
24 57 25 41 0 24 0 0.00 M M 6.2 17 220 M M 3 23 170
25 50 28 39 -3 26 0 0.00 M M 12.9 22 350 M M 2 1 29 360
26 44 19 32 -10 33 0 0.03 M M 9.2 21 340 M M 7 1 26 340
27 42 12 27 -15 38 0 0.00 M M 5.4 18 10 M M 2 22 10
28 55 14 35 -8 30 0 0.00 M M 10.0 23 220 M M 0 128 32 220
29 43 19 31 -12 34 0 0.00 M M 10.7 16 90 M M 0 23 60
30 67 23 45 2 20 0 0.15 M M 7.7 22 180 M M 2 3 30 180
31 52 27 40 -4 25 0 T M M 22.1 39 310 M M 10 1 52 290
================================================================================
SM 1452 703 930 0 0.47 M 344.6 M 130
================================================================================
AV 46.8 22.7 11.1 FASTST M M 4 MAX(MPH)
MISC ----> 39 310 53 340
================================================================================
NOTES:
# LAST OF SEVERAL OCCURRENCES
COLUMN 17 PEAK WIND IN M.P.H.
PRELIMINARY LOCAL CLIMATOLOGICAL DATA (WS FORM: F-6) , PAGE 2
STATION: ORD NE
MONTH: MARCH
YEAR: 2023
LATITUDE: 41 37 N
LONGITUDE: 98 57 W
[TEMPERATURE DATA] [PRECIPITATION DATA] SYMBOLS USED IN COLUMN 16
AVERAGE MONTHLY: 34.8 TOTAL FOR MONTH: 0.47 1 = FOG OR MIST
DPTR FM NORMAL: -3.2 DPTR FM NORMAL: -0.78 2 = FOG REDUCING VISIBILITY
HIGHEST: 70 ON 15 GRTST 24HR 0.15 ON 30-30 TO 1/4 MILE OR LESS
LOWEST: 11 ON 18 3 = THUNDER
SNOW, ICE PELLETS, HAIL 4 = ICE PELLETS
TOTAL MONTH: M 5 = HAIL
GRTST 24HR M ON M 6 = FREEZING RAIN OR DRIZZLE
GRTST DEPTH: M ON M 7 = DUSTSTORM OR SANDSTORM:
VSBY 1/2 MILE OR LESS
8 = SMOKE OR HAZE
[NO. OF DAYS WITH] [WEATHER - DAYS WITH] 9 = BLOWING SNOW
X = TORNADO
MAX 32 OR BELOW: 3 0.01 INCH OR MORE: 5
MAX 90 OR ABOVE: 0 0.10 INCH OR MORE: 3
MIN 32 OR BELOW: 30 0.50 INCH OR MORE: 0
MIN 0 OR BELOW: 0 1.00 INCH OR MORE: 0
[HDD (BASE 65) ]
TOTAL THIS MO. 930 CLEAR (SCALE 0-3) 14
DPTR FM NORMAL 92 PTCLDY (SCALE 4-7) 11
TOTAL FM JUL 1 5903 CLOUDY (SCALE 8-10) 6
DPTR FM NORMAL 49
[CDD (BASE 65) ]
TOTAL THIS MO. 0
DPTR FM NORMAL 0 [PRESSURE DATA]
TOTAL FM JAN 1 0 HIGHEST SLP 30.54 ON 18
DPTR FM NORMAL 0 LOWEST SLP 29.36 ON 31
[REMARKS]
SUBSTITUTED LIQUID PRECIPITATION AMOUNT (0.11) FOR
3/9/2023 FROM LOCAL COOPERATIVE OBSERVER (ORD #2, SITE 25-6336) DUE
TO THE AUTOMATED GAUGE CAPTURE UNDER-REPRESENTING PRECIPITATION FROM
THE SNOW EVENT.
SUBSTITUTED LIQUID PRECIPITATION AMOUNT (0.11) FOR 3/16/2023 FROM
LOCAL COOPERATIVE OBSERVER (ORD #2, SITE 25-6336) DUE TO THE
AUTOMATED GAUGE CAPTURE UNDER-REPRESENTING PRECIPITATION FROM THE
SNOW EVENT.
SUBSTITUTED LIQUID PRECIPITATION AMOUNT (0.03) FOR 3/26/2023 FROM
LOCAL COOPERATIVE OBSERVER (ORD #2, SITE 25-6336) DUE TO THE
AUTOMATED GAUGE CAPTURE UNDER-REPRESENTING PRECIPITATION FROM THE
SNOW EVENT.
#FINAL-03-23#