000
CXUS53 KOAX 011030
CF6OFK
PRELIMINARY LOCAL CLIMATOLOGICAL DATA (WS FORM: F-6)
STATION: NORFOLK NE
MONTH: DECEMBER
YEAR: 2022
LATITUDE: 41 58 N
LONGITUDE: 97 26 W
TEMPERATURE IN F: :PCPN: SNOW: WIND :SUNSHINE: SKY :PK WND
================================================================================
1 2 3 4 5 6A 6B 7 8 9 10 11 12 13 14 15 16 17 18
12Z AVG MX 2MIN
DY MAX MIN AVG DEP HDD CDD WTR SNW DPTH SPD SPD DIR MIN PSBL S-S WX SPD DR
================================================================================
1 44 20 32 2 33 0 0.00 0.0 2 17.5 28 180 M M 0 38 180
2 44 15 30 0 35 0 T T 1 17.1 38 330 M M 2 52 320
3 40 7 24 -5 41 0 0.00 0.0 T 11.5 22 190 M M 0 29 200
4 51 15 33 4 32 0 0.00 0.0 0 5.5 14 210 M M 1 17 200
5 38 26 32 3 33 0 0.00 0.0 0 10.1 21 350 M M 3 28 360
6 46 22 34 6 31 0 0.00 0.0 0 6.5 16 210 M M 3 22 160
7 28 14 21 -7 44 0 0.00 0.0 0 6.9 20 360 M M 2 18 24 360
8 32 14 23 -5 42 0 0.13 T 0 4.3 13 340 M M 7 168 15 330
9 32 29 31 4 34 0 0.00 0.0 0 8.1 15 320 M M 10 1 21 330
10 42 22 32 5 33 0 0.00 0.0 0 7.9 17 220 M M 3 1 24 230
11 47 19 33 6 32 0 0.00 0.0 0 10.4 23 150 M M 1 1 30 150
12 37 28 33 7 32 0 0.01 0.0 0 18.5 25 130 M M 10 12 35 130
13 46 31 39 13 26 0 0.19 0.0 0 18.4 28 170 M M 9 1 40 160
14 36 25 31 5 34 0 T T 0 15.2 28 300 M M 10 18 41 310
15 25 19 22 -4 43 0 T T T 24.8 35 290 M M 10 8 47 320
16 22 17 20 -5 45 0 T T T 20.9 31 310 M M 10 43 310
17 20 6 13 -12 52 0 T T T 15.5 26 320 M M 7 35 320
18 27 2 15 -10 50 0 0.00 0.0 T 6.2 14 120 M M 0 18 120
19 15 3 9 -15 56 0 T T T 10.9 23 330 M M 7 18 29 320
20 8 -2 3 -21 62 0 0.00 0.0 T 9.3 17 330 M M 0 8 21 330
21 13 -7 3 -21 62 0 0.02 1.4 1 14.7 33 330 M M 9 189 47 330
22 -7 -18 -12 -36 77 0 T T 1 23.6 32 310 M M 9 8 43 310
23 3 -10 -3 -27 68 0 0.00 0.0 1 22.4 35 320 M M 6 46 320
24 10 -3 4 -20 61 0 0.00 0.0 1 M M M M M 2 21 300
25 40 -8 16 -7 49 0 0.01 T 1 11.5 35 330 M M 4 6 44 330
26 20 5 13 -10 52 0 T T T 14.9 37 320 M M 4 8 52 320
27 44 16 30 7 35 0 0.00 0.0 T 12.7 23 200 M M 0 29 190
28 49 32 41 18 24 0 0.00 0.0 T 8.1 20 180 M M 3 28 180
29 41 20 31 8 34 0 0.31 2.0 T 9.9 22 330 M M 10 1 29 340
30 36 13 25 2 40 0 0.00 0.0 2 5.8 17 180 M M 2 128 25 190
31 40 32 36 13 29 0 0.00 0.0 2 6.6 16 210 M M 5 1 20 160
================================================================================
SM 969 404 1321 0 0.67 3.4 375.7 M 149
================================================================================
AV 31.3 13.0 12.5 FASTST M M 5 MAX(MPH)
MISC ----> 38 330 # 52 320
================================================================================
NOTES:
# LAST OF SEVERAL OCCURRENCES
COLUMN 17 PEAK WIND IN M.P.H.
PRELIMINARY LOCAL CLIMATOLOGICAL DATA (WS FORM: F-6) , PAGE 2
STATION: NORFOLK NE
MONTH: DECEMBER
YEAR: 2022
LATITUDE: 41 58 N
LONGITUDE: 97 26 W
[TEMPERATURE DATA] [PRECIPITATION DATA] SYMBOLS USED IN COLUMN 16
AVERAGE MONTHLY: 22.1 TOTAL FOR MONTH: 0.67 1 = FOG OR MIST
DPTR FM NORMAL: -3.6 DPTR FM NORMAL: -0.17 2 = FOG REDUCING VISIBILITY
HIGHEST: 51 ON 4 GRTST 24HR 0.31 ON 29-29 TO 1/4 MILE OR LESS
LOWEST: -18 ON 22 3 = THUNDER
SNOW, ICE PELLETS, HAIL 4 = ICE PELLETS
TOTAL MONTH: 3.4 INCHES 5 = HAIL
GRTST 24HR 2.0 ON 29-29 6 = FREEZING RAIN OR DRIZZLE
GRTST DEPTH: 2 ON 31,30 7 = DUSTSTORM OR SANDSTORM:
VSBY 1/2 MILE OR LESS
8 = SMOKE OR HAZE
[NO. OF DAYS WITH] [WEATHER - DAYS WITH] 9 = BLOWING SNOW
X = TORNADO
MAX 32 OR BELOW: 14 0.01 INCH OR MORE: 6
MAX 90 OR ABOVE: 0 0.10 INCH OR MORE: 3
MIN 32 OR BELOW: 31 0.50 INCH OR MORE: 0
MIN 0 OR BELOW: 6 1.00 INCH OR MORE: 0
[HDD (BASE 65) ]
TOTAL THIS MO. 1321 CLEAR (SCALE 0-3) 12
DPTR FM NORMAL 101 PTCLDY (SCALE 4-7) 10
TOTAL FM JUL 1 2653 CLOUDY (SCALE 8-10) 9
DPTR FM NORMAL 6
[CDD (BASE 65) ]
TOTAL THIS MO. 0
DPTR FM NORMAL 0 [PRESSURE DATA]
TOTAL FM JAN 1 1334 HIGHEST SLP 30.75 ON 20
DPTR FM NORMAL 427 LOWEST SLP 29.34 ON 28
[REMARKS]
#FINAL-12-22#