000
CXUS52 KCAE 011222
CLMOGB
CLIMATE REPORT
NATIONAL WEATHER SERVICE COLUMBIA SC
722 AM EST MON JAN 01 2024
...................................
...THE ORANGEBURG AIRPORT SC CLIMATE SUMMARY FOR THE MONTH OF DECEMBER 2023...
CLIMATE NORMAL PERIOD: 1991 TO 2020
CLIMATE RECORD PERIOD: 9999 TO 9999
WEATHER OBSERVED NORMAL DEPART LAST YEAR`S
VALUE DATE(S) VALUE FROM VALUE
NORMAL
..............................................................
TEMPERATURE (F)
HIGHEST 80 12/09 MM MM
LOWEST 28 12/20 MM MM
AVG. MAXIMUM 64.1 60.2 3.9
AVG. MINIMUM 42.3 39.1 3.2
MEAN 53.2 49.6 3.6
DAYS MAX >= 90 0 0.0 0.0
DAYS MAX <= 32 0 0.0 0.0
DAYS MIN <= 32 6 9.6 -3.6
DAYS MIN <= 0 0 0.0 0.0
PRECIPITATION (INCHES)
TOTALS 4.92 3.23 1.69
DAYS >= .01 5 10.7 -5.7
DAYS >= .10 4 6.1 -2.1
DAYS >= .50 1 2.0 -1.0
DAYS >= 1.00 1 0.9 0.1
GREATEST
24 HR. TOTAL 3.43 12/17 TO 12/17
DAYS >= TRACE MM
DEGREE DAYS
HEATING TOTAL 365 482 -117
SINCE 7/1 644 855 -211
COOLING TOTAL 7 6 1
SINCE 1/1 2233 2234 -1
..............................................................
WIND (MPH)
AVERAGE WIND SPEED 5.4
RESULTANT WIND SPEED/DIRECTION 1/280
HIGHEST WIND SPEED/DIRECTION 30/330 DATE 12/10
HIGHEST GUST SPEED/DIRECTION 46/330 DATE 12/10
46/010 12/17
SKY COVER
POSSIBLE SUNSHINE (PERCENT) MM
AVERAGE SKY COVER 0.27
NUMBER OF DAYS FAIR 19
NUMBER OF DAYS PC 8
NUMBER OF DAYS CLOUDY 4
AVERAGE RH (PERCENT) 67
WEATHER CONDITIONS. NUMBER OF DAYS WITH
THUNDERSTORM 0 MIXED PRECIP 0
HEAVY RAIN 2 RAIN 3
LIGHT RAIN 7 FREEZING RAIN 0
LT FREEZING RAIN 0 HAIL 0
HEAVY SNOW 0 SNOW 0
LIGHT SNOW 0 SLEET 0
FOG 13 FOG W/VIS <= 1/4 MILE 3
HAZE 4
- INDICATES NEGATIVE NUMBERS.
R INDICATES RECORD WAS SET OR TIED.
MM INDICATES DATA IS MISSING.
T INDICATES TRACE AMOUNT.
$$