000
CXUS56 KSGX 011145
CF6OKB
PRELIMINARY LOCAL CLIMATOLOGICAL DATA (WS FORM: F-6)
STATION: OCEANSIDE AIRPORT CA
MONTH: DECEMBER
YEAR: 2021
LATITUDE: 33 13 N
LONGITUDE: 117 21 W
TEMPERATURE IN F: :PCPN: SNOW: WIND :SUNSHINE: SKY :PK WND
================================================================================
1 2 3 4 5 6A 6B 7 8 9 10 11 12 13 14 15 16 17 18
12Z AVG MX 2MIN
DY MAX MIN AVG DEP HDD CDD WTR SNW DPTH SPD SPD DIR MIN PSBL S-S WX SPD DR
================================================================================
1 68 37 53 -1 12 0 0.00 M M 3.9 14 240 M M 4 18 17 240
2 63 50 57 3 8 0 0.00 M M 3.4 10 250 M M 9 128 13 240
3 63 51 57 3 8 0 0.00 M M 3.7 14 240 M M 7 18 17 250
4 65 45 55 1 10 0 0.00 M M 3.4 14 260 M M 6 18 20 260
5 64 41 53 0 12 0 0.00 M M 2.4 12 250 M M 5 128 15 250
6 64 38 51 -2 14 0 0.00 M M 3.2 12 250 M M 4 128 13 260
7 65 46 56 3 9 0 0.01 M M 3.3 12 100 M M 7 18 14 100
8 69 43 56 3 9 0 0.00 M M 2.9 13 260 M M 2 1 17 280
9 62 49 56 3 9 0 0.16 M M 4.2 13 290 M M 9 18 17 290
10 62 38 50 -3 15 0 0.00 M M 1.5 8 240 M M 2 12 10 240
11 69 38 54 1 11 0 0.00 M M 3.0 12 260 M M 0 1 15 250
12 64 32 48 -5 17 0 0.00 M M 2.3 13 250 M M 0 1 16 250
13 61 39 50 -3 15 0 0.01 M M 3.2 12 160 M M 9 1 14 170
14 60 51 56 3 9 0 1.29 M M 12.9 30 190 M M 9 12 42 250
15 58 36 47 -6 18 0 0.00 M M 2.8 10 270 M M 0 15 320
16 60 35 48 -5 17 0 0.03 M M 4.9 15 290 M M 3 1 20 290
17 68 41 55 2 10 0 0.01 M M 4.7 12 270 M M 2 12 15 270
18 69 35 52 -1 13 0 0.00 M M 4.4 13 290 M M 0 1 17 290
19 64 31 48 -5 17 0 0.00 M M 2.1 9 250 M M 1 12 12 250
20 65 31 48 -5 17 0 0.00 M M 2.5 10 260 M M 2 128 12 270
21 66 44 55 2 10 0 0.00 M M 1.5 9 240 M M 0 128 13 250
22 65 39 52 -1 13 0 T M M 2.2 10 240 M M 1 18 13 250
23 60 53 57 4 8 0 0.55 M M 4.1 14 100 M M 10 18 19 100
24 62 48 55 2 10 0 0.79 M M 7.6 32 250 M M 8 1 46 250
25 59 47 53 0 12 0 0.23 M M 3.7 16 200 M M 8 1 22 190
26 60 41 51 -2 14 0 0.29 M M 4.3 17 220 M M 4 1 28 210
27 58 38 48 -5 17 0 0.10 M M 6.1 17 230 M M 6 1 27 220
28 58 45 52 -1 13 0 0.09 M M 5.5 20 250 M M 9 18 24 270
29 58 41 50 -3 15 0 0.13 M M 4.7 16 200 M M 8 18 21 200
30 63 50 57 4 8 0 0.01 M M 5.2 14 220 M M 8 19 190
31 62 45 54 1 11 0 T M M 4.9 17 280 M M 6 22 270
================================================================================
SM 1954 1298 381 0 3.70 M 124.5 M 149
================================================================================
AV 63.0 41.9 4.0 FASTST M M 5 MAX(MPH)
MISC ----> 32 250 46 250
================================================================================
NOTES:
# LAST OF SEVERAL OCCURRENCES
COLUMN 17 PEAK WIND IN M.P.H.
PRELIMINARY LOCAL CLIMATOLOGICAL DATA (WS FORM: F-6) , PAGE 2
STATION: OCEANSIDE AIRPORT CA
MONTH: DECEMBER
YEAR: 2021
LATITUDE: 33 13 N
LONGITUDE: 117 21 W
[TEMPERATURE DATA] [PRECIPITATION DATA] SYMBOLS USED IN COLUMN 16
AVERAGE MONTHLY: 52.5 TOTAL FOR MONTH: 3.70 1 = FOG OR MIST
DPTR FM NORMAL: -0.4 DPTR FM NORMAL: 1.72 2 = FOG REDUCING VISIBILITY
HIGHEST: 69 ON 18,11 GRTST 24HR 1.30 ON 13-14 TO 1/4 MILE OR LESS
LOWEST: 31 ON 20,19 3 = THUNDER
SNOW, ICE PELLETS, HAIL 4 = ICE PELLETS
TOTAL MONTH: M 5 = HAIL
GRTST 24HR M ON M 6 = FREEZING RAIN OR DRIZZLE
GRTST DEPTH: M ON M 7 = DUSTSTORM OR SANDSTORM:
VSBY 1/2 MILE OR LESS
8 = SMOKE OR HAZE
[NO. OF DAYS WITH] [WEATHER - DAYS WITH] 9 = BLOWING SNOW
X = TORNADO
MAX 32 OR BELOW: 0 0.01 INCH OR MORE: 14
MAX 90 OR ABOVE: 0 0.10 INCH OR MORE: 8
MIN 32 OR BELOW: 3 0.50 INCH OR MORE: 3
MIN 0 OR BELOW: 0 1.00 INCH OR MORE: 1
[HDD (BASE 65) ]
TOTAL THIS MO. 381 CLEAR (SCALE 0-3) 12
DPTR FM NORMAL 7 PTCLDY (SCALE 4-7) 9
TOTAL FM JUL 1 637 CLOUDY (SCALE 8-10) 10
DPTR FM NORMAL -53
[CDD (BASE 65) ]
TOTAL THIS MO. 0
DPTR FM NORMAL 0 [PRESSURE DATA]
TOTAL FM JAN 1 585 HIGHEST SLP 30.27 ON 15
DPTR FM NORMAL 76 LOWEST SLP 29.68 ON 31
[REMARKS]
#FINAL-12-21#