433
CXUS56 KSGX 011145
CF6OKB
PRELIMINARY LOCAL CLIMATOLOGICAL DATA (WS FORM: F-6)
STATION: OCEANSIDE AIRPORT CA
MONTH: FEBRUARY
YEAR: 2021
LATITUDE: 33 13 N
LONGITUDE: 117 21 W
TEMPERATURE IN F: :PCPN: SNOW: WIND :SUNSHINE: SKY :PK WND
================================================================================
1 2 3 4 5 6A 6B 7 8 9 10 11 12 13 14 15 16 17 18
12Z AVG MX 2MIN
DY MAX MIN AVG DEP HDD CDD WTR SNW DPTH SPD SPD DIR MIN PSBL S-S WX SPD DR
================================================================================
1 71 52 62 8 3 0 0.00 M M 2.5 10 230 M M 3 12 250
2 66 51 59 5 6 0 0.00 M M 3.5 14 270 M M 5 1 17 250
3 58 42 50 -4 15 0 0.00 M M 3.3 13 250 M M 6 12 14 260
4 63 43 53 -1 12 0 0.00 M M 3.9 10 240 M M 4 1 13 220
5 63 36 50 -4 15 0 0.00 M M 2.9 13 250 M M 1 1 15 250
6 65 37 51 -3 14 0 0.00 M M 3.7 14 250 M M 2 12 15 260
7 62 38 50 -4 15 0 0.00 M M 4.0 14 250 M M 5 12 15 250
8 59 45 52 -2 13 0 0.00 M M 4.4 10 230 M M 7 18 14 240
9 60 47 54 0 11 0 0.00 M M 4.3 14 240 M M 8 17 240
10 62 44 53 -1 12 0 0.00 M M 2.9 15 270 M M 5 1 20 260
11 65 39 52 -2 13 0 0.00 M M 4.3 17 260 M M 3 18 22 250
12 63 44 54 0 11 0 T M M 6.7 21 290 M M 6 18 26 290
13 61 42 52 -2 13 0 T M M 4.6 14 240 M M 6 18 210
14 62 40 51 -3 14 0 0.00 M M 4.1 16 300 M M 1 1 21 310
15 62 43 53 -1 12 0 0.00 M M 4.0 12 200 M M 5 14 200
16 63 44 54 0 11 0 T M M 4.6 14 250 M M 5 1 17 240
17 64 39 52 -2 13 0 0.00 M M 4.5 18 290 M M 2 1 25 290
18 70 36 53 -1 12 0 0.00 M M 4.5 18 290 M M 0 1 23 290
19 66 35 51 -3 14 0 0.00 M M 4.0 13 250 M M 0 17 250
20 62 35 49 -5 16 0 0.00 M M 3.7 14 300 M M 3 22 290
21 77 37 57 3 8 0 0.00 M M 6.7 18 300 M M 0 1 23 290
22 78 39 59 5 6 0 0.00 M M 3.8 16 280 M M 0 21 280
23 73 35 54 0 11 0 0.00 M M 3.6 14 250 M M 0 17 250
24 71 35 53 -1 12 0 0.00 M M 4.0 12 230 M M 1 14 240
25 74 39 57 3 8 0 0.00 M M 6.0 21 50 M M 1 12 29 60
26 71 35 53 -2 12 0 0.00 M M 3.5 14 250 M M 0 16 250
27 64 36 50 -5 15 0 0.00 M M 3.9 12 240 M M 2 1 16 240
28 76 37 57 2 8 0 0.00 M M 6.7 20 50 M M 0 1 30 40
================================================================================
SM 1851 1125 325 0 T M 118.6 M 81
================================================================================
AV 66.1 40.2 4.2 FASTST M M 3 MAX(MPH)
MISC ----> # 21 290 30 40
================================================================================
NOTES:
# LAST OF SEVERAL OCCURRENCES
COLUMN 17 PEAK WIND IN M.P.H.
PRELIMINARY LOCAL CLIMATOLOGICAL DATA (WS FORM: F-6) , PAGE 2
STATION: OCEANSIDE AIRPORT CA
MONTH: FEBRUARY
YEAR: 2021
LATITUDE: 33 13 N
LONGITUDE: 117 21 W
[TEMPERATURE DATA] [PRECIPITATION DATA] SYMBOLS USED IN COLUMN 16
AVERAGE MONTHLY: 53.1 TOTAL FOR MONTH: T 1 = FOG OR MIST
DPTR FM NORMAL: -1.1 DPTR FM NORMAL: -3.07 2 = FOG REDUCING VISIBILITY
HIGHEST: 78 ON 22 GRTST 24HR T ON 12-12 TO 1/4 MILE OR LESS
LOWEST: 35 ON 26,24 3 = THUNDER
SNOW, ICE PELLETS, HAIL 4 = ICE PELLETS
TOTAL MONTH: M 5 = HAIL
GRTST 24HR M ON M 6 = FREEZING RAIN OR DRIZZLE
GRTST DEPTH: M ON M 7 = DUSTSTORM OR SANDSTORM:
VSBY 1/2 MILE OR LESS
8 = SMOKE OR HAZE
[NO. OF DAYS WITH] [WEATHER - DAYS WITH] 9 = BLOWING SNOW
X = TORNADO
MAX 32 OR BELOW: 0 0.01 INCH OR MORE: 0
MAX 90 OR ABOVE: 0 0.10 INCH OR MORE: 0
MIN 32 OR BELOW: 0 0.50 INCH OR MORE: 0
MIN 0 OR BELOW: 0 1.00 INCH OR MORE: 0
[HDD (BASE 65) ]
TOTAL THIS MO. 325 CLEAR (SCALE 0-3) 16
DPTR FM NORMAL 22 PTCLDY (SCALE 4-7) 12
TOTAL FM JUL 1 1355 CLOUDY (SCALE 8-10) 0
DPTR FM NORMAL -54
[CDD (BASE 65) ]
TOTAL THIS MO. 0
DPTR FM NORMAL 0 [PRESSURE DATA]
TOTAL FM JAN 1 0 HIGHEST SLP 30.32 ON 18
DPTR FM NORMAL 0 LOWEST SLP 29.83 ON 13
[REMARKS]
#FINAL-02-21#