000
CXUS56 KSGX 010949
CLMOKB
CLIMATE REPORT
NATIONAL WEATHER SERVICE SAN DIEGO, CA
249 AM PDT SAT JUL 01 2023
...................................
...THE OCEANSIDE AIRPORT CA CLIMATE SUMMARY FOR THE MONTH OF JUNE 2023...
CLIMATE NORMAL PERIOD: 1991 TO 2020
CLIMATE RECORD PERIOD: 1999 TO 2023
WEATHER OBSERVED NORMAL DEPART LAST YEAR`S
VALUE DATE(S) VALUE FROM VALUE DATE(S)
NORMAL
................................................................
TEMPERATURE (F)
RECORD
HIGH 94 06/09/2020
LOW 45 06/03/2011
06/01/2011
06/02/1953
HIGHEST 75 06/20 MM MM 81 06/20
06/30
LOWEST 49 06/24 MM MM 50 06/19
AVG. MAXIMUM 71.8 72.7 -0.9 74.7
AVG. MINIMUM 56.9 58.2 -1.3 59.0
MEAN 64.3 65.5 -1.2 66.9
DAYS MAX >= 90 0 0.0 0.0 0
DAYS MAX <= 32 0 0.0 0.0 0
DAYS MAX >= 45 30 30
DAYS MIN <= 32 0 0.0 0.0 0
PRECIPITATION (INCHES)
RECORD
MAXIMUM 0.22 2020
MINIMUM MM MM
TOTALS 0.12 0.11 0.01 T
DAILY AVG. 0.00 0.00 -0.00 T
DAYS >= .01 2 1.5 0.5 0
DAYS >= .10 1 0.1 0.9 0
DAYS >= .50 0 0.0 0.0 0
DAYS >= 1.00 0 0.0 0.0 0
DAYS >= %-5.2F 0 0
DAYS >= %-5.2F 0 0
GREATEST
24 HR. TOTAL 0.11 06/12 TO 06/12 T 06/22 TO 06/22
STORM TOTAL 0.11 0.00
(MM/DD(HH)) MM
DEGREE DAYS
HEATING TOTAL 28 25 3 10
SINCE 7/1 2102 1957 145 MM
COOLING TOTAL 15 38 -23 69
SINCE 1/1 16 53 -37 MM
FREEZE DATES
RECORD
EARLIEST MM
LATEST MM
EARLIEST 12/26 12/26
LATEST 01/20 01/23
................................................................
WIND (MPH)
AVERAGE WIND SPEED 5.4
RESULTANT WIND SPEED/DIRECTION 5/260
HIGHEST WIND SPEED/DIRECTION 18/250 DATE 06/16
18/250 06/24
HIGHEST GUST SPEED/DIRECTION 23/250 DATE 06/12
23/240 06/16
23/250 06/24
SKY COVER
POSSIBLE SUNSHINE (PERCENT) MM
AVERAGE SKY COVER 0.68
NUMBER OF DAYS FAIR 4
NUMBER OF DAYS PC 13
NUMBER OF DAYS CLOUDY 13
AVERAGE RH (PERCENT) 76
WEATHER CONDITIONS. NUMBER OF DAYS WITH
THUNDERSTORM 0 MIXED PRECIP 0
HEAVY RAIN 0 RAIN 0
LIGHT RAIN 5 FREEZING RAIN 0
LT FREEZING RAIN 0 HAIL 0
HEAVY SNOW 0 SNOW 0
LIGHT SNOW 0 SLEET 0
FOG 0 FOG W/VIS <= 1/4 MILE 0
HAZE 0
- INDICATES NEGATIVE NUMBERS.
R INDICATES RECORD WAS SET OR TIED.
MM INDICATES DATA IS MISSING.
T INDICATES TRACE AMOUNT.
$$