000
CXUS54 KOUN 011503
CLMOKC
CLIMATE REPORT
NATIONAL WEATHER SERVICE NORMAN OK
1003 AM CDT WED NOV 01 2023
...................................
...THE OKLAHOMA CITY CLIMATE SUMMARY FOR THE MONTH OF OCTOBER 2023...
CLIMATE NORMAL PERIOD 1991 TO 2020
CLIMATE RECORD PERIOD 1890 TO 2023
WEATHER OBSERVED NORMAL DEPART LAST YEAR`S
VALUE DATE(S) VALUE FROM VALUE
NORMAL
..............................................................
TEMPERATURE (F)
RECORD
HIGH 97 10/01/1938
10/03/1951
LOW 16 10/31/1993
10/30/1917
HIGHEST 89 89 0 91
LOWEST 25 34 -9 28
AVG. MAXIMUM 74.1 72.8 1.3 75.1
AVG. MINIMUM 51.3 49.4 1.9 49.8
MEAN 62.7 61.1 1.6 62.5
DAYS MAX >= 90 0 0.9 -0.9 2
DAYS MAX <= 32 0 0.0 0.0 0
DAYS MIN <= 32 2 0.8 1.2 1
DAYS MIN <= 0 0 0.0 0.0 0
PRECIPITATION (INCHES)
RECORD
MAXIMUM 13.18 1983
MINIMUM T 1958
1941
TOTALS 4.05 3.32 0.73 2.21
DAILY AVG. 0.13 0.11 0.02 0.07
DAYS >= .01 7 7.5 -0.5 8
DAYS >= .10 6 4.5 1.5 3
DAYS >= .50 3 2.3 0.7 1
DAYS >= 1.00 2 1.1 0.9 1
GREATEST
24 HR. TOTAL 1.60 10/24 TO 10/24
SNOWFALL (INCHES)
TOTALS 0.0 0.0 0.0
SINCE 7/1 0.0 0.0 0.0
DEGREE DAYS
HEATING TOTAL 175 177 -2 137
SINCE 7/1 175 196 -21 MM
COOLING TOTAL 111 56 55 64
SINCE 1/1 2162 1862 300 MM
..............................................................
WIND (MPH)
AVERAGE WIND SPEED 11.5
HIGHEST WIND SPEED/DIRECTION 32/320 DATE 10/13
HIGHEST GUST SPEED/DIRECTION 41/320 DATE 10/13
WEATHER CONDITIONS. NUMBER OF DAYS WITH
THUNDERSTORM 3 MIXED PRECIP 0
HEAVY RAIN 5 RAIN 5
LIGHT RAIN 10 FREEZING RAIN 0
LT FREEZING RAIN 0 HAIL 0
HEAVY SNOW 0 SNOW 0
LIGHT SNOW 0 SLEET 0
FOG 10 FOG W/VIS <= 1/4 MILE 0
HAZE 0
- INDICATES NEGATIVE NUMBERS.
R INDICATES RECORD WAS SET OR TIED.
MM INDICATES DATA IS MISSING.
T INDICATES TRACE AMOUNT.
..............................................................
RECORDS/REMARKS
RECORD DAILY RAINFALL OF 1.60 INCHES SET ON OCT 24.
JANUARY-OCTOBER 2023 PRECIPITATION TOTAL IS 34.17 INCHES.
$$